CRAN Package Check Results for Package cairoDevice

Last updated on 2016-12-10 07:47:11.

Flavor Version Tinstall Tcheck Ttotal Status Flags
r-devel-linux-x86_64-debian-clang 2.23 2.58 10.55 13.13 WARN
r-devel-linux-x86_64-debian-gcc 2.23 2.33 10.30 12.63 WARN
r-devel-linux-x86_64-fedora-clang 2.23 21.53 WARN --no-stop-on-test-error
r-devel-linux-x86_64-fedora-gcc 2.23 19.96 WARN --no-stop-on-test-error
r-devel-macos-x86_64-clang 2.23 19.66 WARN --no-stop-on-test-error
r-devel-windows-ix86+x86_64 2.23 33.00 38.00 71.00 WARN
r-patched-linux-x86_64 2.23 2.88 9.10 11.98 WARN
r-patched-solaris-sparc 2.23 113.60 WARN
r-patched-solaris-x86 2.23 27.20 WARN
r-release-linux-x86_64 2.23 2.26 8.97 11.23 WARN
r-release-osx-x86_64-mavericks 2.23 ERROR
r-release-windows-ix86+x86_64 2.23 22.00 31.00 53.00 WARN
r-oldrel-windows-ix86+x86_64 2.23 33.00 28.00 61.00 OK

Check Details

Version: 2.23
Check: compilation flags in Makevars
Result: WARN
    Non-portable flags in variable 'PKG_CPPFLAGS':
     -g
Flavors: r-devel-linux-x86_64-debian-clang, r-devel-linux-x86_64-debian-gcc, r-devel-windows-ix86+x86_64, r-patched-linux-x86_64, r-patched-solaris-sparc, r-patched-solaris-x86, r-release-linux-x86_64, r-release-windows-ix86+x86_64

Version: 2.23
Flags: --no-stop-on-test-error
Check: compilation flags in Makevars
Result: WARN
    Non-portable flags in variable 'PKG_CPPFLAGS':
     -g
Flavors: r-devel-linux-x86_64-fedora-clang, r-devel-linux-x86_64-fedora-gcc, r-devel-macos-x86_64-clang

Version: 2.23
Check: whether package can be installed
Result: ERROR
    Installation failed.
Flavor: r-release-osx-x86_64-mavericks