CRAN Package Check Results for Package cairoDevice

Last updated on 2015-04-28 08:50:14.

Flavor Version Tinstall Tcheck Ttotal Status Flags
r-devel-linux-x86_64-debian-clang 2.22 1.68 8.83 10.51 OK
r-devel-linux-x86_64-debian-gcc 2.22 1.92 9.16 11.08 OK
r-devel-linux-x86_64-fedora-clang 2.22 21.31 OK
r-devel-linux-x86_64-fedora-gcc 2.22 19.35 OK
r-devel-osx-x86_64-clang 2.22 25.65 OK
r-devel-windows-ix86+x86_64 2.22 19.00 22.00 41.00 OK
r-patched-linux-x86_64 2.22 1.86 8.71 10.57 OK
r-patched-solaris-sparc 2.22 140.20 OK
r-patched-solaris-x86 2.22 37.40 OK
r-release-linux-x86_64 2.22 1.85 9.04 10.90 OK
r-release-osx-x86_64-mavericks 2.22 ERROR
r-release-osx-x86_64-snowleopard 2.22 NOTE
r-release-windows-ix86+x86_64 2.22 8.00 24.00 32.00 OK
r-oldrel-windows-ix86+x86_64 2.22 22.00 23.00 45.00 OK

Check Details

Version: 2.22
Check: whether package can be installed
Result: ERROR
    Installation failed.
Flavor: r-release-osx-x86_64-mavericks

Version: 2.22
Check: installed package size
Result: NOTE
     installed size is 6.0Mb
     sub-directories of 1Mb or more:
     libs 5.9Mb
Flavor: r-release-osx-x86_64-snowleopard