CRAN Package Check Results for Package cairoDevice

Last updated on 2017-12-17 04:46:52 CET.

Flavor Version Tinstall Tcheck Ttotal Status Flags
r-devel-linux-x86_64-debian-clang 2.24 2.61 16.13 18.74 NOTE
r-devel-linux-x86_64-debian-gcc 2.24 2.11 13.31 15.42 NOTE
r-devel-linux-x86_64-fedora-clang 2.24 22.40 NOTE
r-devel-linux-x86_64-fedora-gcc 2.24 21.57 NOTE
r-devel-windows-ix86+x86_64 2.24 18.00 31.00 49.00 ERROR
r-patched-linux-x86_64 2.24 2.55 14.41 16.96 NOTE
r-patched-solaris-x86 2.24 31.40 OK
r-release-linux-x86_64 2.24 2.40 14.28 16.68 NOTE
r-release-windows-ix86+x86_64 2.24 16.00 30.00 46.00 OK
r-release-osx-x86_64 2.24 ERROR
r-oldrel-windows-ix86+x86_64 2.24 41.00 70.00 111.00 OK
r-oldrel-osx-x86_64 2.24 NOTE

Check Details

Version: 2.24
Check: compiled code
Result: NOTE
    File ‘cairoDevice/libs/cairoDevice.so’:
     Found no calls to: ‘R_registerRoutines’, ‘R_useDynamicSymbols’
    
    It is good practice to register native routines and to disable symbol
    search.
    
    See ‘Writing portable packages’ in the ‘Writing R Extensions’ manual.
Flavors: r-devel-linux-x86_64-debian-clang, r-devel-linux-x86_64-debian-gcc, r-devel-linux-x86_64-fedora-clang, r-devel-linux-x86_64-fedora-gcc, r-patched-linux-x86_64, r-release-linux-x86_64

Version: 2.24
Check: whether the namespace can be unloaded cleanly
Result: WARN
    ---- unloading
    Warning message:
    .onUnload failed in unloadNamespace() for 'cairoDevice', details:
     call: .C("cleanupGTK", PACKAGE = "cairoDevice")
     error: "cleanupGTK" not available for .C() for package "cairoDevice"
Flavors: r-devel-windows-ix86+x86_64, r-devel-windows-ix86+x86_64

Version: 2.24
Check: whether the package can be loaded
Result: ERROR
    Error in inDL(x, as.logical(local), as.logical(now), ...) :
     unable to load shared object 'd:/RCompile/CRANpkg/lib/3.5/cairoDevice/libs/x64/cairoDevice.dll':
     LoadLibrary failure: Die angegebene Prozedur wurde nicht gefunden.
    
    Please install GTK+ from http://ftp.gnome.org/pub/gnome/binaries/win64/gtk+/2.22/gtk+-bundle_2.22.1-20101229_win64.zip
    If the package still does not load, please ensure that GTK+ is installed and that it is on your PATH environment variable
    IN ANY CASE, RESTART R BEFORE TRYING TO LOAD THE PACKAGE AGAIN
    Warning message:
    In fun(libname, pkgname) :
     Failed to load cairoDevice, attempting to install itError in inDL(x, as.logical(local), as.logical(now), ...) :
     unable to load shared object 'd:/RCompile/CRANpkg/lib/3.5/cairoDevice/libs/x64/cairoDevice.dll':
     LoadLibrary failure: Die angegebene Prozedur wurde nicht gefunden.
    
    
    
    It looks like this package has a loading problem: see the messages for
    details.
    ** checking whether the package can be loaded with stated dependencies ...Error in inDL(x, as.logical(local), as.logical(now), ...) :
     unable to load shared object 'd:/RCompile/CRANpkg/lib/3.5/cairoDevice/libs/x64/cairoDevice.dll':
     LoadLibrary failure: Die angegebene Prozedur wurde nicht gefunden.
    
    Please install GTK+ from http://ftp.gnome.org/pub/gnome/binaries/win64/gtk+/2.22/gtk+-bundle_2.22.1-20101229_win64.zip
    If the package still does not load, please ensure that GTK+ is installed and that it is on your PATH environment variable
    IN ANY CASE, RESTART R BEFORE TRYING TO LOAD THE PACKAGE AGAIN
    Warning message:
    In fun(libname, pkgname) :
     Failed to load cairoDevice, attempting to install itError in inDL(x, as.logical(local), as.logical(now), ...) :
     unable to load shared object 'd:/RCompile/CRANpkg/lib/3.5/cairoDevice/libs/x64/cairoDevice.dll':
     LoadLibrary failure: Die angegebene Prozedur wurde nicht gefunden.
    
    
    
    It looks like this package (or one of its dependent packages) has an
    unstated dependence on a standard package. All dependencies must be
    declared in DESCRIPTION.
    See section 'The DESCRIPTION file' in the 'Writing R Extensions'
    manual.
Flavor: r-devel-windows-ix86+x86_64

Version: 2.24
Check: whether the package can be unloaded cleanly
Result: WARN
    ---- unloading
Flavor: r-devel-windows-ix86+x86_64

Version: 2.24
Check: whether the namespace can be loaded with stated dependencies
Result: WARN
    Error in inDL(x, as.logical(local), as.logical(now), ...) :
     unable to load shared object 'd:/RCompile/CRANpkg/lib/3.5/cairoDevice/libs/x64/cairoDevice.dll':
     LoadLibrary failure: Die angegebene Prozedur wurde nicht gefunden.
    
    Warning in fun(libname, pkgname) :
     Failed to load cairoDevice, attempting to install itError in inDL(x, as.logical(local), as.logical(now), ...) :
     unable to load shared object 'd:/RCompile/CRANpkg/lib/3.5/cairoDevice/libs/x64/cairoDevice.dll':
     LoadLibrary failure: Die angegebene Prozedur wurde nicht gefunden.
    
    
    
    A namespace must be able to be loaded with just the base namespace
    loaded: otherwise if the namespace gets loaded by a saved object, the
    session will be unable to start.
    
    Probably some imports need to be declared in the NAMESPACE file.
Flavor: r-devel-windows-ix86+x86_64

Version: 2.24
Check: loading without being on the library search path
Result: WARN
    Error in inDL(x, as.logical(local), as.logical(now), ...) :
     unable to load shared object 'd:/RCompile/CRANpkg/lib/3.5/cairoDevice/libs/x64/cairoDevice.dll':
     LoadLibrary failure: Die angegebene Prozedur wurde nicht gefunden.
    
    Please install GTK+ from http://ftp.gnome.org/pub/gnome/binaries/win64/gtk+/2.22/gtk+-bundle_2.22.1-20101229_win64.zip
    If the package still does not load, please ensure that GTK+ is installed and that it is on your PATH environment variable
    IN ANY CASE, RESTART R BEFORE TRYING TO LOAD THE PACKAGE AGAIN
    Warning message:
    In fun(libname, pkgname) :
     Failed to load cairoDevice, attempting to install itError in inDL(x, as.logical(local), as.logical(now), ...) :
     unable to load shared object 'd:/RCompile/CRANpkg/lib/3.5/cairoDevice/libs/x64/cairoDevice.dll':
     LoadLibrary failure: Die angegebene Prozedur wurde nicht gefunden.
    
    
    
    It looks like this package has a loading problem when not on .libPaths:
    see the messages for details.
Flavor: r-devel-windows-ix86+x86_64

Version: 2.24
Check: R code for possible problems
Result: NOTE
    Error in inDL(x, as.logical(local), as.logical(now), ...) :
     unable to load shared object 'd:/RCompile/CRANpkg/lib/3.5/cairoDevice/libs/x64/cairoDevice.dll':
     LoadLibrary failure: Die angegebene Prozedur wurde nicht gefunden.
Flavor: r-devel-windows-ix86+x86_64

Version: 2.24
Check: running examples for arch ‘x64’
Result: ERROR
    Running examples in 'cairoDevice-Ex.R' failed
    The error most likely occurred in:
    
    > ### Name: Cairo
    > ### Title: The Cairo Graphics Device
    > ### Aliases: Cairo Cairo_pdf Cairo_ps Cairo_svg Cairo_png
    > ### Keywords: device
    >
    > ### ** Examples
    >
    > Cairo()
    Error in .C("do_Cairo", as.numeric(width), as.numeric(height), as.numeric(pointsize), :
     "do_Cairo" not available for .C() for package "cairoDevice"
    Calls: Cairo -> .C
    Execution halted
Flavor: r-devel-windows-ix86+x86_64

Version: 2.24
Check: whether package can be installed
Result: ERROR
    Installation failed.
Flavor: r-release-osx-x86_64

Version: 2.24
Check: installed package size
Result: NOTE
     installed size is 6.4Mb
     sub-directories of 1Mb or more:
     libs 6.3Mb
Flavor: r-oldrel-osx-x86_64