CRAN Package Check Results for Package cairoDevice

Last updated on 2014-11-21 10:52:24.

Flavor Version Tinstall Tcheck Ttotal Status Flags
r-devel-linux-x86_64-debian-clang 2.20 1.72 9.34 11.07 NOTE
r-devel-linux-x86_64-debian-gcc 2.20 2.01 9.39 11.40 NOTE
r-devel-linux-x86_64-fedora-clang 2.20 23.28 NOTE
r-devel-linux-x86_64-fedora-gcc 2.20 20.92 NOTE
r-devel-osx-x86_64-clang 2.20 27.60 NOTE
r-devel-windows-ix86+x86_64 2.20 14.00 21.00 35.00 NOTE
r-patched-linux-x86_64 2.20 1.96 9.56 11.52 NOTE
r-patched-solaris-sparc 2.20 129.00 NOTE
r-patched-solaris-x86 2.20 51.60 NOTE
r-release-linux-ix86 2.20 4.24 15.71 19.96 NOTE
r-release-linux-x86_64 2.20 2.02 9.24 11.26 NOTE
r-release-osx-x86_64-mavericks 2.20 ERROR
r-release-osx-x86_64-snowleopard 2.20 NOTE
r-release-windows-ix86+x86_64 2.20 15.00 24.00 39.00 NOTE
r-oldrel-windows-ix86+x86_64 2.20 13.00 23.00 36.00 NOTE

Check Details

Version: 2.20
Check: R code for possible problems
Result: NOTE
    File ‘cairoDevice/R/zzz.R’:
     .onLoad calls:
     packageStartupMessage("Note: R session is headless; Cairo device not initialized")
    
    See section ‘Good practice’ in '?.onAttach'.
Flavors: r-devel-linux-x86_64-debian-clang, r-devel-linux-x86_64-debian-gcc, r-devel-linux-x86_64-fedora-clang, r-devel-linux-x86_64-fedora-gcc, r-devel-osx-x86_64-clang, r-devel-windows-ix86+x86_64, r-patched-linux-x86_64, r-patched-solaris-sparc, r-patched-solaris-x86, r-release-linux-ix86, r-release-linux-x86_64, r-release-osx-x86_64-snowleopard, r-release-windows-ix86+x86_64, r-oldrel-windows-ix86+x86_64

Version: 2.20
Check: whether package can be installed
Result: ERROR
    Installation failed.
Flavor: r-release-osx-x86_64-mavericks

Version: 2.20
Check: installed package size
Result: NOTE
     installed size is 5.8Mb
     sub-directories of 1Mb or more:
     libs 5.7Mb
Flavor: r-release-osx-x86_64-snowleopard