CRAN Package Check Results for Package cairoDevice

Last updated on 2015-05-23 02:46:42.

Flavor Version Tinstall Tcheck Ttotal Status Flags
r-devel-linux-x86_64-debian-clang 2.22 3.01 8.87 11.88 OK
r-devel-linux-x86_64-debian-gcc 2.22 1.88 9.46 11.34 OK
r-devel-linux-x86_64-fedora-clang 2.22 20.84 OK
r-devel-linux-x86_64-fedora-gcc 2.22 20.04 OK
r-devel-osx-x86_64-clang 2.22 27.12 OK
r-devel-windows-ix86+x86_64 2.22 29.00 22.00 51.00 OK
r-patched-linux-x86_64 2.22 1.84 8.83 10.67 OK
r-patched-solaris-sparc 2.22 131.40 OK
r-patched-solaris-x86 2.22 36.50 OK
r-release-linux-x86_64 2.22 1.88 8.76 10.65 OK
r-release-osx-x86_64-mavericks 2.22 NOTE
r-release-osx-x86_64-snowleopard 2.22 NOTE
r-release-windows-ix86+x86_64 2.22 8.00 24.00 32.00 OK
r-oldrel-windows-ix86+x86_64 2.22 22.00 23.00 45.00 OK

Check Details

Version: 2.22
Check: installed package size
Result: NOTE
     installed size is 7.1Mb
     sub-directories of 1Mb or more:
     libs 7.0Mb
Flavors: r-release-osx-x86_64-mavericks, r-release-osx-x86_64-snowleopard

Version: 2.22
Check: Rd cross-references
Result: NOTE
    Package unavailable to check Rd xrefs: ‘RGtk2’
Flavor: r-release-osx-x86_64-mavericks