CRAN Package Check Results for Package cairoDevice

Last updated on 2016-04-30 03:51:05.

Flavor Version Tinstall Tcheck Ttotal Status Flags
r-devel-linux-x86_64-debian-gcc 2.23 2.30 8.70 11.00 OK
r-devel-linux-x86_64-fedora-clang 2.23 18.26 OK
r-devel-linux-x86_64-fedora-gcc 2.23 16.78 OK
r-devel-osx-x86_64-clang 2.23 22.94 OK
r-devel-windows-ix86+x86_64 2.23 18.00 29.00 47.00 OK
r-patched-linux-x86_64 2.23 1.91 8.63 10.55 OK
r-patched-solaris-sparc 2.23 109.20 OK
r-patched-solaris-x86 2.23 26.60 OK
r-release-linux-x86_64 2.23 2.49 9.29 11.78 OK
r-release-osx-x86_64-mavericks 2.23 NOTE
r-release-windows-ix86+x86_64 2.23 13.00 29.00 42.00 OK
r-oldrel-windows-ix86+x86_64 2.23 11.00 27.00 38.00 OK

Check Details

Version: 2.23
Check: installed package size
Result: NOTE
     installed size is 6.4Mb
     sub-directories of 1Mb or more:
     libs 6.3Mb
Flavor: r-release-osx-x86_64-mavericks