CRAN Package Check Results for Package cairoDevice

Last updated on 2015-08-01 10:46:47.

Flavor Version Tinstall Tcheck Ttotal Status Flags
r-devel-linux-x86_64-debian-clang 2.22 2.16 9.02 11.18 NOTE
r-devel-linux-x86_64-debian-gcc 2.22 1.86 8.72 10.58 NOTE
r-devel-linux-x86_64-fedora-clang 2.22 20.74 NOTE
r-devel-linux-x86_64-fedora-gcc 2.22 18.90 NOTE
r-devel-osx-x86_64-clang 2.22 22.23 OK
r-devel-windows-ix86+x86_64 2.22 26.00 23.00 49.00 NOTE
r-patched-linux-x86_64 2.22 1.86 9.11 10.97 OK
r-patched-solaris-sparc 2.22 133.40 OK
r-patched-solaris-x86 2.22 35.80 OK
r-release-linux-x86_64 2.22 1.84 9.59 11.43 OK
r-release-osx-x86_64-mavericks 2.22 NOTE
r-release-windows-ix86+x86_64 2.22 17.00 21.00 38.00 OK
r-oldrel-windows-ix86+x86_64 2.22 22.00 23.00 45.00 OK

Check Details

Version: 2.22
Check: R code for possible problems
Result: NOTE
    .install_system_dependencies : <anonymous>: no visible global function
     definition for ‘unzip’
    .install_system_dependencies : install_system_dep: no visible global
     function definition for ‘menu’
    .install_system_dependencies : install_system_dep: no visible global
     function definition for ‘download.file’
    Undefined global functions or variables:
     download.file menu unzip
    Consider adding
     importFrom("utils", "download.file", "menu", "unzip")
    to your NAMESPACE.
Flavors: r-devel-linux-x86_64-debian-clang, r-devel-linux-x86_64-debian-gcc, r-devel-linux-x86_64-fedora-clang, r-devel-linux-x86_64-fedora-gcc, r-devel-windows-ix86+x86_64

Version: 2.22
Check: installed package size
Result: NOTE
     installed size is 7.1Mb
     sub-directories of 1Mb or more:
     libs 7.0Mb
Flavor: r-release-osx-x86_64-mavericks

Version: 2.22
Check: Rd cross-references
Result: NOTE
    Package unavailable to check Rd xrefs: ‘RGtk2’
Flavor: r-release-osx-x86_64-mavericks