CRAN Package Check Results for Package cairoDevice

Last updated on 2014-04-23 12:48:15.

Flavor Version Tinstall Tcheck Ttotal Status Flags
r-devel-linux-x86_64-debian-clang 2.20 1.72 9.32 11.05 NOTE
r-devel-linux-x86_64-debian-gcc 2.20 1.79 9.42 11.21 NOTE
r-devel-linux-x86_64-fedora-clang 2.20 20.88 NOTE
r-devel-linux-x86_64-fedora-gcc 2.20 20.03 NOTE
r-devel-osx-x86_64-clang 2.20 23.56 NOTE
r-devel-osx-x86_64-gcc 2.20 NOTE
r-devel-windows-ix86+x86_64 2.20 14.00 23.00 37.00 NOTE
r-patched-linux-x86_64 2.20 1.80 9.34 11.15 NOTE
r-patched-solaris-sparc 2.20 128.80 NOTE
r-patched-solaris-x86 2.20 34.10 NOTE
r-release-linux-ix86 2.20 28.00 22.00 50.00 NOTE
r-release-linux-x86_64 2.20 1.80 9.17 10.96 NOTE
r-release-osx-x86_64-mavericks 2.20 ERROR
r-release-osx-x86_64-snowleopard 2.20 NOTE
r-release-windows-ix86+x86_64 2.20 32.00 29.00 61.00 NOTE
r-oldrel-windows-ix86+x86_64 2.20 13.00 23.00 36.00 NOTE

Check Details

Version: 2.20
Check: R code for possible problems
Result: NOTE
    File ‘cairoDevice/R/zzz.R’:
     .onLoad calls:
     packageStartupMessage("Note: R session is headless; Cairo device not initialized")
    
    See section ‘Good practice’ in '?.onAttach'.
Flavors: r-devel-linux-x86_64-debian-clang, r-devel-linux-x86_64-debian-gcc, r-devel-linux-x86_64-fedora-clang, r-devel-linux-x86_64-fedora-gcc, r-devel-osx-x86_64-clang, r-devel-osx-x86_64-gcc, r-devel-windows-ix86+x86_64, r-patched-linux-x86_64, r-patched-solaris-sparc, r-patched-solaris-x86, r-release-linux-ix86, r-release-linux-x86_64, r-release-osx-x86_64-snowleopard, r-release-windows-ix86+x86_64, r-oldrel-windows-ix86+x86_64

Version: 2.20
Check: installed package size
Result: NOTE
     installed size is 6.0Mb
     sub-directories of 1Mb or more:
     libs 5.9Mb
Flavors: r-devel-osx-x86_64-gcc, r-release-osx-x86_64-snowleopard

Version: 2.20
Check: Rd cross-references
Result: NOTE
    Package unavailable to check Rd xrefs: ‘RGtk2’
Flavor: r-devel-osx-x86_64-gcc

Version: 2.20
Check: whether package can be installed
Result: ERROR
    Installation failed.
    See ‘/Builds/CRAN-QA-Simon/packages/mavericks-x86_64/results/3.1/cairoDevice.Rcheck/00install.out’ for details.
Flavor: r-release-osx-x86_64-mavericks