CRAN Package Check Results for Package cairoDevice

Last updated on 2014-08-23 20:46:49.

Flavor Version Tinstall Tcheck Ttotal Status Flags
r-devel-linux-x86_64-debian-clang 2.20 1.60 8.95 10.55 NOTE
r-devel-linux-x86_64-debian-gcc 2.20 1.89 8.57 10.46 NOTE
r-devel-linux-x86_64-fedora-clang 2.20 20.66 NOTE
r-devel-linux-x86_64-fedora-gcc 2.20 19.85 NOTE
r-devel-osx-x86_64-clang 2.20 26.15 NOTE
r-devel-windows-ix86+x86_64 2.20 14.00 22.00 36.00 NOTE
r-patched-linux-x86_64 2.20 1.82 8.69 10.51 NOTE
r-patched-solaris-sparc 2.20 136.00 NOTE
r-patched-solaris-x86 2.20 39.20 NOTE
r-release-linux-ix86 2.20 3.98 16.11 20.09 NOTE
r-release-linux-x86_64 2.20 1.82 9.42 11.23 NOTE
r-release-osx-x86_64-mavericks 2.20 ERROR
r-release-osx-x86_64-snowleopard 2.20 NOTE
r-release-windows-ix86+x86_64 2.20 17.00 21.00 38.00 NOTE
r-oldrel-windows-ix86+x86_64 2.20 13.00 23.00 36.00 NOTE

Check Details

Version: 2.20
Check: R code for possible problems
Result: NOTE
    File ‘cairoDevice/R/zzz.R’:
     .onLoad calls:
     packageStartupMessage("Note: R session is headless; Cairo device not initialized")
    
    See section ‘Good practice’ in '?.onAttach'.
Flavors: r-devel-linux-x86_64-debian-clang, r-devel-linux-x86_64-debian-gcc, r-devel-linux-x86_64-fedora-clang, r-devel-linux-x86_64-fedora-gcc, r-devel-osx-x86_64-clang, r-devel-windows-ix86+x86_64, r-patched-linux-x86_64, r-patched-solaris-sparc, r-patched-solaris-x86, r-release-linux-ix86, r-release-linux-x86_64, r-release-osx-x86_64-snowleopard, r-release-windows-ix86+x86_64, r-oldrel-windows-ix86+x86_64

Version: 2.20
Check: whether package can be installed
Result: ERROR
    Installation failed.
Flavor: r-release-osx-x86_64-mavericks

Version: 2.20
Check: installed package size
Result: NOTE
     installed size is 5.8Mb
     sub-directories of 1Mb or more:
     libs 5.7Mb
Flavor: r-release-osx-x86_64-snowleopard