CRAN Package Check Results for Package cairoDevice

Last updated on 2016-02-14 13:47:01.

Flavor Version Tinstall Tcheck Ttotal Status Flags
r-devel-linux-x86_64-debian-gcc 2.23 2.71 8.06 10.77 OK
r-devel-linux-x86_64-fedora-clang 2.23 17.82 OK
r-devel-linux-x86_64-fedora-gcc 2.23 16.34 OK
r-devel-osx-x86_64-clang 2.23 23.29 OK
r-devel-windows-ix86+x86_64 2.23 31.00 27.00 58.00 OK
r-patched-linux-x86_64 2.23 2.50 8.66 11.17 OK
r-patched-solaris-sparc 2.23 120.10 OK
r-patched-solaris-x86 2.23 28.10 OK
r-release-linux-x86_64 2.23 2.30 8.89 11.19 OK
r-release-osx-x86_64-mavericks 2.23 NOTE
r-release-windows-ix86+x86_64 2.23 13.00 29.00 42.00 OK
r-oldrel-windows-ix86+x86_64 2.23 11.00 27.00 38.00 OK

Check Details

Version: 2.23
Check: installed package size
Result: NOTE
     installed size is 6.4Mb
     sub-directories of 1Mb or more:
     libs 6.3Mb
Flavor: r-release-osx-x86_64-mavericks