CRAN Package Check Results for Package cairoDevice

Last updated on 2015-02-01 20:48:30.

Flavor Version Tinstall Tcheck Ttotal Status Flags
r-devel-linux-x86_64-debian-clang 2.21 2.31 9.40 11.71 OK
r-devel-linux-x86_64-debian-gcc 2.21 1.98 8.66 10.64 OK
r-devel-linux-x86_64-fedora-clang 2.21 20.79 OK
r-devel-linux-x86_64-fedora-gcc 2.21 19.55 OK
r-devel-osx-x86_64-clang 2.21 32.06 OK
r-devel-windows-ix86+x86_64 2.21 16.00 21.00 37.00 OK
r-patched-linux-x86_64 2.21 1.89 9.42 11.32 OK
r-patched-solaris-sparc 2.21 122.20 OK
r-patched-solaris-x86 2.21 43.00 OK
r-release-linux-ix86 2.21 3.82 16.12 19.94 OK
r-release-linux-x86_64 2.21 1.83 9.49 11.32 OK
r-release-osx-x86_64-mavericks 2.21 ERROR
r-release-osx-x86_64-snowleopard 2.21 NOTE
r-release-windows-ix86+x86_64 2.21 13.00 25.00 38.00 OK
r-oldrel-windows-ix86+x86_64 2.21 13.00 31.00 44.00 OK

Check Details

Version: 2.21
Check: whether package can be installed
Result: ERROR
    Installation failed.
Flavor: r-release-osx-x86_64-mavericks

Version: 2.21
Check: installed package size
Result: NOTE
     installed size is 6.0Mb
     sub-directories of 1Mb or more:
     libs 5.9Mb
Flavor: r-release-osx-x86_64-snowleopard