CRAN Package Check Results for Package cairoDevice

Last updated on 2014-12-18 03:50:24.

Flavor Version Tinstall Tcheck Ttotal Status Flags
r-devel-linux-x86_64-debian-clang 2.20 1.74 9.58 11.32 NOTE
r-devel-linux-x86_64-debian-gcc 2.20 1.99 9.23 11.22 NOTE
r-devel-linux-x86_64-fedora-clang 2.20 22.80 NOTE
r-devel-linux-x86_64-fedora-gcc 2.20 22.52 NOTE
r-devel-osx-x86_64-clang 2.20 26.69 NOTE
r-devel-windows-ix86+x86_64 2.20 32.00 27.00 59.00 NOTE
r-patched-linux-x86_64 2.20 1.84 9.41 11.25 NOTE
r-patched-solaris-sparc 2.20 129.00 NOTE
r-patched-solaris-x86 2.20 44.50 NOTE
r-release-linux-ix86 2.20 3.70 15.78 19.48 NOTE
r-release-linux-x86_64 2.20 1.94 9.17 11.11 NOTE
r-release-osx-x86_64-mavericks 2.20 ERROR
r-release-osx-x86_64-snowleopard 2.20 NOTE
r-release-windows-ix86+x86_64 2.20 15.00 24.00 39.00 NOTE
r-oldrel-windows-ix86+x86_64 2.20 13.00 23.00 36.00 NOTE

Check Details

Version: 2.20
Check: R code for possible problems
Result: NOTE
    File ‘cairoDevice/R/zzz.R’:
     .onLoad calls:
     packageStartupMessage("Note: R session is headless; Cairo device not initialized")
    
    See section ‘Good practice’ in '?.onAttach'.
Flavors: r-devel-linux-x86_64-debian-clang, r-devel-linux-x86_64-debian-gcc, r-devel-linux-x86_64-fedora-clang, r-devel-linux-x86_64-fedora-gcc, r-devel-osx-x86_64-clang, r-devel-windows-ix86+x86_64, r-patched-linux-x86_64, r-patched-solaris-sparc, r-patched-solaris-x86, r-release-linux-ix86, r-release-linux-x86_64, r-release-osx-x86_64-snowleopard, r-release-windows-ix86+x86_64, r-oldrel-windows-ix86+x86_64

Version: 2.20
Check: whether package can be installed
Result: ERROR
    Installation failed.
Flavor: r-release-osx-x86_64-mavericks

Version: 2.20
Check: installed package size
Result: NOTE
     installed size is 5.8Mb
     sub-directories of 1Mb or more:
     libs 5.7Mb
Flavor: r-release-osx-x86_64-snowleopard