CRAN Package Check Results for Package cairoDevice

Last updated on 2016-08-31 06:47:17.

Flavor Version Tinstall Tcheck Ttotal Status Flags
r-devel-linux-x86_64-debian-clang 2.23 2.50 8.89 11.39 WARN
r-devel-linux-x86_64-debian-gcc 2.23 2.47 9.01 11.48 WARN
r-devel-linux-x86_64-fedora-clang 2.23 18.83 WARN
r-devel-linux-x86_64-fedora-gcc 2.23 17.27 WARN
r-devel-osx-x86_64-clang 2.23 16.48 WARN
r-devel-windows-ix86+x86_64 2.23 27.00 44.00 71.00 WARN
r-patched-linux-x86_64 2.23 2.19 9.07 11.26 WARN
r-patched-solaris-sparc 2.23 113.60 WARN
r-patched-solaris-x86 2.23 26.30 WARN
r-release-linux-x86_64 2.23 2.21 8.88 11.09 OK
r-release-osx-x86_64-mavericks 2.23 ERROR
r-release-windows-ix86+x86_64 2.23 28.00 40.00 68.00 OK
r-oldrel-windows-ix86+x86_64 2.23 13.00 29.00 42.00 OK

Check Details

Version: 2.23
Check: compilation flags in Makevars
Result: WARN
    Non-portable flags in variable 'PKG_CPPFLAGS':
     -g
Flavors: r-devel-linux-x86_64-debian-clang, r-devel-linux-x86_64-debian-gcc, r-devel-linux-x86_64-fedora-clang, r-devel-linux-x86_64-fedora-gcc, r-devel-osx-x86_64-clang, r-devel-windows-ix86+x86_64, r-patched-linux-x86_64, r-patched-solaris-sparc, r-patched-solaris-x86

Version: 2.23
Check: whether package can be installed
Result: ERROR
    Installation failed.
Flavor: r-release-osx-x86_64-mavericks