CRAN Package Check Results for Package cairoDevice

Last updated on 2017-04-28 21:47:04.

Flavor Version Tinstall Tcheck Ttotal Status Flags
r-devel-linux-x86_64-debian-clang 2.24 2.67 10.49 13.17 NOTE
r-devel-linux-x86_64-debian-gcc 2.24 2.55 10.48 13.03 NOTE
r-devel-linux-x86_64-fedora-clang 2.24 21.30 NOTE --no-stop-on-test-error
r-devel-linux-x86_64-fedora-gcc 2.24 20.35 NOTE --no-stop-on-test-error
r-devel-windows-ix86+x86_64 2.24 22.00 31.00 53.00 OK
r-patched-linux-x86_64 2.24 2.50 10.60 13.09 NOTE
r-patched-solaris-sparc 2.24 127.90 OK
r-patched-solaris-x86 2.24 30.60 OK
r-release-linux-x86_64 2.24 3.19 10.66 13.85 NOTE
r-release-windows-ix86+x86_64 2.24 16.00 33.00 49.00 OK
r-release-osx-x86_64 2.24 ERROR
r-oldrel-windows-ix86+x86_64 2.24 41.00 70.00 111.00 OK
r-oldrel-osx-x86_64 2.24 NOTE

Check Details

Version: 2.24
Check: compiled code
Result: NOTE
    File ‘cairoDevice/libs/cairoDevice.so’:
     Found no calls to: ‘R_registerRoutines’, ‘R_useDynamicSymbols’
    
    It is good practice to register native routines and to disable symbol
    search.
    
    See ‘Writing portable packages’ in the ‘Writing R Extensions’ manual.
Flavors: r-devel-linux-x86_64-debian-clang, r-devel-linux-x86_64-debian-gcc, r-patched-linux-x86_64, r-release-linux-x86_64

Version: 2.24
Flags: --no-stop-on-test-error
Check: compiled code
Result: NOTE
    File ‘cairoDevice/libs/cairoDevice.so’:
     Found no calls to: ‘R_registerRoutines’, ‘R_useDynamicSymbols’
    
    It is good practice to register native routines and to disable symbol
    search.
    
    See ‘Writing portable packages’ in the ‘Writing R Extensions’ manual.
Flavors: r-devel-linux-x86_64-fedora-clang, r-devel-linux-x86_64-fedora-gcc

Version: 2.24
Check: whether package can be installed
Result: ERROR
    Installation failed.
Flavor: r-release-osx-x86_64

Version: 2.24
Check: installed package size
Result: NOTE
     installed size is 6.4Mb
     sub-directories of 1Mb or more:
     libs 6.3Mb
Flavor: r-oldrel-osx-x86_64