CRAN Package Check Results for Package cairoDevice

Last updated on 2016-05-27 11:50:02.

Flavor Version Tinstall Tcheck Ttotal Status Flags
r-devel-linux-x86_64-debian-gcc 2.23 2.34 8.93 11.26 OK
r-devel-linux-x86_64-fedora-clang 2.23 20.10 OK
r-devel-linux-x86_64-fedora-gcc 2.23 16.76 OK
r-devel-osx-x86_64-clang 2.23 23.28 OK
r-devel-windows-ix86+x86_64 2.23 20.00 31.00 51.00 OK
r-patched-linux-x86_64 2.23 2.33 8.95 11.28 OK
r-patched-solaris-sparc 2.23 111.40 OK
r-patched-solaris-x86 2.23 26.90 OK
r-release-linux-x86_64 2.23 2.36 8.81 11.17 OK
r-release-osx-x86_64-mavericks 2.23 ERROR
r-release-windows-ix86+x86_64 2.23 28.00 40.00 68.00 OK
r-oldrel-windows-ix86+x86_64 2.23 13.00 29.00 42.00 OK

Check Details

Version: 2.23
Check: whether package can be installed
Result: ERROR
    Installation failed.
    See ‘/Builds/CRAN-QA-Simon/packages/mavericks-x86_64/results/3.3/cairoDevice.Rcheck/00install.out’ for details.
    * DONE
    Status: 1 ERROR
    * pre-conf. environment: (PKG_CFLAGS=, PKG_CPPFLAGS=, PKG_LIBS=)
Flavor: r-release-osx-x86_64-mavericks