CRAN Package Check Results for Package cairoDevice

Last updated on 2017-01-16 17:49:02.

Flavor Version Tinstall Tcheck Ttotal Status Flags
r-devel-linux-x86_64-debian-clang 2.24 2.72 10.40 13.12 OK
r-devel-linux-x86_64-debian-gcc 2.24 3.29 10.39 13.67 OK
r-devel-linux-x86_64-fedora-clang 2.24 20.34 OK --no-stop-on-test-error
r-devel-linux-x86_64-fedora-gcc 2.24 19.32 NOTE --no-stop-on-test-error
r-devel-macos-x86_64-clang 2.24 18.89 OK --no-stop-on-test-error
r-devel-windows-ix86+x86_64 2.24 29.00 32.00 61.00 OK
r-patched-linux-x86_64 2.24 2.35 8.63 10.98 OK
r-patched-solaris-sparc 2.24 101.50 OK
r-patched-solaris-x86 2.24 25.60 OK
r-release-linux-x86_64 2.24 2.42 8.89 11.31 OK
r-release-osx-x86_64-mavericks 2.24 NOTE
r-release-windows-ix86+x86_64 2.24 41.00 70.00 111.00 OK
r-oldrel-windows-ix86+x86_64 2.24 25.00 37.00 62.00 OK

Check Details

Version: 2.24
Flags: --no-stop-on-test-error
Check: compiled code
Result: NOTE
    File ‘cairoDevice/libs/cairoDevice.so’:
     Found no calls to: ‘R_registerRoutines’, ‘R_useDynamicSymbols’
    
    It is good practice to use registered native symbols and disable symbol
    search.
    
    See ‘Writing portable packages’ in the ‘Writing R Extensions’ manual.
Flavor: r-devel-linux-x86_64-fedora-gcc

Version: 2.24
Check: installed package size
Result: NOTE
     installed size is 6.4Mb
     sub-directories of 1Mb or more:
     libs 6.3Mb
Flavor: r-release-osx-x86_64-mavericks