CRAN Package Check Results for Package cairoDevice

Last updated on 2016-07-23 23:47:56.

Flavor Version Tinstall Tcheck Ttotal Status Flags
r-devel-linux-x86_64-debian-clang 2.23 3.10 11.11 14.20 OK
r-devel-linux-x86_64-debian-gcc 2.23 2.64 10.60 13.24 OK
r-devel-linux-x86_64-fedora-clang 2.23 18.43 OK
r-devel-linux-x86_64-fedora-gcc 2.23 16.33 OK
r-devel-osx-x86_64-clang 2.23 16.51 OK
r-devel-windows-ix86+x86_64 2.23 28.00 37.00 65.00 OK
r-patched-linux-x86_64 2.23 2.86 10.25 13.11 OK
r-patched-solaris-sparc 2.23 111.30 OK
r-patched-solaris-x86 2.23 26.10 OK
r-release-linux-x86_64 2.23 2.73 10.63 13.36 OK
r-release-osx-x86_64-mavericks 2.23 ERROR
r-release-windows-ix86+x86_64 2.23 28.00 40.00 68.00 OK
r-oldrel-windows-ix86+x86_64 2.23 13.00 29.00 42.00 OK

Check Details

Version: 2.23
Check: whether package can be installed
Result: ERROR
    Installation failed.
Flavor: r-release-osx-x86_64-mavericks