CRAN Package Check Results for Package cairoDevice

Last updated on 2016-09-29 10:47:59.

Flavor Version Tinstall Tcheck Ttotal Status Flags
r-devel-linux-x86_64-debian-clang 2.23 2.77 9.27 12.04 WARN
r-devel-linux-x86_64-debian-gcc 2.23 2.48 9.09 11.56 WARN
r-devel-linux-x86_64-fedora-clang 2.23 18.63 WARN
r-devel-linux-x86_64-fedora-gcc 2.23 17.29 WARN
r-devel-macos-x86_64-clang 2.23 17.29 WARN
r-devel-windows-ix86+x86_64 2.23 25.00 40.00 65.00 WARN
r-patched-linux-x86_64 2.23 2.28 9.12 11.40 WARN
r-patched-solaris-sparc 2.23 113.60 WARN
r-patched-solaris-x86 2.23 26.50 WARN
r-release-linux-x86_64 2.23 2.28 9.12 11.40 OK
r-release-osx-x86_64-mavericks 2.23 ERROR
r-release-windows-ix86+x86_64 2.23 21.00 28.00 49.00 OK
r-oldrel-windows-ix86+x86_64 2.23 13.00 29.00 42.00 OK

Check Details

Version: 2.23
Check: compilation flags in Makevars
Result: WARN
    Non-portable flags in variable 'PKG_CPPFLAGS':
     -g
Flavors: r-devel-linux-x86_64-debian-clang, r-devel-linux-x86_64-debian-gcc, r-devel-linux-x86_64-fedora-clang, r-devel-linux-x86_64-fedora-gcc, r-devel-macos-x86_64-clang, r-devel-windows-ix86+x86_64, r-patched-linux-x86_64, r-patched-solaris-sparc, r-patched-solaris-x86

Version: 2.23
Check: whether package can be installed
Result: ERROR
    Installation failed.
Flavor: r-release-osx-x86_64-mavericks