CRAN Package Check Results for Package calibrate

Last updated on 2015-05-25 16:47:06.

Flavor Version Tinstall Tcheck Ttotal Status Flags
r-devel-linux-x86_64-debian-clang 1.7.2 0.79 13.44 14.24 NOTE
r-devel-linux-x86_64-debian-gcc 1.7.2 0.71 13.51 14.22 NOTE
r-devel-linux-x86_64-fedora-clang 1.7.2 28.30 NOTE
r-devel-linux-x86_64-fedora-gcc 1.7.2 27.88 NOTE
r-devel-osx-x86_64-clang 1.7.2 31.59 NOTE
r-devel-windows-ix86+x86_64 1.7.2 3.00 27.00 30.00 NOTE
r-patched-linux-x86_64 1.7.2 0.71 13.40 14.10 NOTE
r-patched-solaris-sparc 1.7.2 160.50 NOTE
r-patched-solaris-x86 1.7.2 37.90 NOTE
r-release-linux-x86_64 1.7.2 0.71 13.40 14.12 NOTE
r-release-osx-x86_64-mavericks 1.7.2 NOTE
r-release-osx-x86_64-snowleopard 1.7.2 NOTE
r-release-windows-ix86+x86_64 1.7.2 3.00 23.00 26.00 NOTE
r-oldrel-windows-ix86+x86_64 1.7.2 3.00 29.00 32.00 NOTE

Check Details

Version: 1.7.2
Check: dependencies in R code
Result: NOTE
    Package in Depends field not imported from: ‘MASS’
     These packages need to be imported from (in the NAMESPACE file)
     for when this namespace is loaded but not attached.
Flavors: r-devel-linux-x86_64-debian-clang, r-devel-linux-x86_64-debian-gcc, r-devel-linux-x86_64-fedora-clang, r-devel-linux-x86_64-fedora-gcc, r-devel-osx-x86_64-clang, r-devel-windows-ix86+x86_64, r-patched-linux-x86_64, r-patched-solaris-sparc, r-patched-solaris-x86, r-release-linux-x86_64, r-release-osx-x86_64-mavericks, r-release-osx-x86_64-snowleopard, r-release-windows-ix86+x86_64, r-oldrel-windows-ix86+x86_64