CRAN Package Check Results for Package calibrate

Last updated on 2016-12-05 19:46:43.

Flavor Version Tinstall Tcheck Ttotal Status Flags
r-devel-linux-x86_64-debian-clang 1.7.2 1.00 15.60 16.61 NOTE
r-devel-linux-x86_64-debian-gcc 1.7.2 0.91 15.15 16.06 NOTE
r-devel-linux-x86_64-fedora-clang 1.7.2 29.75 NOTE --no-stop-on-test-error
r-devel-linux-x86_64-fedora-gcc 1.7.2 28.56 NOTE --no-stop-on-test-error
r-devel-macos-x86_64-clang 1.7.2 24.43 NOTE
r-devel-windows-ix86+x86_64 1.7.2 3.00 53.00 56.00 NOTE
r-patched-linux-x86_64 1.7.2 0.81 13.18 13.99 NOTE
r-patched-solaris-sparc 1.7.2 146.40 NOTE
r-patched-solaris-x86 1.7.2 32.90 NOTE
r-release-linux-x86_64 1.7.2 0.78 13.23 14.01 NOTE
r-release-osx-x86_64-mavericks 1.7.2 NOTE
r-release-windows-ix86+x86_64 1.7.2 5.00 39.00 44.00 NOTE
r-oldrel-windows-ix86+x86_64 1.7.2 4.00 37.00 41.00 NOTE

Check Details

Version: 1.7.2
Check: dependencies in R code
Result: NOTE
    Package in Depends field not imported from: ‘MASS’
     These packages need to be imported from (in the NAMESPACE file)
     for when this namespace is loaded but not attached.
Flavors: r-devel-linux-x86_64-debian-clang, r-devel-linux-x86_64-debian-gcc, r-devel-macos-x86_64-clang, r-devel-windows-ix86+x86_64, r-patched-linux-x86_64, r-patched-solaris-sparc, r-patched-solaris-x86, r-release-linux-x86_64, r-release-osx-x86_64-mavericks, r-release-windows-ix86+x86_64, r-oldrel-windows-ix86+x86_64

Version: 1.7.2
Check: R code for possible problems
Result: NOTE
    calibrate: no visible global function definition for ‘lines’
    calibrate: no visible global function definition for ‘text’
    canocor: no visible global function definition for ‘cor’
    circle: no visible global function definition for ‘points’
    dlines: no visible global function definition for ‘lines’
    origin: no visible global function definition for ‘par’
    origin: no visible global function definition for ‘lines’
    rda: no visible global function definition for ‘cor’
    rda: no visible global function definition for ‘princomp’
    rda: no visible global function definition for ‘var’
    textxy: no visible global function definition for ‘text’
    Undefined global functions or variables:
     cor lines par points princomp text var
    Consider adding
     importFrom("graphics", "lines", "par", "points", "text")
     importFrom("stats", "cor", "princomp", "var")
    to your NAMESPACE file.
Flavors: r-devel-linux-x86_64-debian-clang, r-devel-linux-x86_64-debian-gcc, r-devel-macos-x86_64-clang, r-devel-windows-ix86+x86_64, r-patched-linux-x86_64, r-patched-solaris-sparc, r-patched-solaris-x86, r-release-linux-x86_64, r-release-osx-x86_64-mavericks, r-release-windows-ix86+x86_64

Version: 1.7.2
Flags: --no-stop-on-test-error
Check: dependencies in R code
Result: NOTE
    Package in Depends field not imported from: ‘MASS’
     These packages need to be imported from (in the NAMESPACE file)
     for when this namespace is loaded but not attached.
Flavors: r-devel-linux-x86_64-fedora-clang, r-devel-linux-x86_64-fedora-gcc

Version: 1.7.2
Flags: --no-stop-on-test-error
Check: R code for possible problems
Result: NOTE
    calibrate: no visible global function definition for ‘lines’
    calibrate: no visible global function definition for ‘text’
    canocor: no visible global function definition for ‘cor’
    circle: no visible global function definition for ‘points’
    dlines: no visible global function definition for ‘lines’
    origin: no visible global function definition for ‘par’
    origin: no visible global function definition for ‘lines’
    rda: no visible global function definition for ‘cor’
    rda: no visible global function definition for ‘princomp’
    rda: no visible global function definition for ‘var’
    textxy: no visible global function definition for ‘text’
    Undefined global functions or variables:
     cor lines par points princomp text var
    Consider adding
     importFrom("graphics", "lines", "par", "points", "text")
     importFrom("stats", "cor", "princomp", "var")
    to your NAMESPACE file.
Flavors: r-devel-linux-x86_64-fedora-clang, r-devel-linux-x86_64-fedora-gcc