CRAN Package Check Results for Package calibrate

Last updated on 2015-04-25 12:46:12.

Flavor Version Tinstall Tcheck Ttotal Status Flags
r-devel-linux-x86_64-debian-clang 1.7.2 0.75 13.59 14.34 NOTE
r-devel-linux-x86_64-debian-gcc 1.7.2 0.74 13.29 14.02 NOTE
r-devel-linux-x86_64-fedora-clang 1.7.2 28.48 NOTE
r-devel-linux-x86_64-fedora-gcc 1.7.2 27.52 NOTE
r-devel-osx-x86_64-clang 1.7.2 31.67 NOTE
r-devel-windows-ix86+x86_64 1.7.2 4.00 26.00 30.00 NOTE
r-patched-linux-x86_64 1.7.2 0.71 13.53 14.24 NOTE
r-patched-solaris-sparc 1.7.2 174.10 NOTE
r-patched-solaris-x86 1.7.2 37.00 NOTE
r-release-linux-x86_64 1.7.2 0.71 13.25 13.96 NOTE
r-release-osx-x86_64-mavericks 1.7.2 NOTE
r-release-osx-x86_64-snowleopard 1.7.2 NOTE
r-release-windows-ix86+x86_64 1.7.2 3.00 25.00 28.00 NOTE
r-oldrel-windows-ix86+x86_64 1.7.2 3.00 24.00 27.00 NOTE

Check Details

Version: 1.7.2
Check: dependencies in R code
Result: NOTE
    Package in Depends field not imported from: 'MASS'
     These packages need to be imported from (in the NAMESPACE file)
     for when this namespace is loaded but not attached.
Flavors: r-devel-windows-ix86+x86_64, r-release-windows-ix86+x86_64, r-oldrel-windows-ix86+x86_64