CRAN Package Check Results for Package calibrate

Last updated on 2014-04-23 17:47:41.

Flavor Version Tinstall Tcheck Ttotal Status Flags
r-devel-linux-x86_64-debian-clang 1.7.2 0.84 13.60 14.44 NOTE
r-devel-linux-x86_64-debian-gcc 1.7.2 0.77 13.60 14.36 NOTE
r-devel-linux-x86_64-fedora-clang 1.7.2 31.21 NOTE
r-devel-linux-x86_64-fedora-gcc 1.7.2 29.99 NOTE
r-devel-osx-x86_64-clang 1.7.2 29.88 NOTE
r-devel-osx-x86_64-gcc 1.7.2 NOTE
r-devel-windows-ix86+x86_64 1.7.2 3.00 22.00 25.00 NOTE
r-patched-linux-x86_64 1.7.2 0.88 13.98 14.86 NOTE
r-patched-solaris-sparc 1.7.2 159.10 NOTE
r-patched-solaris-x86 1.7.2 40.20 NOTE
r-release-linux-ix86 1.7.2 2.00 30.00 32.00 NOTE
r-release-linux-x86_64 1.7.2 0.77 13.78 14.56 NOTE
r-release-osx-x86_64-mavericks 1.7.2 WARN
r-release-windows-ix86+x86_64 1.7.2 3.00 23.00 26.00 NOTE
r-oldrel-windows-ix86+x86_64 1.7.2 3.00 26.00 29.00 NOTE

Check Details

Version: 1.7.2
Check: dependencies in R code
Result: NOTE
    Package in Depends field not imported from: ‘MASS’
     These packages need to be imported from (in the NAMESPACE file)
     for when this namespace is loaded but not attached.
    See the information on DESCRIPTION files in the chapter ‘Creating R
    packages’ of the ‘Writing R Extensions’ manual.
Flavors: r-devel-linux-x86_64-debian-clang, r-devel-linux-x86_64-debian-gcc, r-devel-linux-x86_64-fedora-clang, r-devel-linux-x86_64-fedora-gcc, r-devel-osx-x86_64-clang, r-devel-osx-x86_64-gcc, r-devel-windows-ix86+x86_64, r-patched-linux-x86_64, r-patched-solaris-sparc, r-patched-solaris-x86, r-release-linux-ix86, r-release-linux-x86_64, r-release-osx-x86_64-mavericks, r-release-windows-ix86+x86_64, r-oldrel-windows-ix86+x86_64

Version: 1.7.2
Check: re-building of vignette outputs
Result: NOTE
    Error in re-building vignettes:
     ...
    Loading required package: MASS
    Error in texi2dvi(file = file, pdf = TRUE, clean = clean, quiet = quiet, :
     Running 'texi2dvi' on 'CalibrationGuide.tex' failed.
    LaTeX errors:
    ! LaTeX Error: File `wrapfig.sty' not found.
    
    Type X to quit or <RETURN> to proceed,
    or enter new name. (Default extension: sty)
    
    gn_test/calibrate/vignettes/CalibrationGuide.tex:14: ==> Fatal error occurred,
     no output PDF file produced!
    Calls: buildVignettes -> texi2pdf -> texi2dvi
    Execution halted
Flavor: r-release-osx-x86_64-mavericks

Version: 1.7.2
Check: PDF version of manual
Result: WARNING
    LaTeX errors when creating PDF version.
    This typically indicates Rd problems.
    LaTeX errors found:
    ! LaTeX Error: File `upquote.sty' not found.
    
    Type X to quit or <RETURN> to proceed,
    or enter new name. (Default extension: sty)
    
    137a4698/Rd2.tex:8: ==> Fatal error occurred, no output PDF file produced!
Flavor: r-release-osx-x86_64-mavericks