CRAN Package Check Results for Package calibrate

Last updated on 2017-02-24 11:48:02.

Flavor Version Tinstall Tcheck Ttotal Status Flags
r-devel-linux-x86_64-debian-clang 1.7.2 1.06 16.14 17.20 NOTE
r-devel-linux-x86_64-debian-gcc 1.7.2 0.91 15.68 16.59 NOTE
r-devel-linux-x86_64-fedora-clang 1.7.2 29.01 NOTE --no-stop-on-test-error
r-devel-linux-x86_64-fedora-gcc 1.7.2 27.69 NOTE --no-stop-on-test-error
r-devel-macos-x86_64-clang 1.7.2 25.37 NOTE --no-stop-on-test-error
r-devel-windows-ix86+x86_64 1.7.2 10.00 41.00 51.00 NOTE
r-patched-linux-x86_64 1.7.2 0.70 13.05 13.75 NOTE
r-patched-solaris-sparc 1.7.2 151.80 NOTE
r-patched-solaris-x86 1.7.2 32.60 NOTE
r-release-linux-x86_64 1.7.2 0.73 13.53 14.27 NOTE
r-release-osx-x86_64-mavericks 1.7.2 NOTE
r-release-windows-ix86+x86_64 1.7.2 8.00 50.00 58.00 NOTE
r-oldrel-windows-ix86+x86_64 1.7.2 8.00 83.00 91.00 NOTE

Check Details

Version: 1.7.2
Check: dependencies in R code
Result: NOTE
    Package in Depends field not imported from: ‘MASS’
     These packages need to be imported from (in the NAMESPACE file)
     for when this namespace is loaded but not attached.
Flavors: r-devel-linux-x86_64-debian-clang, r-devel-linux-x86_64-debian-gcc, r-devel-windows-ix86+x86_64, r-patched-linux-x86_64, r-patched-solaris-sparc, r-patched-solaris-x86, r-release-linux-x86_64, r-release-osx-x86_64-mavericks, r-release-windows-ix86+x86_64, r-oldrel-windows-ix86+x86_64

Version: 1.7.2
Check: R code for possible problems
Result: NOTE
    calibrate: no visible global function definition for ‘lines’
    calibrate: no visible global function definition for ‘text’
    canocor: no visible global function definition for ‘cor’
    circle: no visible global function definition for ‘points’
    dlines: no visible global function definition for ‘lines’
    origin: no visible global function definition for ‘par’
    origin: no visible global function definition for ‘lines’
    rda: no visible global function definition for ‘cor’
    rda: no visible global function definition for ‘princomp’
    rda: no visible global function definition for ‘var’
    textxy: no visible global function definition for ‘text’
    Undefined global functions or variables:
     cor lines par points princomp text var
    Consider adding
     importFrom("graphics", "lines", "par", "points", "text")
     importFrom("stats", "cor", "princomp", "var")
    to your NAMESPACE file.
Flavors: r-devel-linux-x86_64-debian-clang, r-devel-linux-x86_64-debian-gcc, r-devel-windows-ix86+x86_64, r-patched-linux-x86_64, r-patched-solaris-sparc, r-patched-solaris-x86, r-release-linux-x86_64, r-release-osx-x86_64-mavericks, r-release-windows-ix86+x86_64

Version: 1.7.2
Flags: --no-stop-on-test-error
Check: dependencies in R code
Result: NOTE
    Package in Depends field not imported from: ‘MASS’
     These packages need to be imported from (in the NAMESPACE file)
     for when this namespace is loaded but not attached.
Flavors: r-devel-linux-x86_64-fedora-clang, r-devel-linux-x86_64-fedora-gcc, r-devel-macos-x86_64-clang

Version: 1.7.2
Flags: --no-stop-on-test-error
Check: R code for possible problems
Result: NOTE
    calibrate: no visible global function definition for ‘lines’
    calibrate: no visible global function definition for ‘text’
    canocor: no visible global function definition for ‘cor’
    circle: no visible global function definition for ‘points’
    dlines: no visible global function definition for ‘lines’
    origin: no visible global function definition for ‘par’
    origin: no visible global function definition for ‘lines’
    rda: no visible global function definition for ‘cor’
    rda: no visible global function definition for ‘princomp’
    rda: no visible global function definition for ‘var’
    textxy: no visible global function definition for ‘text’
    Undefined global functions or variables:
     cor lines par points princomp text var
    Consider adding
     importFrom("graphics", "lines", "par", "points", "text")
     importFrom("stats", "cor", "princomp", "var")
    to your NAMESPACE file.
Flavors: r-devel-linux-x86_64-fedora-clang, r-devel-linux-x86_64-fedora-gcc, r-devel-macos-x86_64-clang