CRAN Package Check Results for Package calibrate

Last updated on 2015-01-25 09:51:23.

Flavor Version Tinstall Tcheck Ttotal Status Flags
r-devel-linux-x86_64-debian-clang 1.7.2 0.75 15.32 16.07 NOTE
r-devel-linux-x86_64-debian-gcc 1.7.2 0.74 14.53 15.27 NOTE
r-devel-linux-x86_64-fedora-clang 1.7.2 31.06 NOTE
r-devel-linux-x86_64-fedora-gcc 1.7.2 30.46 NOTE
r-devel-osx-x86_64-clang 1.7.2 34.42 NOTE
r-devel-windows-ix86+x86_64 1.7.2 4.00 25.00 29.00 NOTE
r-patched-linux-x86_64 1.7.2 0.79 14.52 15.31 NOTE
r-patched-solaris-sparc 1.7.2 181.90 NOTE
r-patched-solaris-x86 1.7.2 42.00 NOTE
r-release-linux-ix86 1.7.2 1.22 21.03 22.25 NOTE
r-release-linux-x86_64 1.7.2 0.76 14.90 15.65 NOTE
r-release-osx-x86_64-mavericks 1.7.2 NOTE
r-release-windows-ix86+x86_64 1.7.2 4.00 26.00 30.00 NOTE
r-oldrel-windows-ix86+x86_64 1.7.2 5.00 26.00 31.00 NOTE

Check Details

Version: 1.7.2
Check: dependencies in R code
Result: NOTE
    Package in Depends field not imported from: ‘MASS’
     These packages need to be imported from (in the NAMESPACE file)
     for when this namespace is loaded but not attached.
Flavors: r-devel-linux-x86_64-debian-clang, r-devel-linux-x86_64-debian-gcc, r-devel-linux-x86_64-fedora-clang, r-devel-linux-x86_64-fedora-gcc, r-devel-osx-x86_64-clang, r-devel-windows-ix86+x86_64

Version: 1.7.2
Check: dependencies in R code
Result: NOTE
    Package in Depends field not imported from: ‘MASS’
     These packages need to be imported from (in the NAMESPACE file)
     for when this namespace is loaded but not attached.
    See the information on DESCRIPTION files in the chapter ‘Creating R
    packages’ of the ‘Writing R Extensions’ manual.
Flavors: r-patched-linux-x86_64, r-patched-solaris-sparc, r-patched-solaris-x86, r-release-linux-ix86, r-release-linux-x86_64, r-release-osx-x86_64-mavericks, r-release-windows-ix86+x86_64, r-oldrel-windows-ix86+x86_64