CRAN Package Check Results for Package calibrate

Last updated on 2020-08-12 18:47:16 CEST.

Flavor Version Tinstall Tcheck Ttotal Status Flags
r-devel-linux-x86_64-debian-clang 1.7.7 3.24 31.30 34.54 OK
r-devel-linux-x86_64-debian-gcc 1.7.7 2.37 24.59 26.96 OK
r-devel-linux-x86_64-fedora-clang 1.7.7 49.71 OK
r-devel-linux-x86_64-fedora-gcc 1.7.7 40.65 OK
r-devel-windows-ix86+x86_64 1.7.7 7.00 69.00 76.00 OK
r-patched-linux-x86_64 1.7.7 3.33 31.43 34.76 OK
r-patched-solaris-x86 1.7.7 58.30 OK
r-release-linux-x86_64 1.7.7 3.24 31.23 34.47 OK
r-release-macos-x86_64 1.7.7 OK
r-release-windows-ix86+x86_64 1.7.7 6.00 53.00 59.00 OK
r-oldrel-macos-x86_64 1.7.7 NOTE
r-oldrel-windows-ix86+x86_64 1.7.7 5.00 66.00 71.00 NOTE

Check Details

Version: 1.7.7
Check: R code for possible problems
Result: NOTE
    bplot: no visible global function definition for ‘plot’
    Undefined global functions or variables:
     plot
    Consider adding
     importFrom("graphics", "plot")
    to your NAMESPACE file.
Flavors: r-oldrel-macos-x86_64, r-oldrel-windows-ix86+x86_64