CRAN Package Check Results for Package calibrate

Last updated on 2015-07-05 15:46:21.

Flavor Version Tinstall Tcheck Ttotal Status Flags
r-devel-linux-x86_64-debian-clang 1.7.2 0.72 13.23 13.96 NOTE
r-devel-linux-x86_64-debian-gcc 1.7.2 0.68 13.86 14.54 NOTE
r-devel-linux-x86_64-fedora-clang 1.7.2 26.38 NOTE
r-devel-linux-x86_64-fedora-gcc 1.7.2 25.54 NOTE
r-devel-osx-x86_64-clang 1.7.2 27.23 NOTE
r-devel-windows-ix86+x86_64 1.7.2 3.00 25.00 28.00 NOTE
r-patched-linux-x86_64 1.7.2 0.70 13.31 14.01 NOTE
r-patched-solaris-sparc 1.7.2 160.50 NOTE
r-patched-solaris-x86 1.7.2 38.10 NOTE
r-release-linux-x86_64 1.7.2 0.73 13.22 13.94 NOTE
r-release-osx-x86_64-mavericks 1.7.2 NOTE
r-release-windows-ix86+x86_64 1.7.2 6.00 25.00 31.00 NOTE
r-oldrel-windows-ix86+x86_64 1.7.2 6.00 26.00 32.00 NOTE

Check Details

Version: 1.7.2
Check: dependencies in R code
Result: NOTE
    Package in Depends field not imported from: ‘MASS’
     These packages need to be imported from (in the NAMESPACE file)
     for when this namespace is loaded but not attached.
Flavors: r-devel-linux-x86_64-debian-clang, r-devel-linux-x86_64-debian-gcc, r-devel-linux-x86_64-fedora-clang, r-devel-linux-x86_64-fedora-gcc, r-devel-osx-x86_64-clang, r-devel-windows-ix86+x86_64, r-patched-linux-x86_64, r-patched-solaris-sparc, r-patched-solaris-x86, r-release-linux-x86_64, r-release-osx-x86_64-mavericks, r-release-windows-ix86+x86_64, r-oldrel-windows-ix86+x86_64

Version: 1.7.2
Check: R code for possible problems
Result: NOTE
    calibrate: no visible global function definition for ‘lines’
    calibrate: no visible global function definition for ‘text’
    canocor: no visible global function definition for ‘cor’
    circle: no visible global function definition for ‘points’
    dlines: no visible global function definition for ‘lines’
    origin: no visible global function definition for ‘par’
    origin: no visible global function definition for ‘lines’
    rda: no visible global function definition for ‘cor’
    rda: no visible global function definition for ‘princomp’
    rda: no visible global function definition for ‘var’
    textxy: no visible global function definition for ‘text’
    Undefined global functions or variables:
     cor lines par points princomp text var
Flavors: r-devel-linux-x86_64-debian-clang, r-devel-linux-x86_64-debian-gcc, r-devel-linux-x86_64-fedora-clang, r-devel-linux-x86_64-fedora-gcc, r-devel-windows-ix86+x86_64