CRAN Package Check Results for Package calibrate

Last updated on 2014-11-01 11:48:58.

Flavor Version Tinstall Tcheck Ttotal Status Flags
r-devel-linux-x86_64-debian-clang 1.7.2 0.74 14.80 15.54 NOTE
r-devel-linux-x86_64-debian-gcc 1.7.2 0.70 14.38 15.08 NOTE
r-devel-linux-x86_64-fedora-clang 1.7.2 32.37 NOTE
r-devel-linux-x86_64-fedora-gcc 1.7.2 29.69 NOTE
r-devel-osx-x86_64-clang 1.7.2 32.68 NOTE
r-devel-windows-ix86+x86_64 1.7.2 3.00 24.00 27.00 NOTE
r-patched-linux-x86_64 1.7.2 1.04 14.69 15.73 NOTE
r-patched-solaris-sparc 1.7.2 163.10 NOTE
r-patched-solaris-x86 1.7.2 41.40 NOTE
r-release-linux-ix86 1.7.2 1.11 21.16 22.27 NOTE
r-release-linux-x86_64 1.7.2 0.98 14.37 15.35 NOTE
r-release-osx-x86_64-mavericks 1.7.2 NOTE
r-release-windows-ix86+x86_64 1.7.2 3.00 23.00 26.00 NOTE
r-oldrel-windows-ix86+x86_64 1.7.2 3.00 26.00 29.00 NOTE

Check Details

Version: 1.7.2
Check: dependencies in R code
Result: NOTE
    Package in Depends field not imported from: ‘MASS’
     These packages need to be imported from (in the NAMESPACE file)
     for when this namespace is loaded but not attached.
    See the information on DESCRIPTION files in the chapter ‘Creating R
    packages’ of the ‘Writing R Extensions’ manual.
Flavors: r-devel-linux-x86_64-debian-clang, r-devel-linux-x86_64-debian-gcc, r-devel-linux-x86_64-fedora-clang, r-devel-linux-x86_64-fedora-gcc, r-devel-osx-x86_64-clang, r-devel-windows-ix86+x86_64, r-patched-linux-x86_64, r-patched-solaris-sparc, r-patched-solaris-x86, r-release-linux-ix86, r-release-linux-x86_64, r-release-osx-x86_64-mavericks, r-release-windows-ix86+x86_64, r-oldrel-windows-ix86+x86_64

Version: 1.7.2
Check: re-building of vignette outputs
Result: NOTE
    Error in re-building vignettes:
     ...
    Loading required package: MASS
    Error in texi2dvi(file = file, pdf = TRUE, clean = clean, quiet = quiet, :
     Running 'texi2dvi' on 'CalibrationGuide.tex' failed.
    LaTeX errors:
    ! LaTeX Error: File `wrapfig.sty' not found.
    
    Type X to quit or <RETURN> to proceed,
    or enter new name. (Default extension: sty)
    
    gn_test/calibrate/vignettes/CalibrationGuide.tex:14: ==> Fatal error occurred,
     no output PDF file produced!
    Calls: buildVignettes -> texi2pdf -> texi2dvi
    Execution halted
Flavor: r-release-osx-x86_64-mavericks