CRAN Package Check Results for Package calibrate

Last updated on 2016-08-30 00:47:22.

Flavor Version Tinstall Tcheck Ttotal Status Flags
r-devel-linux-x86_64-debian-clang 1.7.2 0.83 13.61 14.44 NOTE
r-devel-linux-x86_64-debian-gcc 1.7.2 0.76 13.21 13.97 NOTE
r-devel-linux-x86_64-fedora-clang 1.7.2 25.25 NOTE
r-devel-linux-x86_64-fedora-gcc 1.7.2 23.87 NOTE
r-devel-osx-x86_64-clang 1.7.2 21.18 NOTE
r-devel-windows-ix86+x86_64 1.7.2 8.00 39.00 47.00 NOTE
r-patched-linux-x86_64 1.7.2 0.69 13.24 13.93 NOTE
r-patched-solaris-sparc 1.7.2 146.40 NOTE
r-patched-solaris-x86 1.7.2 33.50 NOTE
r-release-linux-x86_64 1.7.2 0.73 13.50 14.23 NOTE
r-release-osx-x86_64-mavericks 1.7.2 NOTE
r-release-windows-ix86+x86_64 1.7.2 3.00 37.00 40.00 NOTE
r-oldrel-windows-ix86+x86_64 1.7.2 4.00 46.00 50.00 NOTE

Check Details

Version: 1.7.2
Check: dependencies in R code
Result: NOTE
    Package in Depends field not imported from: ‘MASS’
     These packages need to be imported from (in the NAMESPACE file)
     for when this namespace is loaded but not attached.
Flavors: r-devel-linux-x86_64-debian-clang, r-devel-linux-x86_64-debian-gcc, r-devel-linux-x86_64-fedora-clang, r-devel-linux-x86_64-fedora-gcc, r-devel-osx-x86_64-clang, r-devel-windows-ix86+x86_64, r-patched-linux-x86_64, r-patched-solaris-sparc, r-patched-solaris-x86, r-release-linux-x86_64, r-release-osx-x86_64-mavericks, r-release-windows-ix86+x86_64, r-oldrel-windows-ix86+x86_64

Version: 1.7.2
Check: R code for possible problems
Result: NOTE
    calibrate: no visible global function definition for ‘lines’
    calibrate: no visible global function definition for ‘text’
    canocor: no visible global function definition for ‘cor’
    circle: no visible global function definition for ‘points’
    dlines: no visible global function definition for ‘lines’
    origin: no visible global function definition for ‘par’
    origin: no visible global function definition for ‘lines’
    rda: no visible global function definition for ‘cor’
    rda: no visible global function definition for ‘princomp’
    rda: no visible global function definition for ‘var’
    textxy: no visible global function definition for ‘text’
    Undefined global functions or variables:
     cor lines par points princomp text var
    Consider adding
     importFrom("graphics", "lines", "par", "points", "text")
     importFrom("stats", "cor", "princomp", "var")
    to your NAMESPACE file.
Flavors: r-devel-linux-x86_64-debian-clang, r-devel-linux-x86_64-debian-gcc, r-devel-linux-x86_64-fedora-clang, r-devel-linux-x86_64-fedora-gcc, r-devel-osx-x86_64-clang, r-devel-windows-ix86+x86_64, r-patched-linux-x86_64, r-patched-solaris-sparc, r-patched-solaris-x86, r-release-linux-x86_64, r-release-osx-x86_64-mavericks, r-release-windows-ix86+x86_64