CRAN Package Check Results for Package calmate

Last updated on 2014-11-23 16:46:25.

Flavor Version Tinstall Tcheck Ttotal Status Flags
r-devel-linux-x86_64-debian-clang 0.11.0 2.32 39.72 42.03 NOTE
r-devel-linux-x86_64-debian-gcc 0.11.0 2.28 38.78 41.06 NOTE
r-devel-linux-x86_64-fedora-clang 0.11.0 94.96 NOTE
r-devel-linux-x86_64-fedora-gcc 0.11.0 87.79 NOTE
r-devel-osx-x86_64-clang 0.11.0 83.18 NOTE
r-devel-windows-ix86+x86_64 0.11.0 11.00 62.00 73.00 NOTE
r-patched-linux-x86_64 0.11.0 2.39 40.61 43.00 NOTE
r-patched-solaris-sparc 0.11.0 454.00 NOTE
r-patched-solaris-x86 0.11.0 113.70 NOTE
r-release-linux-ix86 0.11.0 3.17 50.07 53.24 NOTE
r-release-linux-x86_64 0.11.0 2.44 40.97 43.40 NOTE
r-release-osx-x86_64-mavericks 0.11.0 OK
r-release-osx-x86_64-snowleopard 0.11.0 OK
r-release-windows-ix86+x86_64 0.11.0 13.00 70.00 83.00 NOTE
r-oldrel-windows-ix86+x86_64 0.11.0 12.00 70.00 82.00 OK

Check Details

Version: 0.11.0
Check: R code for possible problems
Result: NOTE
    process.CalMaTeCalibration: no visible binding for global variable
     ‘aromaSettings’
Flavors: r-devel-linux-x86_64-debian-clang, r-devel-linux-x86_64-debian-gcc, r-devel-linux-x86_64-fedora-clang, r-devel-linux-x86_64-fedora-gcc, r-devel-osx-x86_64-clang, r-devel-windows-ix86+x86_64, r-patched-linux-x86_64, r-patched-solaris-sparc, r-patched-solaris-x86, r-release-linux-ix86, r-release-linux-x86_64, r-release-windows-ix86+x86_64