CRAN Package Check Results for Package calmate

Last updated on 2017-06-28 01:54:41.

Flavor Version Tinstall Tcheck Ttotal Status Flags
r-devel-linux-x86_64-debian-clang 0.12.1 3.90 53.68 57.58 OK
r-devel-linux-x86_64-debian-gcc 0.12.1 3.85 52.26 56.11 OK
r-devel-linux-x86_64-fedora-clang 0.12.1 113.07 OK
r-devel-linux-x86_64-fedora-gcc 0.12.1 109.72 OK
r-devel-windows-ix86+x86_64 0.12.1 14.00 80.00 94.00 OK
r-patched-linux-x86_64 0.12.1 3.82 53.54 57.36 OK
r-patched-solaris-sparc 0.12.1 662.70 OK
r-patched-solaris-x86 0.12.1 126.70 OK
r-release-linux-x86_64 0.12.1 4.22 53.90 58.12 OK
r-release-windows-ix86+x86_64 0.12.1 8.00 114.00 122.00 OK
r-release-osx-x86_64 0.12.1 ERROR
r-oldrel-windows-ix86+x86_64 0.12.1 8.00 80.00 88.00 OK
r-oldrel-osx-x86_64 0.12.1 OK

Check Details

Version: 0.12.1
Check: package dependencies
Result: ERROR
    Package required but not available: ‘aroma.core’
    
    See section ‘The DESCRIPTION file’ in the ‘Writing R Extensions’
    manual.
Flavor: r-release-osx-x86_64