CRAN Package Check Results for Package calmate

Last updated on 2017-12-15 02:48:15 CET.

Flavor Version Tinstall Tcheck Ttotal Status Flags
r-devel-linux-x86_64-debian-clang 0.12.1 4.94 79.77 84.71 OK
r-devel-linux-x86_64-debian-gcc 0.12.1 4.81 69.25 74.06 OK
r-devel-linux-x86_64-fedora-clang 0.12.1 109.31 OK
r-devel-linux-x86_64-fedora-gcc 0.12.1 110.35 OK
r-devel-windows-ix86+x86_64 0.12.1 13.00 98.00 111.00 OK
r-patched-linux-x86_64 0.12.1 4.94 89.22 94.16 OK
r-patched-solaris-x86 0.12.1 127.50 OK
r-release-linux-x86_64 0.12.1 5.47 88.16 93.63 OK
r-release-windows-ix86+x86_64 0.12.1 9.00 93.00 102.00 OK
r-release-osx-x86_64 0.12.1 ERROR
r-oldrel-windows-ix86+x86_64 0.12.1 6.00 90.00 96.00 OK
r-oldrel-osx-x86_64 0.12.1 OK

Check Details

Version: 0.12.1
Check: package dependencies
Result: ERROR
    Package required but not available: ‘aroma.core’
    
    See section ‘The DESCRIPTION file’ in the ‘Writing R Extensions’
    manual.
Flavor: r-release-osx-x86_64