CRAN Package Check Results for Package calmate

Last updated on 2017-08-17 18:46:30.

Flavor Version Tinstall Tcheck Ttotal Status Flags
r-devel-linux-x86_64-debian-clang 0.12.1 3.61 59.97 63.58 OK
r-devel-linux-x86_64-debian-gcc 0.12.1 3.53 53.37 56.90 OK
r-devel-linux-x86_64-fedora-clang 0.12.1 114.96 OK
r-devel-linux-x86_64-fedora-gcc 0.12.1 115.71 OK
r-devel-windows-ix86+x86_64 0.12.1 8.00 85.00 93.00 OK
r-patched-linux-x86_64 0.12.1 3.69 54.19 57.88 OK
r-patched-solaris-x86 0.12.1 128.90 OK
r-release-linux-x86_64 0.12.1 3.58 53.55 57.13 OK
r-release-windows-ix86+x86_64 0.12.1 11.00 86.00 97.00 OK
r-release-osx-x86_64 0.12.1 ERROR
r-oldrel-windows-ix86+x86_64 0.12.1 6.00 54.00 60.00 OK
r-oldrel-osx-x86_64 0.12.1 OK

Check Details

Version: 0.12.1
Check: package dependencies
Result: ERROR
    Package required but not available: ‘aroma.core’
    
    See section ‘The DESCRIPTION file’ in the ‘Writing R Extensions’
    manual.
Flavor: r-release-osx-x86_64