CRAN Package Check Results for Package calmate

Last updated on 2017-10-18 08:48:04.

Flavor Version Tinstall Tcheck Ttotal Status Flags
r-devel-linux-x86_64-debian-clang 0.12.1 3.85 56.06 59.91 OK
r-devel-linux-x86_64-debian-gcc 0.12.1 3.75 61.41 65.16 OK
r-devel-linux-x86_64-fedora-clang 0.12.1 115.82 OK
r-devel-linux-x86_64-fedora-gcc 0.12.1 125.50 OK
r-devel-windows-ix86+x86_64 0.12.1 11.00 87.00 98.00 OK
r-patched-linux-x86_64 0.12.1 3.84 53.93 57.78 OK
r-patched-solaris-x86 0.12.1 129.00 OK
r-release-linux-x86_64 0.12.1 4.15 56.78 60.93 OK
r-release-windows-ix86+x86_64 0.12.1 16.00 100.00 116.00 OK
r-release-osx-x86_64 0.12.1 ERROR
r-oldrel-windows-ix86+x86_64 0.12.1 10.00 84.00 94.00 OK
r-oldrel-osx-x86_64 0.12.1 OK

Check Details

Version: 0.12.1
Check: package dependencies
Result: ERROR
    Package required but not available: ‘aroma.core’
    
    See section ‘The DESCRIPTION file’ in the ‘Writing R Extensions’
    manual.
Flavor: r-release-osx-x86_64