CRAN Package Check Results for Package calmate

Last updated on 2014-12-18 00:48:45.

Flavor Version Tinstall Tcheck Ttotal Status Flags
r-devel-linux-x86_64-debian-clang 0.11.0 2.27 40.11 42.38 NOTE
r-devel-linux-x86_64-debian-gcc 0.11.0 2.50 39.38 41.88 NOTE
r-devel-linux-x86_64-fedora-clang 0.11.0 94.24 NOTE
r-devel-linux-x86_64-fedora-gcc 0.11.0 85.89 NOTE
r-devel-osx-x86_64-clang 0.11.0 82.73 NOTE
r-devel-windows-ix86+x86_64 0.11.0 12.00 69.00 81.00 NOTE
r-patched-linux-x86_64 0.11.0 2.67 42.13 44.80 NOTE
r-patched-solaris-sparc 0.11.0 454.00 NOTE
r-patched-solaris-x86 0.11.0 114.30 NOTE
r-release-linux-ix86 0.11.0 3.00 50.07 53.07 NOTE
r-release-linux-x86_64 0.11.0 2.47 41.79 44.26 NOTE
r-release-osx-x86_64-mavericks 0.11.0 OK
r-release-osx-x86_64-snowleopard 0.11.0 OK
r-release-windows-ix86+x86_64 0.11.0 13.00 76.00 89.00 NOTE
r-oldrel-windows-ix86+x86_64 0.11.0 14.00 82.00 96.00 OK

Check Details

Version: 0.11.0
Check: R code for possible problems
Result: NOTE
    process.CalMaTeCalibration: no visible binding for global variable
     ‘aromaSettings’
Flavors: r-devel-linux-x86_64-debian-clang, r-devel-linux-x86_64-debian-gcc, r-devel-linux-x86_64-fedora-clang, r-devel-linux-x86_64-fedora-gcc, r-devel-osx-x86_64-clang, r-devel-windows-ix86+x86_64, r-patched-linux-x86_64, r-patched-solaris-sparc, r-patched-solaris-x86, r-release-linux-ix86, r-release-linux-x86_64, r-release-windows-ix86+x86_64