CRAN Package Check Results for Package calmate

Last updated on 2015-05-30 15:47:38.

Flavor Version Tinstall Tcheck Ttotal Status Flags
r-devel-linux-x86_64-debian-clang 0.12.0 1.88 32.04 33.92 OK
r-devel-linux-x86_64-debian-gcc 0.12.0 1.84 30.67 32.51 OK
r-devel-linux-x86_64-fedora-clang 0.12.0 73.95 OK
r-devel-linux-x86_64-fedora-gcc 0.12.0 66.68 OK
r-devel-osx-x86_64-clang 0.12.0 64.09 OK
r-devel-windows-ix86+x86_64 0.12.0 6.00 52.00 58.00 OK
r-patched-linux-x86_64 0.12.0 1.89 31.63 33.52 OK
r-patched-solaris-sparc 0.12.0 410.10 OK
r-patched-solaris-x86 0.12.0 89.60 OK
r-release-linux-x86_64 0.12.0 1.94 32.74 34.68 OK
r-release-osx-x86_64-mavericks 0.12.0 OK
r-release-osx-x86_64-snowleopard 0.12.0 ERROR
r-release-windows-ix86+x86_64 0.12.0 6.00 53.00 59.00 OK
r-oldrel-windows-ix86+x86_64 0.12.0 15.00 85.00 100.00 OK

Check Details

Version: 0.12.0
Check: package dependencies
Result: ERROR
    Package required but not available: ‘aroma.core’
    
    Package suggested but not available for checking: ‘DNAcopy’
    
    See section ‘The DESCRIPTION file’ in the ‘Writing R Extensions’
    manual.
Flavor: r-release-osx-x86_64-snowleopard