Last updated on 2025-01-15 12:48:25 CET.
Flavor | Version | Tinstall | Tcheck | Ttotal | Status | Flags |
---|---|---|---|---|---|---|
r-devel-linux-x86_64-debian-clang | 0.13.0 | 5.10 | 55.99 | 61.09 | OK | |
r-devel-linux-x86_64-debian-gcc | 0.13.0 | 3.64 | 38.87 | 42.51 | OK | |
r-devel-linux-x86_64-fedora-clang | 0.13.0 | 97.85 | OK | |||
r-devel-linux-x86_64-fedora-gcc | 0.13.0 | 92.95 | OK | |||
r-devel-windows-x86_64 | 0.13.0 | 8.00 | 76.00 | 84.00 | OK | |
r-patched-linux-x86_64 | 0.13.0 | 4.41 | 53.19 | 57.60 | OK | |
r-release-linux-x86_64 | 0.13.0 | 4.88 | 52.50 | 57.38 | OK | |
r-release-macos-arm64 | 0.13.0 | 29.00 | OK | |||
r-release-macos-x86_64 | 0.13.0 | 53.00 | OK | |||
r-release-windows-x86_64 | 0.13.0 | 8.00 | 74.00 | 82.00 | OK | |
r-oldrel-macos-arm64 | 0.13.0 | 5.00 | ERROR | |||
r-oldrel-macos-x86_64 | 0.13.0 | 59.00 | OK | |||
r-oldrel-windows-x86_64 | 0.13.0 | 9.00 | 81.00 | 90.00 | OK |
Version: 0.13.0
Check: package dependencies
Result: ERROR
Package required but not available: ‘aroma.core’
See section ‘The DESCRIPTION file’ in the ‘Writing R Extensions’
manual.
Flavor: r-oldrel-macos-arm64