CRAN Package Check Results for Package calmate

Last updated on 2024-02-28 16:50:29 CET.

Flavor Version Tinstall Tcheck Ttotal Status Flags
r-devel-linux-x86_64-debian-clang 0.13.0 6.31 70.24 76.55 OK
r-devel-linux-x86_64-debian-gcc 0.13.0 5.42 54.05 59.47 OK
r-devel-linux-x86_64-fedora-clang 0.13.0 93.23 OK
r-devel-linux-x86_64-fedora-gcc 0.13.0 92.08 OK
r-devel-windows-x86_64 0.13.0 7.00 73.00 80.00 OK
r-patched-linux-x86_64 0.13.0 7.68 68.36 76.04 OK
r-release-linux-x86_64 0.13.0 5.32 69.31 74.63 OK
r-release-macos-arm64 0.13.0 5.00 ERROR
r-release-macos-x86_64 0.13.0 59.00 OK
r-release-windows-x86_64 0.13.0 9.00 86.00 95.00 OK
r-oldrel-macos-arm64 0.13.0 31.00 OK
r-oldrel-windows-x86_64 0.13.0 9.00 89.00 98.00 OK

Check Details

Version: 0.13.0
Check: package dependencies
Result: ERROR Package required but not available: ‘aroma.core’ See section ‘The DESCRIPTION file’ in the ‘Writing R Extensions’ manual. Flavor: r-release-macos-arm64