CRAN Package Check Results for Package calmate

Last updated on 2015-01-28 12:47:55.

Flavor Version Tinstall Tcheck Ttotal Status Flags
r-devel-linux-x86_64-debian-clang 0.11.0 2.13 30.47 32.60 NOTE
r-devel-linux-x86_64-debian-gcc 0.11.0 2.07 30.59 32.66 NOTE
r-devel-linux-x86_64-fedora-clang 0.11.0 91.33 NOTE
r-devel-linux-x86_64-fedora-gcc 0.11.0 92.52 NOTE
r-devel-osx-x86_64-clang 0.11.0 82.44 NOTE
r-devel-windows-ix86+x86_64 0.11.0 9.00 47.00 56.00 NOTE
r-patched-linux-x86_64 0.11.0 2.48 41.40 43.88 NOTE
r-patched-solaris-sparc 0.11.0 509.50 NOTE
r-patched-solaris-x86 0.11.0 114.00 NOTE
r-release-linux-ix86 0.11.0 2.96 50.84 53.80 NOTE
r-release-linux-x86_64 0.11.0 2.44 41.49 43.93 NOTE
r-release-osx-x86_64-mavericks 0.11.0 NOTE
r-release-osx-x86_64-snowleopard 0.11.0 OK
r-release-windows-ix86+x86_64 0.11.0 12.00 73.00 85.00 NOTE
r-oldrel-windows-ix86+x86_64 0.11.0 13.00 79.00 92.00 OK

Check Details

Version: 0.11.0
Check: R code for possible problems
Result: NOTE
    process.CalMaTeCalibration: no visible binding for global variable
     ‘aromaSettings’
Flavors: r-devel-linux-x86_64-debian-clang, r-devel-linux-x86_64-debian-gcc, r-devel-linux-x86_64-fedora-clang, r-devel-linux-x86_64-fedora-gcc, r-devel-osx-x86_64-clang, r-devel-windows-ix86+x86_64, r-patched-linux-x86_64, r-patched-solaris-sparc, r-patched-solaris-x86, r-release-linux-ix86, r-release-linux-x86_64, r-release-osx-x86_64-mavericks, r-release-windows-ix86+x86_64