CRAN Package Check Results for Package calmate

Last updated on 2014-10-30 12:51:28.

Flavor Version Tinstall Tcheck Ttotal Status Flags
r-devel-linux-x86_64-debian-clang 0.11.0 2.32 40.18 42.50 NOTE
r-devel-linux-x86_64-debian-gcc 0.11.0 2.29 39.69 41.98 NOTE
r-devel-linux-x86_64-fedora-clang 0.11.0 102.98 NOTE
r-devel-linux-x86_64-fedora-gcc 0.11.0 87.50 NOTE
r-devel-osx-x86_64-clang 0.11.0 80.70 NOTE
r-devel-windows-ix86+x86_64 0.11.0 11.00 62.00 73.00 NOTE
r-patched-linux-x86_64 0.11.0 2.48 40.93 43.41 NOTE
r-patched-solaris-sparc 0.11.0 454.00 NOTE
r-patched-solaris-x86 0.11.0 113.80 NOTE
r-release-linux-ix86 0.11.0 3.35 52.35 55.70 OK
r-release-linux-x86_64 0.11.0 2.67 40.29 42.96 OK
r-release-osx-x86_64-mavericks 0.11.0 OK
r-release-osx-x86_64-snowleopard 0.11.0 OK
r-release-windows-ix86+x86_64 0.11.0 12.00 71.00 83.00 OK
r-oldrel-windows-ix86+x86_64 0.11.0 12.00 70.00 82.00 OK

Check Details

Version: 0.11.0
Check: R code for possible problems
Result: NOTE
    process.CalMaTeCalibration: no visible binding for global variable
     ‘aromaSettings’
Flavors: r-devel-linux-x86_64-debian-clang, r-devel-linux-x86_64-debian-gcc, r-devel-linux-x86_64-fedora-clang, r-devel-linux-x86_64-fedora-gcc, r-devel-osx-x86_64-clang, r-devel-windows-ix86+x86_64, r-patched-linux-x86_64, r-patched-solaris-sparc, r-patched-solaris-x86