CRAN Package Check Results for Package calmate

Last updated on 2014-08-29 19:48:05.

Flavor Version Tinstall Tcheck Ttotal Status Flags
r-devel-linux-x86_64-debian-clang 0.11.0 2.19 35.35 37.54 NOTE
r-devel-linux-x86_64-debian-gcc 0.11.0 2.34 34.37 36.71 NOTE
r-devel-linux-x86_64-fedora-clang 0.11.0 84.85 NOTE
r-devel-linux-x86_64-fedora-gcc 0.11.0 77.96 NOTE
r-devel-osx-x86_64-clang 0.11.0 70.15 NOTE
r-devel-windows-ix86+x86_64 0.11.0 7.00 58.00 65.00 NOTE
r-patched-linux-x86_64 0.11.0 2.42 38.23 40.65 OK
r-patched-solaris-sparc 0.11.0 470.80 OK
r-patched-solaris-x86 0.11.0 105.90 OK
r-release-linux-ix86 0.11.0 3.33 51.39 54.72 OK
r-release-linux-x86_64 0.11.0 2.65 39.52 42.17 OK
r-release-osx-x86_64-mavericks 0.11.0 OK
r-release-osx-x86_64-snowleopard 0.11.0 OK
r-release-windows-ix86+x86_64 0.11.0 11.00 68.00 79.00 OK
r-oldrel-windows-ix86+x86_64 0.11.0 10.00 66.00 76.00 OK

Check Details

Version: 0.11.0
Check: R code for possible problems
Result: NOTE
    process.CalMaTeCalibration: no visible binding for global variable
     ‘aromaSettings’
Flavors: r-devel-linux-x86_64-debian-clang, r-devel-linux-x86_64-debian-gcc, r-devel-linux-x86_64-fedora-clang, r-devel-linux-x86_64-fedora-gcc, r-devel-osx-x86_64-clang, r-devel-windows-ix86+x86_64