CRAN Package Check Results for Package calmate

Last updated on 2018-05-27 02:46:23 CEST.

Flavor Version Tinstall Tcheck Ttotal Status Flags
r-devel-linux-x86_64-debian-clang 0.12.1 4.18 57.90 62.08 OK
r-devel-linux-x86_64-debian-gcc 0.12.1 3.53 45.12 48.65 OK
r-devel-linux-x86_64-fedora-clang 0.12.1 73.74 OK
r-devel-linux-x86_64-fedora-gcc 0.12.1 74.73 OK
r-devel-windows-ix86+x86_64 0.12.1 7.00 73.00 80.00 OK
r-patched-linux-x86_64 0.12.1 4.04 55.13 59.17 OK
r-patched-solaris-x86 0.12.1 98.30 OK
r-release-linux-x86_64 0.12.1 3.92 55.14 59.06 OK
r-release-windows-ix86+x86_64 0.12.1 11.00 68.00 79.00 OK
r-release-osx-x86_64 0.12.1 OK
r-oldrel-windows-ix86+x86_64 0.12.1 15.00 97.00 112.00 OK
r-oldrel-osx-x86_64 0.12.1 ERROR

Check Details

Version: 0.12.1
Check: package dependencies
Result: ERROR
    Package required but not available: ‘aroma.core’
    
    See section ‘The DESCRIPTION file’ in the ‘Writing R Extensions’
    manual.
Flavor: r-oldrel-osx-x86_64