CRAN Package Check Results for Package calmate

Last updated on 2015-07-30 05:46:28.

Flavor Version Tinstall Tcheck Ttotal Status Flags
r-devel-linux-x86_64-debian-clang 0.12.0 1.97 31.65 33.62 NOTE
r-devel-linux-x86_64-debian-gcc 0.12.0 1.97 31.48 33.45 NOTE
r-devel-linux-x86_64-fedora-clang 0.12.0 71.18 NOTE
r-devel-linux-x86_64-fedora-gcc 0.12.0 66.43 NOTE
r-devel-osx-x86_64-clang 0.12.0 59.72 OK
r-devel-windows-ix86+x86_64 0.12.0 9.00 50.00 59.00 NOTE
r-patched-linux-x86_64 0.12.0 1.88 31.95 33.83 OK
r-patched-solaris-sparc 0.12.0 412.90 OK
r-patched-solaris-x86 0.12.0 90.00 OK
r-release-linux-x86_64 0.12.0 1.89 32.34 34.22 OK
r-release-osx-x86_64-mavericks 0.12.0 OK
r-release-windows-ix86+x86_64 0.12.0 11.00 47.00 58.00 OK
r-oldrel-windows-ix86+x86_64 0.12.0 18.00 85.00 103.00 OK

Check Details

Version: 0.12.0
Check: R code for possible problems
Result: NOTE
    fitCalMaTeV2: no visible global function definition for ‘median’
    fitCalMaTeV2: no visible global function definition for ‘pnorm’
    Undefined global functions or variables:
     median pnorm
    Consider adding
     importFrom("stats", "median", "pnorm")
    to your NAMESPACE.
Flavors: r-devel-linux-x86_64-debian-clang, r-devel-linux-x86_64-debian-gcc, r-devel-linux-x86_64-fedora-clang, r-devel-linux-x86_64-fedora-gcc, r-devel-windows-ix86+x86_64