CRAN Package Check Results for Package calmate

Last updated on 2014-09-19 19:48:05.

Flavor Version Tinstall Tcheck Ttotal Status Flags
r-devel-linux-x86_64-debian-clang 0.11.0 2.34 36.84 39.18 NOTE
r-devel-linux-x86_64-debian-gcc 0.11.0 2.51 35.86 38.37 NOTE
r-devel-linux-x86_64-fedora-clang 0.11.0 84.26 NOTE
r-devel-linux-x86_64-fedora-gcc 0.11.0 78.99 NOTE
r-devel-osx-x86_64-clang 0.11.0 72.91 NOTE
r-devel-windows-ix86+x86_64 0.11.0 10.00 56.00 66.00 NOTE
r-patched-linux-x86_64 0.11.0 2.42 39.10 41.52 OK
r-patched-solaris-sparc 0.11.0 470.80 OK
r-patched-solaris-x86 0.11.0 104.90 OK
r-release-linux-ix86 0.11.0 3.33 51.73 55.06 OK
r-release-linux-x86_64 0.11.0 2.61 40.65 43.26 OK
r-release-osx-x86_64-mavericks 0.11.0 OK
r-release-osx-x86_64-snowleopard 0.11.0 OK
r-release-windows-ix86+x86_64 0.11.0 10.00 61.00 71.00 OK
r-oldrel-windows-ix86+x86_64 0.11.0 11.00 63.00 74.00 OK

Check Details

Version: 0.11.0
Check: R code for possible problems
Result: NOTE
    process.CalMaTeCalibration: no visible binding for global variable
     ‘aromaSettings’
Flavors: r-devel-linux-x86_64-debian-clang, r-devel-linux-x86_64-debian-gcc, r-devel-linux-x86_64-fedora-clang, r-devel-linux-x86_64-fedora-gcc, r-devel-osx-x86_64-clang, r-devel-windows-ix86+x86_64