CRAN Package Check Results for Package calmate

Last updated on 2015-08-31 16:51:39.

Flavor Version Tinstall Tcheck Ttotal Status Flags
r-devel-linux-x86_64-debian-clang 0.12.0 1.98 30.68 32.66 NOTE
r-devel-linux-x86_64-debian-gcc 0.12.0 1.81 30.07 31.88 NOTE
r-devel-linux-x86_64-fedora-clang 0.12.0 67.89 NOTE
r-devel-linux-x86_64-fedora-gcc 0.12.0 64.60 NOTE
r-devel-osx-x86_64-clang 0.12.0 59.17 OK
r-devel-windows-ix86+x86_64 0.12.0 11.00 55.00 66.00 NOTE
r-patched-linux-x86_64 0.12.0 1.96 32.68 34.63 OK
r-patched-solaris-sparc 0.12.0 412.90 OK
r-patched-solaris-x86 0.12.0 90.00 OK
r-release-linux-x86_64 0.12.0 1.93 32.45 34.38 OK
r-release-osx-x86_64-mavericks 0.12.0 OK
r-release-windows-ix86+x86_64 0.12.0 9.00 57.00 66.00 OK
r-oldrel-windows-ix86+x86_64 0.12.0 18.00 86.00 104.00 OK

Check Details

Version: 0.12.0
Check: R code for possible problems
Result: NOTE
    fitCalMaTeV2: no visible global function definition for ‘median’
    fitCalMaTeV2: no visible global function definition for ‘pnorm’
    Undefined global functions or variables:
     median pnorm
    Consider adding
     importFrom("stats", "median", "pnorm")
    to your NAMESPACE.
Flavors: r-devel-linux-x86_64-debian-clang, r-devel-linux-x86_64-debian-gcc, r-devel-linux-x86_64-fedora-clang, r-devel-linux-x86_64-fedora-gcc, r-devel-windows-ix86+x86_64