CRAN Package Check Results for Package calmate

Last updated on 2014-04-25 05:47:12.

Flavor Version Tinstall Tcheck Ttotal Status Flags
r-devel-linux-x86_64-debian-clang 0.11.0 2.72 41.86 44.58 OK
r-devel-linux-x86_64-debian-gcc 0.11.0 2.65 41.56 44.22 OK
r-devel-linux-x86_64-fedora-clang 0.11.0 88.33 OK
r-devel-linux-x86_64-fedora-gcc 0.11.0 86.41 OK
r-devel-osx-x86_64-clang 0.11.0 78.90 OK
r-devel-osx-x86_64-gcc 0.11.0 ERROR
r-devel-windows-ix86+x86_64 0.11.0 11.00 57.00 68.00 OK
r-patched-linux-x86_64 0.11.0 3.04 41.01 44.05 OK
r-patched-solaris-sparc 0.11.0 494.50 OK
r-patched-solaris-x86 0.11.0 111.50 OK
r-release-linux-ix86 0.11.0 4.00 70.00 74.00 OK
r-release-linux-x86_64 0.11.0 2.63 41.36 44.00 OK
r-release-osx-x86_64-mavericks 0.11.0 ERROR
r-release-osx-x86_64-snowleopard 0.11.0 OK
r-release-windows-ix86+x86_64 0.11.0 11.00 61.00 72.00 OK
r-oldrel-windows-ix86+x86_64 0.11.0 11.00 65.00 76.00 OK

Check Details

Version: 0.11.0
Check: package dependencies
Result: ERROR
    Package required but not available: ‘aroma.core’
    
    See the information on DESCRIPTION files in the chapter ‘Creating R
    packages’ of the ‘Writing R Extensions’ manual.
Flavors: r-devel-osx-x86_64-gcc, r-release-osx-x86_64-mavericks