CRAN Package Check Results for Package calmate

Last updated on 2017-04-28 05:48:18.

Flavor Version Tinstall Tcheck Ttotal Status Flags
r-devel-linux-x86_64-debian-clang 0.12.1 3.99 54.52 58.51 OK
r-devel-linux-x86_64-debian-gcc 0.12.1 4.02 52.70 56.73 OK
r-devel-linux-x86_64-fedora-clang 0.12.1 113.19 OK --no-stop-on-test-error
r-devel-linux-x86_64-fedora-gcc 0.12.1 109.09 OK --no-stop-on-test-error
r-devel-windows-ix86+x86_64 0.12.1 10.00 114.00 124.00 OK
r-patched-linux-x86_64 0.12.1 3.95 52.74 56.69 OK
r-patched-solaris-sparc 0.12.1 662.70 OK
r-patched-solaris-x86 0.12.1 124.50 OK
r-release-linux-x86_64 0.12.1 3.86 54.28 58.14 OK
r-release-windows-ix86+x86_64 0.12.1 10.00 91.00 101.00 OK
r-release-osx-x86_64 0.12.1 ERROR
r-oldrel-windows-ix86+x86_64 0.12.1 10.00 60.00 70.00 OK
r-oldrel-osx-x86_64 0.12.1 OK

Check Details

Version: 0.12.1
Check: package dependencies
Result: ERROR
    Package required but not available: ‘aroma.core’
    
    See section ‘The DESCRIPTION file’ in the ‘Writing R Extensions’
    manual.
Flavor: r-release-osx-x86_64