CRAN Package Check Results for Package camel

Last updated on 2014-10-24 16:46:40.

Flavor Version Tinstall Tcheck Ttotal Status Flags
r-devel-linux-x86_64-debian-clang 0.2.0 5.60 60.34 65.93 NOTE
r-devel-linux-x86_64-debian-gcc 0.2.0 5.85 60.84 66.69 NOTE
r-devel-linux-x86_64-fedora-clang 0.2.0 144.83 NOTE
r-devel-linux-x86_64-fedora-gcc 0.2.0 160.53 NOTE
r-devel-osx-x86_64-clang 0.2.0 113.68 NOTE
r-devel-windows-ix86+x86_64 0.2.0 23.00 120.00 143.00 NOTE
r-patched-linux-x86_64 0.2.0 6.11 62.36 68.47 NOTE
r-patched-solaris-sparc 0.2.0 863.70 NOTE
r-patched-solaris-x86 0.2.0 203.10 NOTE
r-release-linux-ix86 0.2.0 7.66 75.46 83.12 OK
r-release-linux-x86_64 0.2.0 6.09 63.76 69.86 OK
r-release-osx-x86_64-mavericks 0.2.0 OK
r-release-osx-x86_64-snowleopard 0.2.0 OK
r-release-windows-ix86+x86_64 0.2.0 24.00 130.00 154.00 OK
r-oldrel-windows-ix86+x86_64 0.2.0 23.00 128.00 151.00 OK

Check Details

Version: 0.2.0
Check: compiled code
Result: NOTE
    File ‘camel/libs/camel.so’:
     Found ‘rand’, possibly from ‘rand’ (C)
     Object: ‘SFGen.o’
     Found ‘srand’, possibly from ‘srand’ (C)
     Object: ‘SFGen.o’
    
    Compiled code should not call entry points which might terminate R nor
    write to stdout/stderr instead of to the console, nor the C RNG.
    
    See ‘Writing portable packages’ in the ‘Writing R Extensions’ manual.
Flavors: r-devel-linux-x86_64-debian-clang, r-devel-linux-x86_64-debian-gcc, r-devel-linux-x86_64-fedora-clang, r-devel-linux-x86_64-fedora-gcc, r-patched-linux-x86_64, r-patched-solaris-sparc, r-patched-solaris-x86

Version: 0.2.0
Check: compiled code
Result: NOTE
    File ‘camel/libs/camel.so’:
     Found ‘_rand’, possibly from ‘rand’ (C)
     Object: ‘SFGen.o’
     Found ‘_srand’, possibly from ‘srand’ (C)
     Object: ‘SFGen.o’
    
    Compiled code should not call entry points which might terminate R nor
    write to stdout/stderr instead of to the console, nor the C RNG.
    
    See ‘Writing portable packages’ in the ‘Writing R Extensions’ manual.
Flavor: r-devel-osx-x86_64-clang

Version: 0.2.0
Check: compiled code
Result: NOTE
    File 'camel/libs/i386/camel.dll':
     Found 'rand', possibly from 'rand' (C)
     Object: 'SFGen.o'
     Found 'srand', possibly from 'srand' (C)
     Object: 'SFGen.o'
    File 'camel/libs/x64/camel.dll':
     Found 'rand', possibly from 'rand' (C)
     Object: 'SFGen.o'
     Found 'srand', possibly from 'srand' (C)
     Object: 'SFGen.o'
    
    Compiled code should not call entry points which might terminate R nor
    write to stdout/stderr instead of to the console, nor the C RNG.
    
    See 'Writing portable packages' in the 'Writing R Extensions' manual.
Flavor: r-devel-windows-ix86+x86_64