CRAN Package Check Results for Package camel

Last updated on 2014-09-18 03:47:46.

Flavor Version Tinstall Tcheck Ttotal Status Flags
r-devel-linux-x86_64-debian-clang 0.2.0 5.34 60.25 65.59 NOTE
r-devel-linux-x86_64-debian-gcc 0.2.0 5.87 59.31 65.18 NOTE
r-devel-linux-x86_64-fedora-clang 0.2.0 142.84 NOTE
r-devel-linux-x86_64-fedora-gcc 0.2.0 141.65 NOTE
r-devel-osx-x86_64-clang 0.2.0 110.20 NOTE
r-devel-windows-ix86+x86_64 0.2.0 24.00 119.00 143.00 NOTE
r-patched-linux-x86_64 0.2.0 6.28 61.73 68.01 OK
r-patched-solaris-sparc 0.2.0 857.70 OK
r-patched-solaris-x86 0.2.0 200.80 OK
r-release-linux-ix86 0.2.0 7.54 75.36 82.90 OK
r-release-linux-x86_64 0.2.0 8.90 63.29 72.20 OK
r-release-osx-x86_64-mavericks 0.2.0 OK
r-release-osx-x86_64-snowleopard 0.2.0 OK
r-release-windows-ix86+x86_64 0.2.0 23.00 128.00 151.00 OK
r-oldrel-windows-ix86+x86_64 0.2.0 23.00 118.00 141.00 OK

Check Details

Version: 0.2.0
Check: compiled code
Result: NOTE
    File ‘camel/libs/camel.so’:
     Found ‘rand’, possibly from ‘rand’ (C)
     Object: ‘SFGen.o’
     Found ‘srand’, possibly from ‘srand’ (C)
     Object: ‘SFGen.o’
    
    Compiled code should not call entry points which might terminate R nor
    write to stdout/stderr instead of to the console, nor the C RNG.
    
    See ‘Writing portable packages’ in the ‘Writing R Extensions’ manual.
Flavors: r-devel-linux-x86_64-debian-clang, r-devel-linux-x86_64-debian-gcc, r-devel-linux-x86_64-fedora-clang, r-devel-linux-x86_64-fedora-gcc

Version: 0.2.0
Check: compiled code
Result: NOTE
    File ‘camel/libs/camel.so’:
     Found ‘_rand’, possibly from ‘rand’ (C)
     Object: ‘SFGen.o’
     Found ‘_srand’, possibly from ‘srand’ (C)
     Object: ‘SFGen.o’
    
    Compiled code should not call entry points which might terminate R nor
    write to stdout/stderr instead of to the console, nor the C RNG.
    
    See ‘Writing portable packages’ in the ‘Writing R Extensions’ manual.
Flavor: r-devel-osx-x86_64-clang

Version: 0.2.0
Check: compiled code
Result: NOTE
    File 'camel/libs/i386/camel.dll':
     Found 'rand', possibly from 'rand' (C)
     Object: 'SFGen.o'
     Found 'srand', possibly from 'srand' (C)
     Object: 'SFGen.o'
    File 'camel/libs/x64/camel.dll':
     Found 'rand', possibly from 'rand' (C)
     Object: 'SFGen.o'
     Found 'srand', possibly from 'srand' (C)
     Object: 'SFGen.o'
    
    Compiled code should not call entry points which might terminate R nor
    write to stdout/stderr instead of to the console, nor the C RNG.
    
    See 'Writing portable packages' in the 'Writing R Extensions' manual.
Flavor: r-devel-windows-ix86+x86_64