CRAN Package Check Results for Package camel

Last updated on 2014-04-24 17:49:40.

Flavor Version Tinstall Tcheck Ttotal Status Flags
r-devel-linux-x86_64-debian-clang 0.2.0 5.45 64.73 70.18 OK
r-devel-linux-x86_64-debian-gcc 0.2.0 6.11 63.56 69.68 OK
r-devel-linux-x86_64-fedora-clang 0.2.0 152.61 OK
r-devel-linux-x86_64-fedora-gcc 0.2.0 150.34 OK
r-devel-osx-x86_64-clang 0.2.0 108.39 OK
r-devel-osx-x86_64-gcc 0.2.0 ERROR
r-devel-windows-ix86+x86_64 0.2.0 26.00 132.00 158.00 OK
r-patched-linux-x86_64 0.2.0 8.10 63.78 71.88 OK
r-patched-solaris-sparc 0.2.0 845.00 OK
r-patched-solaris-x86 0.2.0 202.30 OK
r-release-linux-ix86 0.2.0 10.00 101.00 111.00 OK
r-release-linux-x86_64 0.2.0 7.64 64.49 72.12 OK
r-release-osx-x86_64-mavericks 0.2.0 WARN
r-release-osx-x86_64-snowleopard 0.2.0 OK
r-release-windows-ix86+x86_64 0.2.0 23.00 123.00 146.00 OK
r-oldrel-windows-ix86+x86_64 0.2.0 23.00 132.00 155.00 OK

Check Details

Version: 0.2.0
Check: package dependencies
Result: ERROR
    Package required but not available: ‘igraph’
    
    See the information on DESCRIPTION files in the chapter ‘Creating R
    packages’ of the ‘Writing R Extensions’ manual.
Flavor: r-devel-osx-x86_64-gcc

Version: 0.2.0
Check: PDF version of manual
Result: WARNING
    LaTeX errors when creating PDF version.
    This typically indicates Rd problems.
    LaTeX errors found:
    ! LaTeX Error: File `upquote.sty' not found.
    
    Type X to quit or <RETURN> to proceed,
    or enter new name. (Default extension: sty)
    
    ac37139/Rd2.tex:8: ==> Fatal error occurred, no output PDF file produced!
Flavor: r-release-osx-x86_64-mavericks