CRAN Package Check Results for Package camel

Last updated on 2014-11-26 16:48:55.

Flavor Version Tinstall Tcheck Ttotal Status Flags
r-devel-linux-x86_64-debian-clang 0.2.0 5.46 61.49 66.95 NOTE
r-devel-linux-x86_64-debian-gcc 0.2.0 5.94 58.53 64.46 NOTE
r-devel-linux-x86_64-fedora-clang 0.2.0 150.74 NOTE
r-devel-linux-x86_64-fedora-gcc 0.2.0 143.07 NOTE
r-devel-osx-x86_64-clang 0.2.0 116.25 NOTE
r-devel-windows-ix86+x86_64 0.2.0 24.00 125.00 149.00 NOTE
r-patched-linux-x86_64 0.2.0 5.99 65.12 71.11 NOTE
r-patched-solaris-sparc 0.2.0 863.70 NOTE
r-patched-solaris-x86 0.2.0 202.90 NOTE
r-release-linux-ix86 0.2.0 7.24 71.15 78.39 NOTE
r-release-linux-x86_64 0.2.0 6.06 62.02 68.08 NOTE
r-release-osx-x86_64-mavericks 0.2.0 OK
r-release-osx-x86_64-snowleopard 0.2.0 OK
r-release-windows-ix86+x86_64 0.2.0 22.00 127.00 149.00 NOTE
r-oldrel-windows-ix86+x86_64 0.2.0 24.00 129.00 153.00 OK

Check Details

Version: 0.2.0
Check: compiled code
Result: NOTE
    File ‘camel/libs/camel.so’:
     Found ‘rand’, possibly from ‘rand’ (C)
     Object: ‘SFGen.o’
     Found ‘srand’, possibly from ‘srand’ (C)
     Object: ‘SFGen.o’
    
    Compiled code should not call entry points which might terminate R nor
    write to stdout/stderr instead of to the console, nor the C RNG.
    
    See ‘Writing portable packages’ in the ‘Writing R Extensions’ manual.
Flavors: r-devel-linux-x86_64-debian-clang, r-devel-linux-x86_64-debian-gcc, r-devel-linux-x86_64-fedora-clang, r-devel-linux-x86_64-fedora-gcc, r-patched-linux-x86_64, r-patched-solaris-sparc, r-patched-solaris-x86, r-release-linux-ix86, r-release-linux-x86_64

Version: 0.2.0
Check: compiled code
Result: NOTE
    File ‘camel/libs/camel.so’:
     Found ‘_rand’, possibly from ‘rand’ (C)
     Object: ‘SFGen.o’
     Found ‘_srand’, possibly from ‘srand’ (C)
     Object: ‘SFGen.o’
    
    Compiled code should not call entry points which might terminate R nor
    write to stdout/stderr instead of to the console, nor the C RNG.
    
    See ‘Writing portable packages’ in the ‘Writing R Extensions’ manual.
Flavor: r-devel-osx-x86_64-clang

Version: 0.2.0
Check: compiled code
Result: NOTE
    File 'camel/libs/i386/camel.dll':
     Found 'rand', possibly from 'rand' (C)
     Object: 'SFGen.o'
     Found 'srand', possibly from 'srand' (C)
     Object: 'SFGen.o'
    File 'camel/libs/x64/camel.dll':
     Found 'rand', possibly from 'rand' (C)
     Object: 'SFGen.o'
     Found 'srand', possibly from 'srand' (C)
     Object: 'SFGen.o'
    
    Compiled code should not call entry points which might terminate R nor
    write to stdout/stderr instead of to the console, nor the C RNG.
    
    See 'Writing portable packages' in the 'Writing R Extensions' manual.
Flavors: r-devel-windows-ix86+x86_64, r-release-windows-ix86+x86_64