CRAN Package Check Results for Package camsRad

Last updated on 2019-03-24 16:49:26 CET.

Flavor Version Tinstall Tcheck Ttotal Status Flags
r-devel-linux-x86_64-debian-clang 0.3.0 1.76 20.26 22.02 OK
r-devel-linux-x86_64-debian-gcc 0.3.0 1.38 16.68 18.06 OK
r-devel-linux-x86_64-fedora-clang 0.3.0 27.17 OK
r-devel-linux-x86_64-fedora-gcc 0.3.0 25.83 OK
r-devel-windows-ix86+x86_64 0.3.0 5.00 49.00 54.00 OK
r-patched-linux-x86_64 0.3.0 0.96 19.38 20.34 OK
r-patched-solaris-x86 0.3.0 37.60 OK
r-release-linux-x86_64 0.3.0 0.98 19.18 20.16 OK
r-release-windows-ix86+x86_64 0.3.0 3.00 32.00 35.00 OK
r-release-osx-x86_64 0.3.0 OK
r-oldrel-windows-ix86+x86_64 0.3.0 2.00 36.00 38.00 OK
r-oldrel-osx-x86_64 0.3.0 NOTE

Check Details

Version: 0.3.0
Check: package dependencies
Result: NOTE
    Package suggested but not available for checking: ‘ncdf4’
Flavor: r-oldrel-osx-x86_64