CRAN Package Check Results for Package cancerTiming

Last updated on 2017-05-25 06:47:36.

Flavor Version Tinstall Tcheck Ttotal Status Flags
r-devel-linux-x86_64-debian-clang 3.1.8 2.86 30.82 33.68 OK
r-devel-linux-x86_64-debian-gcc 3.1.8 0.93 23.31 24.24 OK
r-devel-linux-x86_64-fedora-clang 3.1.8 45.01 OK --no-stop-on-test-error
r-devel-linux-x86_64-fedora-gcc 3.1.8 41.83 OK --no-stop-on-test-error
r-devel-windows-ix86+x86_64 3.1.8 3.00 74.00 77.00 OK
r-patched-linux-x86_64 3.1.8 0.83 22.80 23.63 OK
r-patched-solaris-sparc 3.1.8 266.00 OK
r-patched-solaris-x86 3.1.8 56.90 OK
r-release-linux-x86_64 3.1.8 0.80 23.07 23.87 OK
r-release-windows-ix86+x86_64 3.1.8 6.00 220.00 226.00 OK
r-release-osx-x86_64 3.1.8 NOTE
r-oldrel-windows-ix86+x86_64 3.1.8 6.00 72.00 78.00 OK
r-oldrel-osx-x86_64 3.1.8 OK

Check Details

Version: 3.1.8
Check: package dependencies
Result: NOTE
    Packages suggested but not available for checking:
     ‘GenomicRanges’ ‘IRanges’ ‘S4Vectors’
Flavor: r-release-osx-x86_64

Version: 3.1.8
Check: Rd cross-references
Result: NOTE
    Package unavailable to check Rd xrefs: ‘GenomicRanges’
Flavor: r-release-osx-x86_64