CRAN Package Check Results for Package cancerTiming

Last updated on 2018-06-21 23:50:12 CEST.

Flavor Version Tinstall Tcheck Ttotal Status Flags
r-devel-linux-x86_64-debian-clang 3.1.8 3.45 32.83 36.28 OK
r-devel-linux-x86_64-debian-gcc 3.1.8 2.42 30.43 32.85 OK
r-devel-linux-x86_64-fedora-clang 3.1.8 49.75 OK
r-devel-linux-x86_64-fedora-gcc 3.1.8 46.22 OK
r-devel-windows-ix86+x86_64 3.1.8 8.00 67.00 75.00 OK
r-patched-linux-x86_64 3.1.8 3.35 35.63 38.98 OK
r-patched-solaris-x86 3.1.8 66.90 OK
r-release-linux-x86_64 3.1.8 3.11 35.52 38.63 OK
r-release-windows-ix86+x86_64 3.1.8 5.00 65.00 70.00 OK
r-release-osx-x86_64 3.1.8 OK
r-oldrel-windows-ix86+x86_64 3.1.8 7.00 47.00 54.00 OK
r-oldrel-osx-x86_64 3.1.8 NOTE

Check Details

Version: 3.1.8
Check: package dependencies
Result: NOTE
    Packages suggested but not available for checking:
     ‘GenomicRanges’ ‘IRanges’ ‘S4Vectors’
Flavor: r-oldrel-osx-x86_64

Version: 3.1.8
Check: Rd cross-references
Result: NOTE
    Package unavailable to check Rd xrefs: ‘GenomicRanges’
Flavor: r-oldrel-osx-x86_64