CRAN Package Check Results for Package cancerTiming

Last updated on 2017-06-25 22:47:46.

Flavor Version Tinstall Tcheck Ttotal Status Flags
r-devel-linux-x86_64-debian-clang 3.1.8 0.79 23.91 24.70 OK
r-devel-linux-x86_64-debian-gcc 3.1.8 0.85 23.30 24.15 OK
r-devel-linux-x86_64-fedora-clang 3.1.8 44.59 OK
r-devel-linux-x86_64-fedora-gcc 3.1.8 42.40 OK
r-devel-windows-ix86+x86_64 3.1.8 4.00 61.00 65.00 OK
r-patched-linux-x86_64 3.1.8 0.86 23.16 24.02 OK
r-patched-solaris-sparc 3.1.8 266.00 OK
r-patched-solaris-x86 3.1.8 55.60 OK
r-release-linux-x86_64 3.1.8 0.90 23.42 24.32 OK
r-release-windows-ix86+x86_64 3.1.8 6.00 62.00 68.00 OK
r-release-osx-x86_64 3.1.8 NOTE
r-oldrel-windows-ix86+x86_64 3.1.8 2.00 58.00 60.00 OK
r-oldrel-osx-x86_64 3.1.8 OK

Check Details

Version: 3.1.8
Check: package dependencies
Result: NOTE
    Packages suggested but not available for checking:
     ‘GenomicRanges’ ‘IRanges’ ‘S4Vectors’
Flavor: r-release-osx-x86_64

Version: 3.1.8
Check: Rd cross-references
Result: NOTE
    Package unavailable to check Rd xrefs: ‘GenomicRanges’
Flavor: r-release-osx-x86_64