CRAN Package Check Results for Package cancerTiming

Last updated on 2017-08-18 02:48:52.

Flavor Version Tinstall Tcheck Ttotal Status Flags
r-devel-linux-x86_64-debian-clang 3.1.8 0.98 24.60 25.58 OK
r-devel-linux-x86_64-debian-gcc 3.1.8 0.79 23.26 24.04 OK
r-devel-linux-x86_64-fedora-clang 3.1.8 44.85 OK
r-devel-linux-x86_64-fedora-gcc 3.1.8 44.73 OK
r-devel-windows-ix86+x86_64 3.1.8 3.00 43.00 46.00 OK
r-patched-linux-x86_64 3.1.8 0.88 23.84 24.72 OK
r-patched-solaris-x86 3.1.8 56.40 OK
r-release-linux-x86_64 3.1.8 0.88 23.86 24.74 OK
r-release-windows-ix86+x86_64 3.1.8 3.00 44.00 47.00 OK
r-release-osx-x86_64 3.1.8 NOTE
r-oldrel-windows-ix86+x86_64 3.1.8 3.00 57.00 60.00 OK
r-oldrel-osx-x86_64 3.1.8 OK

Check Details

Version: 3.1.8
Check: package dependencies
Result: NOTE
    Packages suggested but not available for checking:
     ‘GenomicRanges’ ‘IRanges’ ‘S4Vectors’
Flavor: r-release-osx-x86_64

Version: 3.1.8
Check: Rd cross-references
Result: NOTE
    Package unavailable to check Rd xrefs: ‘GenomicRanges’
Flavor: r-release-osx-x86_64