CRAN Package Check Results for Package cancerTiming

Last updated on 2014-12-19 09:50:52.

Flavor Version Tinstall Tcheck Ttotal Status Flags
r-devel-linux-x86_64-debian-clang 2.0.0 0.70 16.98 17.68 NOTE
r-devel-linux-x86_64-debian-gcc 2.0.0 0.65 16.66 17.30 NOTE
r-devel-linux-x86_64-fedora-clang 2.0.0 37.82 NOTE
r-devel-linux-x86_64-fedora-gcc 2.0.0 34.40 NOTE
r-devel-osx-x86_64-clang 2.0.0 35.90 NOTE
r-devel-windows-ix86+x86_64 2.0.0 6.00 33.00 39.00 NOTE
r-patched-linux-x86_64 2.0.0 0.74 17.03 17.78 NOTE
r-patched-solaris-sparc 2.0.0 198.20 NOTE
r-patched-solaris-x86 2.0.0 47.10 NOTE
r-release-linux-ix86 2.0.0 0.96 22.94 23.90 NOTE
r-release-linux-x86_64 2.0.0 0.68 16.95 17.62 NOTE
r-release-osx-x86_64-mavericks 2.0.0 NOTE
r-release-osx-x86_64-snowleopard 2.0.0 OK
r-release-windows-ix86+x86_64 2.0.0 2.00 25.00 27.00 NOTE
r-oldrel-windows-ix86+x86_64 2.0.0 4.00 32.00 36.00 OK

Check Details

Version: 2.0.0
Check: R code for possible problems
Result: NOTE
    labelSeg: no visible global function definition for ‘GRanges’
    labelSeg: no visible global function definition for ‘IRanges’
    labelSeg: no visible global function definition for ‘findOverlaps’
    labelSeg: no visible global function definition for ‘subsetByOverlaps’
    labelSeg: no visible global function definition for ‘subjectHits’
    labelSeg: no visible global function definition for ‘queryHits’
    labelSeg: no visible global function definition for ‘pintersect’
    labelSeg: no visible global function definition for ‘width’
    labelSeg: no visible global function definition for ‘values’
    labelSeg : <anonymous>: no visible global function definition for
     ‘values’
Flavors: r-devel-linux-x86_64-debian-clang, r-devel-linux-x86_64-debian-gcc, r-devel-linux-x86_64-fedora-clang, r-devel-linux-x86_64-fedora-gcc, r-devel-osx-x86_64-clang, r-devel-windows-ix86+x86_64, r-patched-linux-x86_64, r-patched-solaris-sparc, r-patched-solaris-x86, r-release-linux-ix86, r-release-linux-x86_64, r-release-osx-x86_64-mavericks, r-release-windows-ix86+x86_64

Version: 2.0.0
Check: package dependencies
Result: NOTE
    Package suggested but not available for checking: ‘GenomicRanges’
Flavor: r-release-osx-x86_64-mavericks

Version: 2.0.0
Check: Rd cross-references
Result: NOTE
    Package unavailable to check Rd xrefs: ‘IRanges’
Flavor: r-release-osx-x86_64-mavericks