CRAN Package Check Results for Package cancerTiming

Last updated on 2017-12-12 00:46:36 CET.

Flavor Version Tinstall Tcheck Ttotal Status Flags
r-devel-linux-x86_64-debian-clang 3.1.8 1.05 30.51 31.56 OK
r-devel-linux-x86_64-debian-gcc 3.1.8 0.68 27.54 28.22 OK
r-devel-linux-x86_64-fedora-clang 3.1.8 40.53 OK
r-devel-linux-x86_64-fedora-gcc 3.1.8 38.95 OK
r-devel-windows-ix86+x86_64 3.1.8 4.00 44.00 48.00 OK
r-patched-linux-x86_64 3.1.8 1.12 36.57 37.69 OK
r-patched-solaris-x86 3.1.8 57.70 OK
r-release-linux-x86_64 3.1.8 1.09 36.90 37.99 OK
r-release-windows-ix86+x86_64 3.1.8 4.00 70.00 74.00 OK
r-release-osx-x86_64 3.1.8 NOTE
r-oldrel-windows-ix86+x86_64 3.1.8 7.00 56.00 63.00 OK
r-oldrel-osx-x86_64 3.1.8 OK

Check Details

Version: 3.1.8
Check: package dependencies
Result: NOTE
    Packages suggested but not available for checking:
     ‘GenomicRanges’ ‘IRanges’ ‘S4Vectors’
Flavor: r-release-osx-x86_64

Version: 3.1.8
Check: Rd cross-references
Result: NOTE
    Package unavailable to check Rd xrefs: ‘GenomicRanges’
Flavor: r-release-osx-x86_64