CRAN Package Check Results for Package cancerTiming

Last updated on 2017-10-18 08:48:04.

Flavor Version Tinstall Tcheck Ttotal Status Flags
r-devel-linux-x86_64-debian-clang 3.1.8 0.83 24.00 24.82 OK
r-devel-linux-x86_64-debian-gcc 3.1.8 1.00 27.05 28.06 OK
r-devel-linux-x86_64-fedora-clang 3.1.8 45.41 OK
r-devel-linux-x86_64-fedora-gcc 3.1.8 46.88 OK
r-devel-windows-ix86+x86_64 3.1.8 3.00 45.00 48.00 OK
r-patched-linux-x86_64 3.1.8 0.75 23.59 24.33 OK
r-patched-solaris-x86 3.1.8 58.40 OK
r-release-linux-x86_64 3.1.8 0.84 25.26 26.10 OK
r-release-windows-ix86+x86_64 3.1.8 4.00 43.00 47.00 OK
r-release-osx-x86_64 3.1.8 NOTE
r-oldrel-windows-ix86+x86_64 3.1.8 3.00 53.00 56.00 OK
r-oldrel-osx-x86_64 3.1.8 OK

Check Details

Version: 3.1.8
Check: package dependencies
Result: NOTE
    Packages suggested but not available for checking:
     ‘GenomicRanges’ ‘IRanges’ ‘S4Vectors’
Flavor: r-release-osx-x86_64

Version: 3.1.8
Check: Rd cross-references
Result: NOTE
    Package unavailable to check Rd xrefs: ‘GenomicRanges’
Flavor: r-release-osx-x86_64