CRAN Package Check Results for Package cancerTiming

Last updated on 2018-02-19 21:49:24 CET.

Flavor Version Tinstall Tcheck Ttotal Status Flags
r-devel-linux-x86_64-debian-clang 3.1.8 2.26 33.20 35.46 OK
r-devel-linux-x86_64-debian-gcc 3.1.8 2.60 27.57 30.17 OK
r-devel-linux-x86_64-fedora-clang 3.1.8 37.48 NOTE
r-devel-linux-x86_64-fedora-gcc 3.1.8 35.75 NOTE
r-devel-windows-ix86+x86_64 3.1.8 6.00 45.00 51.00 OK
r-patched-linux-x86_64 3.1.8 0.92 36.61 37.53 OK
r-patched-solaris-x86 3.1.8 56.30 OK
r-release-linux-x86_64 3.1.8 0.78 36.64 37.42 OK
r-release-windows-ix86+x86_64 3.1.8 6.00 59.00 65.00 OK
r-release-osx-x86_64 3.1.8 NOTE
r-oldrel-windows-ix86+x86_64 3.1.8 6.00 55.00 61.00 OK
r-oldrel-osx-x86_64 3.1.8 OK

Check Details

Version: 3.1.8
Check: package dependencies
Result: NOTE
    Packages suggested but not available for checking:
     ‘GenomicRanges’ ‘IRanges’ ‘S4Vectors’
Flavors: r-devel-linux-x86_64-fedora-clang, r-devel-linux-x86_64-fedora-gcc, r-release-osx-x86_64

Version: 3.1.8
Check: Rd cross-references
Result: NOTE
    Package unavailable to check Rd xrefs: ‘GenomicRanges’
Flavors: r-devel-linux-x86_64-fedora-clang, r-devel-linux-x86_64-fedora-gcc, r-release-osx-x86_64