CRAN Package Check Results for Package cancerTiming

Last updated on 2014-09-22 11:56:20.

Flavor Version Tinstall Tcheck Ttotal Status Flags
r-devel-linux-x86_64-debian-clang 2.0.0 0.64 16.10 16.74 NOTE
r-devel-linux-x86_64-debian-gcc 2.0.0 0.62 15.87 16.49 NOTE
r-devel-linux-x86_64-fedora-clang 2.0.0 34.77 NOTE
r-devel-linux-x86_64-fedora-gcc 2.0.0 32.93 NOTE
r-devel-osx-x86_64-clang 2.0.0 34.72 NOTE
r-devel-windows-ix86+x86_64 2.0.0 2.00 25.00 27.00 NOTE
r-patched-linux-x86_64 2.0.0 0.90 17.80 18.70 OK
r-patched-solaris-sparc 2.0.0 222.80 OK
r-patched-solaris-x86 2.0.0 49.90 OK
r-release-linux-ix86 2.0.0 0.97 25.23 26.20 OK
r-release-linux-x86_64 2.0.0 0.69 19.69 20.38 OK
r-release-osx-x86_64-mavericks 2.0.0 NOTE
r-release-osx-x86_64-snowleopard 2.0.0 OK
r-release-windows-ix86+x86_64 2.0.0 4.00 29.00 33.00 OK
r-oldrel-windows-ix86+x86_64 2.0.0 4.00 32.00 36.00 OK

Check Details

Version: 2.0.0
Check: R code for possible problems
Result: NOTE
    labelSeg: no visible global function definition for ‘GRanges’
    labelSeg: no visible global function definition for ‘IRanges’
    labelSeg: no visible global function definition for ‘findOverlaps’
    labelSeg: no visible global function definition for ‘subsetByOverlaps’
    labelSeg: no visible global function definition for ‘subjectHits’
    labelSeg: no visible global function definition for ‘queryHits’
    labelSeg: no visible global function definition for ‘pintersect’
    labelSeg: no visible global function definition for ‘width’
    labelSeg: no visible global function definition for ‘values’
    labelSeg : <anonymous>: no visible global function definition for
     ‘values’
Flavors: r-devel-linux-x86_64-debian-clang, r-devel-linux-x86_64-debian-gcc, r-devel-linux-x86_64-fedora-clang, r-devel-linux-x86_64-fedora-gcc, r-devel-osx-x86_64-clang, r-devel-windows-ix86+x86_64, r-release-osx-x86_64-mavericks

Version: 2.0.0
Check: package dependencies
Result: NOTE
    Package suggested but not available for checking: ‘GenomicRanges’
Flavor: r-release-osx-x86_64-mavericks

Version: 2.0.0
Check: Rd cross-references
Result: NOTE
    Package unavailable to check Rd xrefs: ‘IRanges’
Flavor: r-release-osx-x86_64-mavericks