CRAN Package Check Results for Package cancerTiming

Last updated on 2014-11-24 16:47:07.

Flavor Version Tinstall Tcheck Ttotal Status Flags
r-devel-linux-x86_64-debian-clang 2.0.0 0.67 16.94 17.60 NOTE
r-devel-linux-x86_64-debian-gcc 2.0.0 0.68 16.47 17.14 NOTE
r-devel-linux-x86_64-fedora-clang 2.0.0 37.02 NOTE
r-devel-linux-x86_64-fedora-gcc 2.0.0 33.99 NOTE
r-devel-osx-x86_64-clang 2.0.0 36.46 NOTE
r-devel-windows-ix86+x86_64 2.0.0 2.00 25.00 27.00 NOTE
r-patched-linux-x86_64 2.0.0 0.67 17.22 17.90 NOTE
r-patched-solaris-sparc 2.0.0 198.20 NOTE
r-patched-solaris-x86 2.0.0 47.00 NOTE
r-release-linux-ix86 2.0.0 0.98 22.53 23.52 NOTE
r-release-linux-x86_64 2.0.0 0.80 16.83 17.63 NOTE
r-release-osx-x86_64-mavericks 2.0.0 NOTE
r-release-osx-x86_64-snowleopard 2.0.0 OK
r-release-windows-ix86+x86_64 2.0.0 2.00 25.00 27.00 NOTE
r-oldrel-windows-ix86+x86_64 2.0.0 4.00 32.00 36.00 OK

Check Details

Version: 2.0.0
Check: R code for possible problems
Result: NOTE
    labelSeg: no visible global function definition for ‘GRanges’
    labelSeg: no visible global function definition for ‘IRanges’
    labelSeg: no visible global function definition for ‘findOverlaps’
    labelSeg: no visible global function definition for ‘subsetByOverlaps’
    labelSeg: no visible global function definition for ‘subjectHits’
    labelSeg: no visible global function definition for ‘queryHits’
    labelSeg: no visible global function definition for ‘pintersect’
    labelSeg: no visible global function definition for ‘width’
    labelSeg: no visible global function definition for ‘values’
    labelSeg : <anonymous>: no visible global function definition for
     ‘values’
Flavors: r-devel-linux-x86_64-debian-clang, r-devel-linux-x86_64-debian-gcc, r-devel-linux-x86_64-fedora-clang, r-devel-linux-x86_64-fedora-gcc, r-devel-osx-x86_64-clang, r-devel-windows-ix86+x86_64, r-patched-linux-x86_64, r-patched-solaris-sparc, r-patched-solaris-x86, r-release-linux-ix86, r-release-linux-x86_64, r-release-osx-x86_64-mavericks, r-release-windows-ix86+x86_64

Version: 2.0.0
Check: package dependencies
Result: NOTE
    Package suggested but not available for checking: ‘GenomicRanges’
Flavor: r-release-osx-x86_64-mavericks

Version: 2.0.0
Check: Rd cross-references
Result: NOTE
    Package unavailable to check Rd xrefs: ‘IRanges’
Flavor: r-release-osx-x86_64-mavericks