CRAN Package Check Results for Package cancerTiming

Last updated on 2015-04-28 06:46:29.

Flavor Version Tinstall Tcheck Ttotal Status Flags
r-devel-linux-x86_64-debian-clang 3.0.0 0.72 18.26 18.99 OK
r-devel-linux-x86_64-debian-gcc 3.0.0 0.74 18.50 19.24 OK
r-devel-linux-x86_64-fedora-clang 3.0.0 37.76 OK
r-devel-linux-x86_64-fedora-gcc 3.0.0 35.11 OK
r-devel-osx-x86_64-clang 3.0.0 37.54 OK
r-devel-windows-ix86+x86_64 3.0.0 3.00 31.00 34.00 OK
r-patched-linux-x86_64 3.0.0 0.68 18.56 19.24 OK
r-patched-solaris-sparc 3.0.0 212.30 OK
r-patched-solaris-x86 3.0.0 50.60 OK
r-release-linux-x86_64 3.0.0 0.92 17.94 18.86 OK
r-release-osx-x86_64-mavericks 3.0.0 OK
r-release-osx-x86_64-snowleopard 3.0.0 NOTE
r-release-windows-ix86+x86_64 3.0.0 5.00 38.00 43.00 OK
r-oldrel-windows-ix86+x86_64 3.0.0 5.00 40.00 45.00 OK

Check Details

Version: 3.0.0
Check: package dependencies
Result: NOTE
    Packages suggested but not available for checking:
     ‘GenomicRanges’ ‘IRanges’
Flavor: r-release-osx-x86_64-snowleopard

Version: 3.0.0
Check: Rd cross-references
Result: NOTE
    Package unavailable to check Rd xrefs: ‘IRanges’
Flavor: r-release-osx-x86_64-snowleopard