CRAN Package Check Results for Package cancerTiming

Last updated on 2016-02-12 12:47:13.

Flavor Version Tinstall Tcheck Ttotal Status Flags
r-devel-linux-x86_64-debian-gcc 3.1.5 0.80 17.70 18.50 NOTE
r-devel-linux-x86_64-fedora-clang 3.1.5 37.41 OK
r-devel-linux-x86_64-fedora-gcc 3.1.5 19.89 OK
r-devel-osx-x86_64-clang 3.1.5 39.99 OK
r-devel-windows-ix86+x86_64 3.1.5 5.00 50.00 55.00 OK
r-patched-linux-x86_64 3.1.5 0.88 20.61 21.49 OK
r-patched-solaris-sparc 3.1.5 235.90 OK
r-patched-solaris-x86 3.1.5 51.00 OK
r-release-linux-x86_64 3.1.5 0.88 20.45 21.32 OK
r-release-osx-x86_64-mavericks 3.1.5 OK
r-release-windows-ix86+x86_64 3.1.5 4.00 34.00 38.00 OK
r-oldrel-windows-ix86+x86_64 3.1.5 7.00 49.00 56.00 OK

Check Details

Version: 3.1.5
Check: package dependencies
Result: NOTE
    Package suggested but not available for checking: ‘GenomicRanges’
Flavor: r-devel-linux-x86_64-debian-gcc

Version: 3.1.5
Check: Rd cross-references
Result: NOTE
    Package unavailable to check Rd xrefs: ‘GenomicRanges’
Flavor: r-devel-linux-x86_64-debian-gcc