CRAN Package Check Results for Package cancerTiming

Last updated on 2018-04-24 13:46:21 CEST.

Flavor Version Tinstall Tcheck Ttotal Status Flags
r-devel-linux-x86_64-debian-clang 3.1.8 3.57 35.93 39.50 OK
r-devel-linux-x86_64-debian-gcc 3.1.8 2.65 28.43 31.08 OK
r-devel-linux-x86_64-fedora-clang 3.1.8 47.23 OK
r-devel-linux-x86_64-fedora-gcc 3.1.8 43.65 OK
r-devel-windows-ix86+x86_64 3.1.8 8.00 45.00 53.00 OK
r-patched-linux-x86_64 3.1.8 2.52 34.65 37.17 OK
r-patched-solaris-x86 3.1.8 66.60 OK
r-release-linux-x86_64 3.1.8 2.24 34.61 36.85 OK
r-release-windows-ix86+x86_64 3.1.8 8.00 45.00 53.00 OK
r-release-osx-x86_64 3.1.8 NOTE
r-oldrel-windows-ix86+x86_64 3.1.8 3.00 60.00 63.00 OK
r-oldrel-osx-x86_64 3.1.8 NOTE

Check Details

Version: 3.1.8
Check: package dependencies
Result: NOTE
    Packages suggested but not available for checking:
     ‘GenomicRanges’ ‘IRanges’ ‘S4Vectors’
Flavors: r-release-osx-x86_64, r-oldrel-osx-x86_64

Version: 3.1.8
Check: Rd cross-references
Result: NOTE
    Package unavailable to check Rd xrefs: ‘GenomicRanges’
Flavors: r-release-osx-x86_64, r-oldrel-osx-x86_64