CRAN Package Check Results for Package cancerTiming

Last updated on 2015-05-23 06:46:39.

Flavor Version Tinstall Tcheck Ttotal Status Flags
r-devel-linux-x86_64-debian-clang 3.0.0 0.71 18.64 19.35 OK
r-devel-linux-x86_64-debian-gcc 3.0.0 0.70 17.91 18.61 OK
r-devel-linux-x86_64-fedora-clang 3.0.0 37.46 OK
r-devel-linux-x86_64-fedora-gcc 3.0.0 35.85 OK
r-devel-osx-x86_64-clang 3.0.0 37.66 OK
r-devel-windows-ix86+x86_64 3.0.0 4.00 30.00 34.00 OK
r-patched-linux-x86_64 3.0.0 0.69 19.34 20.03 OK
r-patched-solaris-sparc 3.0.0 242.10 OK
r-patched-solaris-x86 3.0.0 50.30 OK
r-release-linux-x86_64 3.0.0 0.88 18.27 19.15 OK
r-release-osx-x86_64-mavericks 3.0.0 OK
r-release-osx-x86_64-snowleopard 3.0.0 NOTE
r-release-windows-ix86+x86_64 3.0.0 4.00 31.00 35.00 OK
r-oldrel-windows-ix86+x86_64 3.0.0 6.00 65.00 71.00 OK

Check Details

Version: 3.0.0
Check: package dependencies
Result: NOTE
    Packages suggested but not available for checking:
     ‘GenomicRanges’ ‘IRanges’
Flavor: r-release-osx-x86_64-snowleopard

Version: 3.0.0
Check: Rd cross-references
Result: NOTE
    Package unavailable to check Rd xrefs: ‘IRanges’
Flavor: r-release-osx-x86_64-snowleopard