CRAN Package Check Results for Package cancerTiming

Last updated on 2014-07-23 19:49:12.

Flavor Version Tinstall Tcheck Ttotal Status Flags
r-devel-linux-x86_64-debian-clang 2.0.0 0.71 19.15 19.86 OK
r-devel-linux-x86_64-debian-gcc 2.0.0 0.84 19.01 19.85 OK
r-devel-linux-x86_64-fedora-clang 2.0.0 43.94 OK
r-devel-linux-x86_64-fedora-gcc 2.0.0 41.58 OK
r-devel-osx-x86_64-clang 2.0.0 39.06 OK
r-devel-windows-ix86+x86_64 2.0.0 2.00 29.00 31.00 OK
r-patched-linux-x86_64 2.0.0 0.65 18.18 18.83 OK
r-patched-solaris-sparc 2.0.0 203.70 OK
r-patched-solaris-x86 2.0.0 50.80 OK
r-release-linux-ix86 2.0.0 0.96 24.84 25.80 OK
r-release-linux-x86_64 2.0.0 0.76 17.88 18.64 OK
r-release-osx-x86_64-mavericks 2.0.0 NOTE
r-release-osx-x86_64-snowleopard 2.0.0 OK
r-release-windows-ix86+x86_64 2.0.0 4.00 29.00 33.00 OK
r-oldrel-windows-ix86+x86_64 2.0.0 4.00 32.00 36.00 OK

Check Details

Version: 2.0.0
Check: package dependencies
Result: NOTE
    Package suggested but not available for checking: ‘GenomicRanges’
Flavor: r-release-osx-x86_64-mavericks

Version: 2.0.0
Check: R code for possible problems
Result: NOTE
    labelSeg: no visible global function definition for ‘GRanges’
    labelSeg: no visible global function definition for ‘IRanges’
    labelSeg: no visible global function definition for ‘findOverlaps’
    labelSeg: no visible global function definition for ‘subsetByOverlaps’
    labelSeg: no visible global function definition for ‘subjectHits’
    labelSeg: no visible global function definition for ‘queryHits’
    labelSeg: no visible global function definition for ‘pintersect’
    labelSeg: no visible global function definition for ‘width’
    labelSeg: no visible global function definition for ‘values’
    labelSeg : <anonymous>: no visible global function definition for
     ‘values’
Flavor: r-release-osx-x86_64-mavericks

Version: 2.0.0
Check: Rd cross-references
Result: NOTE
    Package unavailable to check Rd xrefs: ‘IRanges’
Flavor: r-release-osx-x86_64-mavericks