CRAN Package Check Results for Package cancerTiming

Last updated on 2015-01-29 12:47:58.

Flavor Version Tinstall Tcheck Ttotal Status Flags
r-devel-linux-x86_64-debian-clang 2.0.0 0.70 16.13 16.82 NOTE
r-devel-linux-x86_64-debian-gcc 2.0.0 0.67 15.91 16.58 NOTE
r-devel-linux-x86_64-fedora-clang 2.0.0 36.07 NOTE
r-devel-linux-x86_64-fedora-gcc 2.0.0 33.85 NOTE
r-devel-osx-x86_64-clang 2.0.0 36.44 NOTE
r-devel-windows-ix86+x86_64 2.0.0 3.00 26.00 29.00 NOTE
r-patched-linux-x86_64 2.0.0 0.68 17.02 17.70 NOTE
r-patched-solaris-sparc 2.0.0 215.20 NOTE
r-patched-solaris-x86 2.0.0 48.20 NOTE
r-release-linux-ix86 2.0.0 1.02 23.52 24.54 NOTE
r-release-linux-x86_64 2.0.0 0.77 17.26 18.02 NOTE
r-release-osx-x86_64-mavericks 2.0.0 NOTE
r-release-osx-x86_64-snowleopard 2.0.0 OK
r-release-windows-ix86+x86_64 2.0.0 2.00 25.00 27.00 NOTE
r-oldrel-windows-ix86+x86_64 2.0.0 4.00 32.00 36.00 OK

Check Details

Version: 2.0.0
Check: dependencies in R code
Result: NOTE
    'library' or 'require' call to ‘GenomicRanges’ in package code.
     Please use :: or requireNamespace() instead.
     See section 'Suggested packages' in the 'Writing R Extensions' manual.
Flavors: r-devel-linux-x86_64-debian-clang, r-devel-linux-x86_64-debian-gcc, r-devel-linux-x86_64-fedora-clang, r-devel-linux-x86_64-fedora-gcc, r-devel-osx-x86_64-clang, r-devel-windows-ix86+x86_64

Version: 2.0.0
Check: R code for possible problems
Result: NOTE
    labelSeg: no visible global function definition for ‘GRanges’
    labelSeg: no visible global function definition for ‘IRanges’
    labelSeg: no visible global function definition for ‘findOverlaps’
    labelSeg: no visible global function definition for ‘subsetByOverlaps’
    labelSeg: no visible global function definition for ‘subjectHits’
    labelSeg: no visible global function definition for ‘queryHits’
    labelSeg: no visible global function definition for ‘pintersect’
    labelSeg: no visible global function definition for ‘width’
    labelSeg: no visible global function definition for ‘values’
    labelSeg : <anonymous>: no visible global function definition for
     ‘values’
Flavors: r-devel-linux-x86_64-debian-clang, r-devel-linux-x86_64-debian-gcc, r-devel-linux-x86_64-fedora-clang, r-devel-linux-x86_64-fedora-gcc, r-devel-osx-x86_64-clang, r-devel-windows-ix86+x86_64, r-patched-linux-x86_64, r-patched-solaris-sparc, r-patched-solaris-x86, r-release-linux-ix86, r-release-linux-x86_64, r-release-osx-x86_64-mavericks, r-release-windows-ix86+x86_64