CRAN Package Check Results for Package candisc

Last updated on 2014-11-27 11:55:38.

Flavor Version Tinstall Tcheck Ttotal Status Flags
r-devel-linux-x86_64-debian-clang 0.6-5 0.96 19.81 20.77 NOTE
r-devel-linux-x86_64-debian-gcc 0.6-5 1.00 20.72 21.71 NOTE
r-devel-linux-x86_64-fedora-clang 0.6-5 44.57 NOTE
r-devel-linux-x86_64-fedora-gcc 0.6-5 46.22 NOTE
r-devel-osx-x86_64-clang 0.6-5 41.81 NOTE
r-devel-windows-ix86+x86_64 0.6-5 4.00 35.00 39.00 NOTE
r-patched-linux-x86_64 0.6-5 0.99 19.89 20.88 NOTE
r-patched-solaris-sparc 0.6-5 217.20 NOTE
r-patched-solaris-x86 0.6-5 52.20 NOTE
r-release-linux-ix86 0.6-5 1.36 28.70 30.06 NOTE
r-release-linux-x86_64 0.6-5 1.10 20.46 21.56 NOTE
r-release-osx-x86_64-mavericks 0.6-5 NOTE
r-release-windows-ix86+x86_64 0.6-5 5.00 34.00 39.00 NOTE
r-oldrel-windows-ix86+x86_64 0.6-5 4.00 45.00 49.00 NOTE

Check Details

Version: 0.6-5
Check: dependencies in R code
Result: NOTE
    Package in Depends field not imported from: ‘car’
     These packages need to be imported from (in the NAMESPACE file)
     for when this namespace is loaded but not attached.
    See the information on DESCRIPTION files in the chapter ‘Creating R
    packages’ of the ‘Writing R Extensions’ manual.
Flavors: r-devel-linux-x86_64-debian-clang, r-devel-linux-x86_64-debian-gcc, r-devel-linux-x86_64-fedora-clang, r-devel-linux-x86_64-fedora-gcc, r-devel-osx-x86_64-clang, r-devel-windows-ix86+x86_64, r-patched-linux-x86_64, r-patched-solaris-sparc, r-patched-solaris-x86, r-release-linux-ix86, r-release-linux-x86_64, r-release-osx-x86_64-mavericks, r-release-windows-ix86+x86_64, r-oldrel-windows-ix86+x86_64

Version: 0.6-5
Check: R code for possible problems
Result: NOTE
    candisc.mlm: no visible global function definition for ‘Anova’
    candiscList.mlm: no visible global function definition for ‘Anova’
    heplot3d.cancor: no visible global function definition for ‘par3d’
    heplot3d.cancor: no visible global function definition for ‘lines3d’
    heplot3d.cancor: no visible global function definition for ‘texts3d’
    heplot3d.cancor: no visible global function definition for ‘aspect3d’
    heplot3d.candisc: no visible global function definition for ‘par3d’
    heplot3d.candisc: no visible global function definition for ‘lines3d’
    heplot3d.candisc: no visible global function definition for ‘texts3d’
    heplot3d.candisc: no visible global function definition for ‘aspect3d’
    plot.cancor: no visible binding for global variable ‘dataEllipse’
    plot.cancor: no visible global function definition for ‘showLabels’
    plot.cancor: no visible global function definition for ‘loessLine’
    vectors3d: no visible global function definition for ‘lines3d’
    vectors3d: no visible global function definition for ‘texts3d’
Flavors: r-devel-linux-x86_64-debian-clang, r-devel-linux-x86_64-debian-gcc, r-devel-linux-x86_64-fedora-clang, r-devel-linux-x86_64-fedora-gcc, r-devel-osx-x86_64-clang, r-devel-windows-ix86+x86_64, r-patched-linux-x86_64, r-patched-solaris-sparc, r-patched-solaris-x86, r-release-linux-ix86, r-release-linux-x86_64, r-release-windows-ix86+x86_64