CRAN Package Check Results for Package candisc

Last updated on 2014-07-22 19:47:48.

Flavor Version Tinstall Tcheck Ttotal Status Flags
r-devel-linux-x86_64-debian-clang 0.6-5 1.14 19.42 20.56 NOTE
r-devel-linux-x86_64-debian-gcc 0.6-5 0.98 19.06 20.04 NOTE
r-devel-linux-x86_64-fedora-clang 0.6-5 42.48 NOTE
r-devel-linux-x86_64-fedora-gcc 0.6-5 41.33 NOTE
r-devel-osx-x86_64-clang 0.6-5 39.80 NOTE
r-devel-windows-ix86+x86_64 0.6-5 4.00 32.00 36.00 NOTE
r-patched-linux-x86_64 0.6-5 1.04 19.33 20.38 NOTE
r-patched-solaris-sparc 0.6-5 219.40 NOTE
r-patched-solaris-x86 0.6-5 51.20 NOTE
r-release-linux-ix86 0.6-5 1.37 28.96 30.33 NOTE
r-release-linux-x86_64 0.6-5 1.13 20.19 21.32 NOTE
r-release-osx-x86_64-mavericks 0.6-5 NOTE
r-release-windows-ix86+x86_64 0.6-5 4.00 36.00 40.00 NOTE
r-oldrel-windows-ix86+x86_64 0.6-5 4.00 40.00 44.00 NOTE

Check Details

Version: 0.6-5
Check: dependencies in R code
Result: NOTE
    Package in Depends field not imported from: ‘car’
     These packages need to be imported from (in the NAMESPACE file)
     for when this namespace is loaded but not attached.
    See the information on DESCRIPTION files in the chapter ‘Creating R
    packages’ of the ‘Writing R Extensions’ manual.
Flavors: r-devel-linux-x86_64-debian-clang, r-devel-linux-x86_64-debian-gcc, r-devel-linux-x86_64-fedora-clang, r-devel-linux-x86_64-fedora-gcc, r-devel-osx-x86_64-clang, r-devel-windows-ix86+x86_64, r-patched-linux-x86_64, r-patched-solaris-sparc, r-patched-solaris-x86, r-release-linux-ix86, r-release-linux-x86_64, r-release-osx-x86_64-mavericks, r-release-windows-ix86+x86_64, r-oldrel-windows-ix86+x86_64