CRAN Package Check Results for Package candisc

Last updated on 2015-03-02 19:52:09.

Flavor Version Tinstall Tcheck Ttotal Status Flags
r-devel-linux-x86_64-debian-clang 0.6-5 3.83 45.00 48.82 NOTE
r-devel-linux-x86_64-debian-gcc 0.6-5 3.85 45.03 48.88 NOTE
r-devel-linux-x86_64-fedora-clang 0.6-5 108.03 NOTE
r-devel-linux-x86_64-fedora-gcc 0.6-5 100.91 NOTE
r-devel-osx-x86_64-clang 0.6-5 88.72 NOTE
r-devel-windows-ix86+x86_64 0.6-5 15.00 90.00 105.00 NOTE
r-patched-linux-x86_64 0.6-5 6.10 62.14 68.23 NOTE
r-patched-solaris-sparc 0.6-5 238.30 NOTE
r-patched-solaris-x86 0.6-5 189.80 NOTE
r-release-linux-ix86 0.6-5 5.85 72.58 78.44 NOTE
r-release-linux-x86_64 0.6-5 7.40 61.53 68.93 NOTE
r-release-osx-x86_64-mavericks 0.6-5 NOTE
r-release-windows-ix86+x86_64 0.6-5 14.00 130.00 144.00 NOTE
r-oldrel-windows-ix86+x86_64 0.6-5 17.00 96.00 113.00 NOTE

Check Details

Version: 0.6-5
Check: dependencies in R code
Result: NOTE
    Package in Depends field not imported from: ‘car’
     These packages need to be imported from (in the NAMESPACE file)
     for when this namespace is loaded but not attached.
Flavors: r-devel-linux-x86_64-debian-clang, r-devel-linux-x86_64-debian-gcc, r-devel-linux-x86_64-fedora-clang, r-devel-linux-x86_64-fedora-gcc, r-devel-osx-x86_64-clang, r-devel-windows-ix86+x86_64, r-patched-linux-x86_64, r-patched-solaris-x86

Version: 0.6-5
Check: R code for possible problems
Result: NOTE
    candisc.mlm: no visible global function definition for ‘Anova’
    candiscList.mlm: no visible global function definition for ‘Anova’
    heplot3d.cancor: no visible global function definition for ‘par3d’
    heplot3d.cancor: no visible global function definition for ‘lines3d’
    heplot3d.cancor: no visible global function definition for ‘texts3d’
    heplot3d.cancor: no visible global function definition for ‘aspect3d’
    heplot3d.candisc: no visible global function definition for ‘par3d’
    heplot3d.candisc: no visible global function definition for ‘lines3d’
    heplot3d.candisc: no visible global function definition for ‘texts3d’
    heplot3d.candisc: no visible global function definition for ‘aspect3d’
    plot.cancor: no visible binding for global variable ‘dataEllipse’
    plot.cancor: no visible global function definition for ‘showLabels’
    plot.cancor: no visible global function definition for ‘loessLine’
    vectors3d: no visible global function definition for ‘lines3d’
    vectors3d: no visible global function definition for ‘texts3d’
Flavors: r-devel-linux-x86_64-debian-clang, r-devel-linux-x86_64-debian-gcc, r-devel-linux-x86_64-fedora-clang, r-devel-linux-x86_64-fedora-gcc, r-devel-osx-x86_64-clang, r-devel-windows-ix86+x86_64, r-patched-linux-x86_64, r-patched-solaris-sparc, r-patched-solaris-x86, r-release-linux-ix86, r-release-linux-x86_64, r-release-osx-x86_64-mavericks, r-release-windows-ix86+x86_64

Version: 0.6-5
Check: dependencies in R code
Result: NOTE
    Package in Depends field not imported from: ‘car’
     These packages need to be imported from (in the NAMESPACE file)
     for when this namespace is loaded but not attached.
    See the information on DESCRIPTION files in the chapter ‘Creating R
    packages’ of the ‘Writing R Extensions’ manual.
Flavors: r-patched-solaris-sparc, r-release-linux-ix86, r-release-linux-x86_64, r-release-osx-x86_64-mavericks, r-release-windows-ix86+x86_64, r-oldrel-windows-ix86+x86_64