CRAN Package Check Results for Package candisc

Last updated on 2016-09-28 05:48:07.

Flavor Version Tinstall Tcheck Ttotal Status Flags
r-devel-linux-x86_64-debian-clang 0.7-0 3.59 45.79 49.38 OK
r-devel-linux-x86_64-debian-gcc 0.7-0 3.56 47.35 50.90 OK
r-devel-linux-x86_64-fedora-clang 0.7-0 102.96 OK
r-devel-linux-x86_64-fedora-gcc 0.7-0 98.24 OK
r-devel-macos-x86_64-clang 0.7-0 74.98 OK
r-devel-windows-ix86+x86_64 0.7-0 15.00 105.00 120.00 OK
r-patched-linux-x86_64 0.7-0 3.66 45.29 48.95 OK
r-patched-solaris-sparc 0.7-0 597.90 OK
r-patched-solaris-x86 0.7-0 130.00 OK
r-release-linux-x86_64 0.7-0 3.38 47.13 50.51 OK
r-release-osx-x86_64-mavericks 0.7-0 NOTE
r-release-windows-ix86+x86_64 0.7-0 15.00 109.00 124.00 OK
r-oldrel-windows-ix86+x86_64 0.7-0 19.00 114.00 133.00 OK

Check Details

Version: 0.7-0
Check: dependencies in R code
Result: NOTE
    Invalid MIT-MAGIC-COOKIE-1 key
Flavor: r-release-osx-x86_64-mavericks