CRAN Package Check Results for Package candisc

Last updated on 2016-06-27 08:48:19.

Flavor Version Tinstall Tcheck Ttotal Status Flags
r-devel-linux-x86_64-debian-gcc 0.7-0 3.63 48.45 52.07 OK
r-devel-linux-x86_64-fedora-clang 0.7-0 102.27 OK
r-devel-linux-x86_64-fedora-gcc 0.7-0 98.97 OK
r-devel-osx-x86_64-clang 0.7-0 77.45 OK
r-devel-windows-ix86+x86_64 0.7-0 11.00 85.00 96.00 OK
r-patched-linux-x86_64 0.7-0 4.38 50.45 54.84 OK
r-patched-solaris-sparc 0.7-0 597.90 OK
r-patched-solaris-x86 0.7-0 130.90 OK
r-release-linux-x86_64 0.7-0 4.34 51.02 55.36 OK
r-release-osx-x86_64-mavericks 0.7-0 NOTE
r-release-windows-ix86+x86_64 0.7-0 22.00 86.00 108.00 OK
r-oldrel-windows-ix86+x86_64 0.7-0 18.00 97.00 115.00 OK

Check Details

Version: 0.7-0
Check: dependencies in R code
Result: NOTE
    Invalid MIT-MAGIC-COOKIE-1 key
Flavor: r-release-osx-x86_64-mavericks