CRAN Package Check Results for Package candisc

Last updated on 2016-08-26 17:49:01.

Flavor Version Tinstall Tcheck Ttotal Status Flags
r-devel-linux-x86_64-debian-clang 0.7-0 4.10 51.25 55.36 OK
r-devel-linux-x86_64-debian-gcc 0.7-0 4.99 64.06 69.05 OK
r-devel-linux-x86_64-fedora-clang 0.7-0 108.77 OK
r-devel-linux-x86_64-fedora-gcc 0.7-0 105.38 OK
r-devel-osx-x86_64-clang 0.7-0 81.23 OK
r-devel-windows-ix86+x86_64 0.7-0 14.00 87.00 101.00 OK
r-patched-linux-x86_64 0.7-0 3.89 49.01 52.90 OK
r-patched-solaris-sparc 0.7-0 597.90 OK
r-patched-solaris-x86 0.7-0 127.30 OK
r-release-linux-x86_64 0.7-0 3.97 50.77 54.74 OK
r-release-osx-x86_64-mavericks 0.7-0 NOTE
r-release-windows-ix86+x86_64 0.7-0 14.00 113.00 127.00 OK
r-oldrel-windows-ix86+x86_64 0.7-0 11.00 97.00 108.00 OK

Check Details

Version: 0.7-0
Check: dependencies in R code
Result: NOTE
    Invalid MIT-MAGIC-COOKIE-1 key
Flavor: r-release-osx-x86_64-mavericks