CRAN Package Check Results for Package candisc

Last updated on 2016-07-23 10:52:55.

Flavor Version Tinstall Tcheck Ttotal Status Flags
r-devel-linux-x86_64-debian-clang 0.7-0 4.69 58.19 62.88 OK
r-devel-linux-x86_64-debian-gcc 0.7-0 5.35 56.86 62.21 OK
r-devel-linux-x86_64-fedora-clang 0.7-0 105.38 OK
r-devel-linux-x86_64-fedora-gcc 0.7-0 100.00 OK
r-devel-osx-x86_64-clang 0.7-0 83.17 OK
r-devel-windows-ix86+x86_64 0.7-0 16.00 89.00 105.00 OK
r-patched-linux-x86_64 0.7-0 4.01 52.26 56.27 OK
r-patched-solaris-sparc 0.7-0 597.90 OK
r-patched-solaris-x86 0.7-0 127.90 OK
r-release-linux-x86_64 0.7-0 4.88 57.34 62.22 OK
r-release-osx-x86_64-mavericks 0.7-0 NOTE
r-release-windows-ix86+x86_64 0.7-0 11.00 84.00 95.00 OK
r-oldrel-windows-ix86+x86_64 0.7-0 16.00 118.00 134.00 OK

Check Details

Version: 0.7-0
Check: dependencies in R code
Result: NOTE
    Invalid MIT-MAGIC-COOKIE-1 key
Flavor: r-release-osx-x86_64-mavericks