CRAN Package Check Results for Package candisc

Last updated on 2015-02-01 11:47:07.

Flavor Version Tinstall Tcheck Ttotal Status Flags
r-devel-linux-x86_64-debian-clang 0.6-5 0.84 17.68 18.52 NOTE
r-devel-linux-x86_64-debian-gcc 0.6-5 1.08 17.08 18.16 NOTE
r-devel-linux-x86_64-fedora-clang 0.6-5 40.97 NOTE
r-devel-linux-x86_64-fedora-gcc 0.6-5 35.11 NOTE
r-devel-osx-x86_64-clang 0.6-5 42.94 NOTE
r-devel-windows-ix86+x86_64 0.6-5 5.00 28.00 33.00 NOTE
r-patched-linux-x86_64 0.6-5 0.99 21.06 22.05 NOTE
r-patched-solaris-sparc 0.6-5 238.30 NOTE
r-patched-solaris-x86 0.6-5 53.40 NOTE
r-release-linux-ix86 0.6-5 1.37 28.99 30.36 NOTE
r-release-linux-x86_64 0.6-5 1.18 20.31 21.49 NOTE
r-release-osx-x86_64-mavericks 0.6-5 NOTE
r-release-windows-ix86+x86_64 0.6-5 4.00 34.00 38.00 NOTE
r-oldrel-windows-ix86+x86_64 0.6-5 4.00 43.00 47.00 NOTE

Check Details

Version: 0.6-5
Check: dependencies in R code
Result: NOTE
    Package in Depends field not imported from: ‘car’
     These packages need to be imported from (in the NAMESPACE file)
     for when this namespace is loaded but not attached.
Flavors: r-devel-linux-x86_64-debian-clang, r-devel-linux-x86_64-debian-gcc, r-devel-linux-x86_64-fedora-clang, r-devel-linux-x86_64-fedora-gcc, r-devel-osx-x86_64-clang, r-devel-windows-ix86+x86_64

Version: 0.6-5
Check: R code for possible problems
Result: NOTE
    candisc.mlm: no visible global function definition for ‘Anova’
    candiscList.mlm: no visible global function definition for ‘Anova’
    heplot3d.cancor: no visible global function definition for ‘par3d’
    heplot3d.cancor: no visible global function definition for ‘lines3d’
    heplot3d.cancor: no visible global function definition for ‘texts3d’
    heplot3d.cancor: no visible global function definition for ‘aspect3d’
    heplot3d.candisc: no visible global function definition for ‘par3d’
    heplot3d.candisc: no visible global function definition for ‘lines3d’
    heplot3d.candisc: no visible global function definition for ‘texts3d’
    heplot3d.candisc: no visible global function definition for ‘aspect3d’
    plot.cancor: no visible binding for global variable ‘dataEllipse’
    plot.cancor: no visible global function definition for ‘showLabels’
    plot.cancor: no visible global function definition for ‘loessLine’
    vectors3d: no visible global function definition for ‘lines3d’
    vectors3d: no visible global function definition for ‘texts3d’
Flavors: r-devel-linux-x86_64-debian-clang, r-devel-linux-x86_64-debian-gcc, r-devel-linux-x86_64-fedora-clang, r-devel-linux-x86_64-fedora-gcc, r-devel-osx-x86_64-clang, r-devel-windows-ix86+x86_64, r-patched-linux-x86_64, r-patched-solaris-sparc, r-patched-solaris-x86, r-release-linux-ix86, r-release-linux-x86_64, r-release-osx-x86_64-mavericks, r-release-windows-ix86+x86_64

Version: 0.6-5
Check: dependencies in R code
Result: NOTE
    Package in Depends field not imported from: ‘car’
     These packages need to be imported from (in the NAMESPACE file)
     for when this namespace is loaded but not attached.
    See the information on DESCRIPTION files in the chapter ‘Creating R
    packages’ of the ‘Writing R Extensions’ manual.
Flavors: r-patched-linux-x86_64, r-patched-solaris-sparc, r-patched-solaris-x86, r-release-linux-ix86, r-release-linux-x86_64, r-release-osx-x86_64-mavericks, r-release-windows-ix86+x86_64, r-oldrel-windows-ix86+x86_64