CRAN Package Check Results for Package candisc

Last updated on 2015-04-18 08:48:37.

Flavor Version Tinstall Tcheck Ttotal Status Flags
r-devel-linux-x86_64-debian-clang 0.6-5 4.12 45.10 49.22 NOTE
r-devel-linux-x86_64-debian-gcc 0.6-5 3.97 44.77 48.74 NOTE
r-devel-linux-x86_64-fedora-clang 0.6-5 104.79 NOTE
r-devel-linux-x86_64-fedora-gcc 0.6-5 107.13 NOTE
r-devel-osx-x86_64-clang 0.6-5 86.51 NOTE
r-prerel-windows-ix86+x86_64 0.6-5 10.00 69.00 79.00 NOTE
r-prerel-linux-x86_64 0.6-5 3.72 44.32 48.04 NOTE
r-prerel-solaris-sparc 0.6-5 590.60 NOTE
r-prerel-solaris-x86 0.6-5 131.00 NOTE
r-release-linux-x86_64 0.6-5 6.17 61.28 67.45 NOTE
r-release-osx-x86_64-mavericks 0.6-5 NOTE
r-release-windows-ix86+x86_64 0.6-5 18.00 118.00 136.00 NOTE
r-oldrel-windows-ix86+x86_64 0.6-5 22.00 130.00 152.00 NOTE

Check Details

Version: 0.6-5
Check: dependencies in R code
Result: NOTE
    Package in Depends field not imported from: ‘car’
     These packages need to be imported from (in the NAMESPACE file)
     for when this namespace is loaded but not attached.
Flavors: r-devel-linux-x86_64-debian-clang, r-devel-linux-x86_64-debian-gcc, r-devel-linux-x86_64-fedora-clang, r-devel-linux-x86_64-fedora-gcc, r-devel-osx-x86_64-clang, r-prerel-windows-ix86+x86_64, r-prerel-linux-x86_64, r-prerel-solaris-sparc, r-prerel-solaris-x86, r-release-linux-x86_64, r-release-windows-ix86+x86_64

Version: 0.6-5
Check: R code for possible problems
Result: NOTE
    candisc.mlm: no visible global function definition for ‘Anova’
    candiscList.mlm: no visible global function definition for ‘Anova’
    heplot3d.cancor: no visible global function definition for ‘par3d’
    heplot3d.cancor: no visible global function definition for ‘lines3d’
    heplot3d.cancor: no visible global function definition for ‘texts3d’
    heplot3d.cancor: no visible global function definition for ‘aspect3d’
    heplot3d.candisc: no visible global function definition for ‘par3d’
    heplot3d.candisc: no visible global function definition for ‘lines3d’
    heplot3d.candisc: no visible global function definition for ‘texts3d’
    heplot3d.candisc: no visible global function definition for ‘aspect3d’
    plot.cancor: no visible binding for global variable ‘dataEllipse’
    plot.cancor: no visible global function definition for ‘showLabels’
    plot.cancor: no visible global function definition for ‘loessLine’
    vectors3d: no visible global function definition for ‘lines3d’
    vectors3d: no visible global function definition for ‘texts3d’
Flavors: r-devel-linux-x86_64-debian-clang, r-devel-linux-x86_64-debian-gcc, r-devel-linux-x86_64-fedora-clang, r-devel-linux-x86_64-fedora-gcc, r-devel-osx-x86_64-clang, r-prerel-windows-ix86+x86_64, r-prerel-linux-x86_64, r-prerel-solaris-sparc, r-prerel-solaris-x86, r-release-linux-x86_64, r-release-osx-x86_64-mavericks, r-release-windows-ix86+x86_64

Version: 0.6-5
Check: dependencies in R code
Result: NOTE
    Package in Depends field not imported from: ‘car’
     These packages need to be imported from (in the NAMESPACE file)
     for when this namespace is loaded but not attached.
    See the information on DESCRIPTION files in the chapter ‘Creating R
    packages’ of the ‘Writing R Extensions’ manual.
Flavors: r-release-osx-x86_64-mavericks, r-oldrel-windows-ix86+x86_64