CRAN Package Check Results for Package candisc

Last updated on 2014-04-25 05:47:12.

Flavor Version Tinstall Tcheck Ttotal Status Flags
r-devel-linux-x86_64-debian-clang 0.6-5 1.07 20.37 21.44 NOTE
r-devel-linux-x86_64-debian-gcc 0.6-5 1.04 20.36 21.39 NOTE
r-devel-linux-x86_64-fedora-clang 0.6-5 42.13 NOTE
r-devel-linux-x86_64-fedora-gcc 0.6-5 41.31 NOTE
r-devel-osx-x86_64-clang 0.6-5 38.33 NOTE
r-devel-osx-x86_64-gcc 0.6-5 ERROR
r-devel-windows-ix86+x86_64 0.6-5 4.00 31.00 35.00 NOTE
r-patched-linux-x86_64 0.6-5 1.00 20.50 21.50 NOTE
r-patched-solaris-sparc 0.6-5 219.40 NOTE
r-patched-solaris-x86 0.6-5 52.00 NOTE
r-release-linux-ix86 0.6-5 2.00 41.00 43.00 NOTE
r-release-linux-x86_64 0.6-5 1.02 21.17 22.20 NOTE
r-release-osx-x86_64-mavericks 0.6-5 WARN
r-release-windows-ix86+x86_64 0.6-5 4.00 32.00 36.00 NOTE
r-oldrel-windows-ix86+x86_64 0.6-5 4.00 41.00 45.00 NOTE

Check Details

Version: 0.6-5
Check: dependencies in R code
Result: NOTE
    Package in Depends field not imported from: ‘car’
     These packages need to be imported from (in the NAMESPACE file)
     for when this namespace is loaded but not attached.
    See the information on DESCRIPTION files in the chapter ‘Creating R
    packages’ of the ‘Writing R Extensions’ manual.
Flavors: r-devel-linux-x86_64-debian-clang, r-devel-linux-x86_64-debian-gcc, r-devel-linux-x86_64-fedora-clang, r-devel-linux-x86_64-fedora-gcc, r-devel-osx-x86_64-clang, r-devel-windows-ix86+x86_64, r-patched-linux-x86_64, r-patched-solaris-sparc, r-patched-solaris-x86, r-release-linux-ix86, r-release-linux-x86_64, r-release-osx-x86_64-mavericks, r-release-windows-ix86+x86_64, r-oldrel-windows-ix86+x86_64

Version: 0.6-5
Check: package dependencies
Result: ERROR
    Packages required but not available: ‘car’ ‘heplots’
    
    See the information on DESCRIPTION files in the chapter ‘Creating R
    packages’ of the ‘Writing R Extensions’ manual.
Flavor: r-devel-osx-x86_64-gcc

Version: 0.6-5
Check: PDF version of manual
Result: WARNING
    LaTeX errors when creating PDF version.
    This typically indicates Rd problems.
    LaTeX errors found:
    ! LaTeX Error: File `upquote.sty' not found.
    
    Type X to quit or <RETURN> to proceed,
    or enter new name. (Default extension: sty)
    
    3b407fe/Rd2.tex:8: ==> Fatal error occurred, no output PDF file produced!
Flavor: r-release-osx-x86_64-mavericks