CRAN Package Check Results for Package candisc

Last updated on 2015-05-27 05:47:34.

Flavor Version Tinstall Tcheck Ttotal Status Flags
r-devel-linux-x86_64-debian-clang 0.6-7 4.14 46.56 50.69 OK
r-devel-linux-x86_64-debian-gcc 0.6-7 3.76 44.06 47.81 OK
r-devel-linux-x86_64-fedora-clang 0.6-7 103.85 OK
r-devel-linux-x86_64-fedora-gcc 0.6-7 103.64 OK
r-devel-osx-x86_64-clang 0.6-7 87.19 OK
r-devel-windows-ix86+x86_64 0.6-7 11.00 64.00 75.00 OK
r-patched-linux-x86_64 0.6-7 3.69 45.03 48.72 OK
r-patched-solaris-sparc 0.6-7 608.80 OK
r-patched-solaris-x86 0.6-7 135.60 OK
r-release-linux-x86_64 0.6-7 3.82 44.90 48.72 OK
r-release-osx-x86_64-mavericks 0.6-7 OK
r-release-osx-x86_64-snowleopard 0.6-7 ERROR
r-release-windows-ix86+x86_64 0.6-7 11.00 67.00 78.00 OK
r-oldrel-windows-ix86+x86_64 0.6-7 17.00 100.00 117.00 OK

Check Details

Version: 0.6-7
Check: package dependencies
Result: ERROR
    Packages required but not available: ‘car’ ‘heplots’
    
    See section ‘The DESCRIPTION file’ in the ‘Writing R Extensions’
    manual.
Flavor: r-release-osx-x86_64-snowleopard