CRAN Package Check Results for Package candisc

Last updated on 2016-05-24 19:47:50.

Flavor Version Tinstall Tcheck Ttotal Status Flags
r-devel-linux-x86_64-debian-gcc 0.7-0 4.08 48.84 52.92 OK
r-devel-linux-x86_64-fedora-clang 0.7-0 113.89 OK
r-devel-linux-x86_64-fedora-gcc 0.7-0 100.88 OK
r-devel-osx-x86_64-clang 0.7-0 106.10 OK
r-devel-windows-ix86+x86_64 0.7-0 11.00 90.00 101.00 OK
r-patched-linux-x86_64 0.7-0 3.81 47.88 51.69 OK
r-patched-solaris-sparc 0.7-0 592.50 OK
r-patched-solaris-x86 0.7-0 129.90 OK
r-release-linux-x86_64 0.7-0 3.89 48.81 52.70 OK
r-release-osx-x86_64-mavericks 0.7-0 NOTE
r-release-windows-ix86+x86_64 0.7-0 11.00 90.00 101.00 OK
r-oldrel-windows-ix86+x86_64 0.7-0 18.00 119.00 137.00 OK

Check Details

Version: 0.7-0
Check: dependencies in R code
Result: NOTE
    Invalid MIT-MAGIC-COOKIE-1 key
Flavor: r-release-osx-x86_64-mavericks