CRAN Package Check Results for Package candisc

Last updated on 2015-07-29 19:49:43.

Flavor Version Tinstall Tcheck Ttotal Status Flags
r-devel-linux-x86_64-debian-clang 0.6-7 3.86 46.48 50.34 NOTE
r-devel-linux-x86_64-debian-gcc 0.6-7 3.80 46.18 49.97 NOTE
r-devel-linux-x86_64-fedora-clang 0.6-7 107.84 NOTE
r-devel-linux-x86_64-fedora-gcc 0.6-7 101.78 NOTE
r-devel-osx-x86_64-clang 0.6-7 82.28 OK
r-devel-windows-ix86+x86_64 0.6-7 10.00 76.00 86.00 NOTE
r-patched-linux-x86_64 0.6-7 4.65 45.44 50.09 OK
r-patched-solaris-sparc 0.6-7 603.60 OK
r-patched-solaris-x86 0.6-7 135.40 OK
r-release-linux-x86_64 0.6-7 3.82 45.96 49.78 OK
r-release-osx-x86_64-mavericks 0.6-7 OK
r-release-windows-ix86+x86_64 0.6-7 13.00 70.00 83.00 OK
r-oldrel-windows-ix86+x86_64 0.6-7 18.00 100.00 118.00 OK

Check Details

Version: 0.6-7
Check: R code for possible problems
Result: NOTE
    Var: no visible global function definition for ‘var’
    Var: no visible global function definition for ‘complete.cases’
    Var: no visible global function definition for ‘cov.wt’
    Wilks.cancor: no visible global function definition for ‘pf’
    can.structure: no visible global function definition for ‘cor’
    can_lm: no visible global function definition for ‘terms’
    cancor.default: no visible global function definition for
     ‘complete.cases’
    cancor.formula: no visible global function definition for ‘update’
    cancor.formula: no visible global function definition for
     ‘model.response’
    cancor.formula: no visible global function definition for
     ‘model.weights’
    cancor.formula: no visible global function definition for
     ‘model.matrix’
    cancor.formula: no visible binding for global variable ‘contrasts’
    candisc.mlm: no visible global function definition for ‘model.frame’
    candisc.mlm: no visible global function definition for ‘model.response’
    candisc.mlm: no visible global function definition for ‘aggregate’
    candisc.mlm: no visible global function definition for ‘cor’
    coef.cancor: no visible global function definition for ‘cov’
    dataIndex: no visible global function definition for ‘model.frame’
    heplot.cancor: no visible global function definition for ‘par’
    heplot.candisc: no visible global function definition for ‘par’
    heplot.candisc: no visible global function definition for ‘plot’
    heplot.candiscList: no visible global function definition for ‘menu’
    heplot3d.cancor: no visible global function definition for ‘par’
    heplot3d.candisc: no visible global function definition for ‘par’
    heplot3d.candiscList: no visible global function definition for ‘menu’
    plot.cancor: no visible global function definition for ‘palette’
    plot.cancor: no visible global function definition for ‘plot’
    plot.cancor: no visible global function definition for ‘lsfit’
    plot.candisc: no visible global function definition for ‘par’
    plot.candisc: no visible global function definition for ‘layout’
    plot.candisc: no visible global function definition for ‘formula’
    plot.candisc: no visible global function definition for ‘boxplot’
    plot.candisc: no visible global function definition for ‘plot’
    plot.candisc: no visible global function definition for ‘arrows’
    plot.candisc: no visible global function definition for ‘abline’
    plot.candisc: no visible global function definition for ‘text’
    plot.candisc: no visible global function definition for ‘palette’
    plot.candisc: no visible global function definition for ‘points’
    plot.candisc : circle: no visible global function definition for
     ‘lines’
    plot.candisc: no visible global function definition for ‘qchisq’
    plot.candisc: no visible global function definition for ‘symbols’
    plot.candiscList: no visible global function definition for ‘plot’
    plot.candiscList: no visible global function definition for ‘menu’
    predictor.names.default: no visible global function definition for
     ‘terms’
    seqWilks: no visible global function definition for ‘pf’
    vecscale: no visible global function definition for ‘par’
    vectors: no visible global function definition for ‘arrows’
    vectors: no visible global function definition for ‘text’
    Undefined global functions or variables:
     abline aggregate arrows boxplot complete.cases contrasts cor cov
     cov.wt formula layout lines lsfit menu model.frame model.matrix
     model.response model.weights palette par pf plot points qchisq
     symbols terms text update var
    Consider adding
     importFrom("grDevices", "palette")
     importFrom("graphics", "abline", "arrows", "boxplot", "layout",
     "lines", "par", "plot", "points", "symbols", "text")
     importFrom("stats", "aggregate", "complete.cases", "contrasts", "cor",
     "cov", "cov.wt", "formula", "lsfit", "model.frame",
     "model.matrix", "model.response", "model.weights", "pf",
     "qchisq", "terms", "update", "var")
     importFrom("utils", "menu")
    to your NAMESPACE.
Flavors: r-devel-linux-x86_64-debian-clang, r-devel-linux-x86_64-debian-gcc, r-devel-linux-x86_64-fedora-clang, r-devel-linux-x86_64-fedora-gcc, r-devel-windows-ix86+x86_64