CRAN Package Check Results for Package cape

Last updated on 2015-03-28 05:49:24.

Flavor Version Tinstall Tcheck Ttotal Status Flags
r-devel-linux-x86_64-debian-clang 1.3 3.63 121.75 125.38 OK
r-devel-linux-x86_64-debian-gcc 1.3 3.41 118.83 122.24 OK
r-devel-linux-x86_64-fedora-clang 1.3 249.60 OK
r-devel-linux-x86_64-fedora-gcc 1.3 234.21 OK
r-devel-osx-x86_64-clang 1.3 216.76 OK
r-prerel-windows-ix86+x86_64 1.3 10.00 167.00 177.00 OK
r-prerel-linux-x86_64 1.3 4.58 117.55 122.13 OK
r-prerel-solaris-sparc 1.3 1427.90 OK
r-prerel-solaris-x86 1.3 285.50 OK
r-release-linux-x86_64 1.3 4.90 148.21 153.11 OK
r-release-osx-x86_64-mavericks 1.3 OK
r-release-osx-x86_64-snowleopard 1.3 OK
r-release-windows-ix86+x86_64 1.3 14.00 204.00 218.00 OK
r-oldrel-windows-ix86+x86_64 1.2 12.00 189.00 201.00 NOTE

Check Details

Version: 1.2
Check: dependencies in R code
Result: NOTE
    Unexported object imported by a ':::' call: 'igraph:::igraph.Arrows'
     See the note in ?`:::` about the use of this operator.
    See the information on DESCRIPTION files in the chapter 'Creating R
    packages' of the 'Writing R Extensions' manual.
Flavor: r-oldrel-windows-ix86+x86_64