CRAN Package Check Results for Package cape

Last updated on 2015-02-28 19:51:01.

Flavor Version Tinstall Tcheck Ttotal Status Flags
r-devel-linux-x86_64-debian-clang 1.3 3.61 121.46 125.06 OK
r-devel-linux-x86_64-debian-gcc 1.3 3.38 116.73 120.12 OK
r-devel-linux-x86_64-fedora-clang 1.3 257.85 OK
r-devel-linux-x86_64-fedora-gcc 1.3 236.49 OK
r-devel-osx-x86_64-clang 1.3 209.11 OK
r-devel-windows-ix86+x86_64 1.3 15.00 171.00 186.00 OK
r-patched-linux-x86_64 1.3 4.77 144.01 148.78 OK
r-patched-solaris-sparc 1.3 1642.20 OK
r-patched-solaris-x86 1.3 358.80 OK
r-release-linux-ix86 1.3 5.40 165.56 170.96 OK
r-release-linux-x86_64 1.3 4.95 142.46 147.42 OK
r-release-osx-x86_64-mavericks 1.3 OK
r-release-osx-x86_64-snowleopard 1.3 OK
r-release-windows-ix86+x86_64 1.3 13.00 206.00 219.00 OK
r-oldrel-windows-ix86+x86_64 1.2 12.00 189.00 201.00 NOTE

Check Details

Version: 1.2
Check: dependencies in R code
Result: NOTE
    Unexported object imported by a ':::' call: 'igraph:::igraph.Arrows'
     See the note in ?`:::` about the use of this operator.
    See the information on DESCRIPTION files in the chapter 'Creating R
    packages' of the 'Writing R Extensions' manual.
Flavor: r-oldrel-windows-ix86+x86_64