CRAN Package Check Results for Package cape

Last updated on 2014-04-21 05:48:12.

Flavor Version Tinstall Tcheck Ttotal Status Flags
r-devel-linux-x86_64-debian-clang 1.2 4.71 134.84 139.54 NOTE
r-devel-linux-x86_64-debian-gcc 1.2 4.67 136.87 141.54 NOTE
r-devel-linux-x86_64-fedora-clang 1.2 305.80 NOTE
r-devel-linux-x86_64-fedora-gcc 1.2 294.47 NOTE
r-devel-macosx-x86_64-clang 1.2 207.35 NOTE
r-devel-macosx-x86_64-gcc 1.2 ERROR
r-devel-windows-ix86+x86_64 1.2 10.00 204.00 214.00 NOTE
r-patched-linux-x86_64 1.2 5.06 134.05 139.12 NOTE
r-patched-solaris-sparc 1.2 1508.00 NOTE
r-patched-solaris-x86 1.2 322.00 NOTE
r-release-linux-ix86 NOTE
r-release-linux-x86_64 1.2 4.54 139.16 143.70 NOTE
r-release-macosx-x86_64 1.2 NOTE
r-release-windows-ix86+x86_64 1.2 13.00 194.00 207.00 NOTE
r-oldrel-windows-ix86+x86_64 1.2 10.00 175.00 185.00 NOTE

Check Details

Version: 1.2
Check: dependencies in R code
Result: NOTE
    Unexported object imported by a ':::' call: ‘igraph:::igraph.Arrows’
     See the note in ?`:::` about the use of this operator.
    See the information on DESCRIPTION files in the chapter ‘Creating R
    packages’ of the ‘Writing R Extensions’ manual.
Flavors: r-devel-linux-x86_64-debian-clang, r-devel-linux-x86_64-debian-gcc, r-devel-linux-x86_64-fedora-clang, r-devel-linux-x86_64-fedora-gcc, r-devel-macosx-x86_64-clang, r-devel-windows-ix86+x86_64, r-patched-linux-x86_64, r-patched-solaris-sparc, r-patched-solaris-x86, r-release-linux-ix86, r-release-linux-x86_64, r-release-macosx-x86_64, r-release-windows-ix86+x86_64, r-oldrel-windows-ix86+x86_64

Version: 1.2
Check: package dependencies
Result: ERROR
    Packages required but not available: ‘qpcR’ ‘igraph’
    
    See the information on DESCRIPTION files in the chapter ‘Creating R
    packages’ of the ‘Writing R Extensions’ manual.
Flavor: r-devel-macosx-x86_64-gcc

Version: 1.2
Check: re-building of vignette outputs
Result: NOTE
    Error in re-building vignettes:
     ...
    
    There were 14 individuals removed due to missing phenotypes.
    
    Removing markers on the X chromosome
    
    1 marker(s) rejected due to linear non-independence.
     For more information see markers.removed.txt
    Error in texi2dvi(file = file, pdf = TRUE, clean = clean, quiet = quiet, :
     Running 'texi2dvi' on 'cape.tex' failed.
    LaTeX errors:
    ! LaTeX Error: File `hyphenat.sty' not found.
    
    Type X to quit or <RETURN> to proceed,
    or enter new name. (Default extension: sty)
    
    cape.Rcheck/vign_test/cape/vignettes/cape.tex:14: ==> Fatal error occurred, no
     output PDF file produced!
    Calls: buildVignettes -> texi2pdf -> texi2dvi
    Execution halted
Flavor: r-release-macosx-x86_64