CRAN Package Check Results for Package cape

Last updated on 2015-04-26 19:47:13.

Flavor Version Tinstall Tcheck Ttotal Status Flags
r-devel-linux-x86_64-debian-clang 1.3 3.53 122.79 126.32 OK
r-devel-linux-x86_64-debian-gcc 1.3 3.51 122.75 126.26 OK
r-devel-linux-x86_64-fedora-clang 1.3 249.76 OK
r-devel-linux-x86_64-fedora-gcc 1.3 236.11 OK
r-devel-osx-x86_64-clang 1.3 200.98 OK
r-devel-windows-ix86+x86_64 1.3 10.00 179.00 189.00 OK
r-patched-linux-x86_64 1.3 3.44 119.48 122.92 OK
r-patched-solaris-sparc 1.3 1427.90 OK
r-patched-solaris-x86 1.3 289.20 OK
r-release-linux-x86_64 1.3 3.35 117.85 121.20 OK
r-release-osx-x86_64-mavericks 1.3 OK
r-release-osx-x86_64-snowleopard 1.3 ERROR
r-release-windows-ix86+x86_64 1.3 10.00 176.00 186.00 OK
r-oldrel-windows-ix86+x86_64 1.3 11.00 202.00 213.00 OK

Check Details

Version: 1.3
Check: package dependencies
Result: ERROR
    Package required but not available: ‘igraph’
    
    See section ‘The DESCRIPTION file’ in the ‘Writing R Extensions’
    manual.
Flavor: r-release-osx-x86_64-snowleopard