CRAN Package Check Results for Package cape

Last updated on 2015-01-31 20:46:42.

Flavor Version Tinstall Tcheck Ttotal Status Flags
r-devel-linux-x86_64-debian-clang 1.3 3.57 121.26 124.83 OK
r-devel-linux-x86_64-debian-gcc 1.3 3.52 115.71 119.24 OK
r-devel-linux-x86_64-fedora-clang 1.3 283.91 OK
r-devel-linux-x86_64-fedora-gcc 1.3 269.36 OK
r-devel-osx-x86_64-clang 1.3 237.98 OK
r-devel-windows-ix86+x86_64 1.3 14.00 165.00 179.00 OK
r-patched-linux-x86_64 1.3 4.55 154.28 158.82 OK
r-patched-solaris-sparc 1.3 1642.20 OK
r-patched-solaris-x86 1.3 354.20 OK
r-release-linux-ix86 1.3 5.37 165.80 171.17 OK
r-release-linux-x86_64 1.3 4.63 141.99 146.62 OK
r-release-osx-x86_64-mavericks 1.3 OK
r-release-osx-x86_64-snowleopard 1.3 OK
r-release-windows-ix86+x86_64 1.3 12.00 199.00 211.00 OK
r-oldrel-windows-ix86+x86_64 1.2 12.00 189.00 201.00 NOTE

Check Details

Version: 1.2
Check: dependencies in R code
Result: NOTE
    Unexported object imported by a ':::' call: 'igraph:::igraph.Arrows'
     See the note in ?`:::` about the use of this operator.
    See the information on DESCRIPTION files in the chapter 'Creating R
    packages' of the 'Writing R Extensions' manual.
Flavor: r-oldrel-windows-ix86+x86_64