CRAN Package Check Results for Package cape

Last updated on 2017-02-22 06:48:03.

Flavor Version Tinstall Tcheck Ttotal Status Flags
r-devel-linux-x86_64-debian-clang 2.0.2 4.19 217.01 221.20 OK
r-devel-linux-x86_64-debian-gcc 2.0.2 4.26 204.63 208.89 OK
r-devel-linux-x86_64-fedora-clang 2.0.2 266.68 OK --no-stop-on-test-error
r-devel-linux-x86_64-fedora-gcc 2.0.2 250.99 OK --no-stop-on-test-error
r-devel-macos-x86_64-clang 2.0.2 186.23 OK --no-stop-on-test-error
r-devel-windows-ix86+x86_64 2.0.2 21.00 422.00 443.00 OK
r-patched-linux-x86_64 2.0.2 4.19 203.95 208.14 OK
r-patched-solaris-sparc 2.0.2 3322.80 OK
r-patched-solaris-x86 2.0.2 643.70 OK
r-release-linux-x86_64 2.0.2 4.28 205.31 209.59 OK
r-release-osx-x86_64-mavericks 2.0.2 WARN
r-release-windows-ix86+x86_64 2.0.2 34.00 405.00 439.00 OK
r-oldrel-windows-ix86+x86_64 2.0.1 OK

Check Details

Version: 2.0.2
Check: whether package can be installed
Result: WARN
    Found the following significant warnings:
     Warning: 'rgl_init' failed, running with rgl.useNULL = TRUE
Flavor: r-release-osx-x86_64-mavericks

Version: 2.0.2
Check: dependencies in R code
Result: NOTE
    Invalid MIT-MAGIC-COOKIE-1 key
Flavor: r-release-osx-x86_64-mavericks

Version: 2.0.2
Check: S3 generic/method consistency
Result: WARN
    Invalid MIT-MAGIC-COOKIE-1 key
    See section ‘Generic functions and methods’ in the ‘Writing R
    Extensions’ manual.
Flavor: r-release-osx-x86_64-mavericks

Version: 2.0.2
Check: replacement functions
Result: WARN
    Invalid MIT-MAGIC-COOKIE-1 key
    The argument of a replacement function which corresponds to the right
    hand side must be named ‘value’.
Flavor: r-release-osx-x86_64-mavericks

Version: 2.0.2
Check: foreign function calls
Result: NOTE
    Invalid MIT-MAGIC-COOKIE-1 key
    See chapter ‘System and foreign language interfaces’ in the ‘Writing R
    Extensions’ manual.
Flavor: r-release-osx-x86_64-mavericks

Version: 2.0.2
Check: R code for possible problems
Result: NOTE
    Invalid MIT-MAGIC-COOKIE-1 key
Flavor: r-release-osx-x86_64-mavericks

Version: 2.0.2
Check: for missing documentation entries
Result: WARN
    Invalid MIT-MAGIC-COOKIE-1 key
    All user-level objects in a package should have documentation entries.
    See chapter ‘Writing R documentation files’ in the ‘Writing R
    Extensions’ manual.
Flavor: r-release-osx-x86_64-mavericks

Version: 2.0.2
Check: for code/documentation mismatches
Result: WARN
    Invalid MIT-MAGIC-COOKIE-1 key
    Invalid MIT-MAGIC-COOKIE-1 key
    Invalid MIT-MAGIC-COOKIE-1 key
Flavor: r-release-osx-x86_64-mavericks

Version: 2.0.2
Check: Rd \usage sections
Result: NOTE
    Invalid MIT-MAGIC-COOKIE-1 key
    The \usage entries for S3 methods should use the \method markup and not
    their full name.
    See chapter ‘Writing R documentation files’ in the ‘Writing R
    Extensions’ manual.
Flavor: r-release-osx-x86_64-mavericks