CRAN Package Check Results for Package cape

Last updated on 2017-03-27 13:55:22.

Flavor Version Tinstall Tcheck Ttotal Status Flags
r-devel-linux-x86_64-debian-clang 2.0.2 4.37 207.39 211.76 OK
r-devel-linux-x86_64-debian-gcc 2.0.2 4.12 206.64 210.76 OK
r-devel-linux-x86_64-fedora-clang 2.0.2 265.41 OK --no-stop-on-test-error
r-devel-linux-x86_64-fedora-gcc 2.0.2 245.14 OK --no-stop-on-test-error
r-devel-macos-x86_64-clang 2.0.2 184.19 OK --no-stop-on-test-error
r-devel-windows-ix86+x86_64 2.0.2 15.00 321.00 336.00 OK
r-patched-linux-x86_64 2.0.2 4.35 204.87 209.22 OK
r-patched-solaris-sparc 2.0.2 3517.30 OK
r-patched-solaris-x86 2.0.2 689.10 OK
r-release-linux-x86_64 2.0.2 4.51 207.41 211.92 OK
r-release-osx-x86_64-mavericks 2.0.2 WARN
r-release-windows-ix86+x86_64 2.0.2 19.00 336.00 355.00 OK
r-oldrel-windows-ix86+x86_64 2.0.1 OK

Check Details

Version: 2.0.2
Check: whether package can be installed
Result: WARN
    Found the following significant warnings:
     Warning: 'rgl_init' failed, running with rgl.useNULL = TRUE
Flavor: r-release-osx-x86_64-mavericks

Version: 2.0.2
Check: dependencies in R code
Result: NOTE
    Invalid MIT-MAGIC-COOKIE-1 key
Flavor: r-release-osx-x86_64-mavericks

Version: 2.0.2
Check: S3 generic/method consistency
Result: WARN
    Invalid MIT-MAGIC-COOKIE-1 key
    See section ‘Generic functions and methods’ in the ‘Writing R
    Extensions’ manual.
Flavor: r-release-osx-x86_64-mavericks

Version: 2.0.2
Check: replacement functions
Result: WARN
    Invalid MIT-MAGIC-COOKIE-1 key
    The argument of a replacement function which corresponds to the right
    hand side must be named ‘value’.
Flavor: r-release-osx-x86_64-mavericks

Version: 2.0.2
Check: foreign function calls
Result: NOTE
    Invalid MIT-MAGIC-COOKIE-1 key
    See chapter ‘System and foreign language interfaces’ in the ‘Writing R
    Extensions’ manual.
Flavor: r-release-osx-x86_64-mavericks

Version: 2.0.2
Check: R code for possible problems
Result: NOTE
    Invalid MIT-MAGIC-COOKIE-1 key
Flavor: r-release-osx-x86_64-mavericks

Version: 2.0.2
Check: for missing documentation entries
Result: WARN
    Invalid MIT-MAGIC-COOKIE-1 key
    All user-level objects in a package should have documentation entries.
    See chapter ‘Writing R documentation files’ in the ‘Writing R
    Extensions’ manual.
Flavor: r-release-osx-x86_64-mavericks

Version: 2.0.2
Check: for code/documentation mismatches
Result: WARN
    Invalid MIT-MAGIC-COOKIE-1 key
    Invalid MIT-MAGIC-COOKIE-1 key
    Invalid MIT-MAGIC-COOKIE-1 key
Flavor: r-release-osx-x86_64-mavericks

Version: 2.0.2
Check: Rd \usage sections
Result: NOTE
    Invalid MIT-MAGIC-COOKIE-1 key
    The \usage entries for S3 methods should use the \method markup and not
    their full name.
    See chapter ‘Writing R documentation files’ in the ‘Writing R
    Extensions’ manual.
Flavor: r-release-osx-x86_64-mavericks