CRAN Package Check Results for Package cape

Last updated on 2015-05-29 11:48:45.

Flavor Version Tinstall Tcheck Ttotal Status Flags
r-devel-linux-x86_64-debian-clang 1.3 3.58 119.75 123.34 OK
r-devel-linux-x86_64-debian-gcc 1.3 3.69 117.69 121.38 OK
r-devel-linux-x86_64-fedora-clang 1.3 259.61 OK
r-devel-linux-x86_64-fedora-gcc 1.3 233.85 OK
r-devel-osx-x86_64-clang 1.3 201.81 OK
r-devel-windows-ix86+x86_64 1.3 10.00 174.00 184.00 OK
r-patched-linux-x86_64 1.3 3.39 117.64 121.03 OK
r-patched-solaris-sparc 1.3 1404.30 OK
r-patched-solaris-x86 1.3 288.00 OK
r-release-linux-x86_64 1.3 3.42 119.74 123.15 OK
r-release-osx-x86_64-mavericks 1.3 OK
r-release-osx-x86_64-snowleopard 1.3 ERROR
r-release-windows-ix86+x86_64 1.3 12.00 173.00 185.00 OK
r-oldrel-windows-ix86+x86_64 1.3 14.00 199.00 213.00 OK

Check Details

Version: 1.3
Check: package dependencies
Result: ERROR
    Package required but not available: ‘igraph’
    
    See section ‘The DESCRIPTION file’ in the ‘Writing R Extensions’
    manual.
Flavor: r-release-osx-x86_64-snowleopard