Last updated on 2023-03-29 00:57:03 CEST.
Flavor | Version | Tinstall | Tcheck | Ttotal | Status | Flags |
---|---|---|---|---|---|---|
r-devel-linux-x86_64-debian-clang | 1.0.1 | 8.92 | 123.07 | 131.99 | NOTE | |
r-devel-linux-x86_64-debian-gcc | 1.0.1 | 5.15 | 90.46 | 95.61 | NOTE | |
r-devel-linux-x86_64-fedora-clang | 1.0.1 | 160.02 | NOTE | |||
r-devel-linux-x86_64-fedora-gcc | 1.0.1 | 165.08 | NOTE | |||
r-devel-windows-x86_64 | 1.0.1 | 26.00 | 0.00 | 26.00 | NOTE | |
r-patched-linux-x86_64 | 1.0.1 | 9.71 | 116.28 | 125.99 | NOTE | |
r-release-linux-x86_64 | 1.0.1 | 6.10 | 118.22 | 124.32 | OK | |
r-release-macos-arm64 | 1.0.1 | 52.00 | OK | |||
r-release-macos-x86_64 | 1.0.1 | 86.00 | OK | |||
r-release-windows-x86_64 | 1.0.1 | 27.00 | 192.00 | 219.00 | OK | |
r-oldrel-macos-arm64 | 1.0.1 | 60.00 | OK | |||
r-oldrel-macos-x86_64 | 1.0.1 | 125.00 | OK | |||
r-oldrel-windows-ix86+x86_64 | 1.0.1 | 15.00 | 153.00 | 168.00 | OK |
Version: 1.0.1
Check: Rd files
Result: NOTE
checkRd: (-1) caic-class.Rd:14: Escaped LaTeX specials: \$ \$
checkRd: (-1) caic-class.Rd:15: Escaped LaTeX specials: \$ \$
Flavors: r-devel-linux-x86_64-debian-clang, r-devel-linux-x86_64-debian-gcc, r-devel-linux-x86_64-fedora-clang, r-devel-linux-x86_64-fedora-gcc, r-devel-windows-x86_64, r-patched-linux-x86_64