CRAN Package Check Results for Package capm

Last updated on 2017-06-26 16:46:48.

Flavor Version Tinstall Tcheck Ttotal Status Flags
r-devel-linux-x86_64-debian-clang 0.11.0 6.17 79.82 85.99 OK
r-devel-linux-x86_64-debian-gcc 0.11.0 6.66 78.08 84.74 OK
r-devel-linux-x86_64-fedora-clang 0.11.0 183.55 OK
r-devel-linux-x86_64-fedora-gcc 0.11.0 179.16 OK
r-devel-windows-ix86+x86_64 0.11.0 26.00 190.00 216.00 OK
r-patched-linux-x86_64 0.11.0 6.75 79.38 86.13 OK
r-patched-solaris-sparc 0.11.0 1059.00 OK
r-patched-solaris-x86 0.11.0 246.10 OK
r-release-linux-x86_64 0.11.0 6.63 79.25 85.88 OK
r-release-windows-ix86+x86_64 0.11.0 19.00 195.00 214.00 OK
r-release-osx-x86_64 0.11.0 OK
r-oldrel-windows-ix86+x86_64 0.9.1 19.00 107.00 126.00 OK
r-oldrel-osx-x86_64 0.11.0 ERROR

Check Details

Version: 0.11.0
Check: whether package can be installed
Result: ERROR
    Installation failed.
Flavor: r-oldrel-osx-x86_64