CRAN Package Check Results for Package capm

Last updated on 2014-07-23 05:49:02.

Flavor Version Tinstall Tcheck Ttotal Status Flags
r-devel-linux-x86_64-debian-clang 0.5 3.53 49.49 53.02 OK
r-devel-linux-x86_64-debian-gcc 0.5 3.49 48.64 52.13 OK
r-devel-linux-x86_64-fedora-clang 0.5 112.22 OK
r-devel-linux-x86_64-fedora-gcc 0.5 107.90 OK
r-devel-osx-x86_64-clang 0.5 92.23 OK
r-devel-windows-ix86+x86_64 0.5 11.00 81.00 92.00 OK
r-patched-linux-x86_64 0.5 4.36 48.96 53.33 OK
r-patched-solaris-sparc 0.5 591.80 OK
r-patched-solaris-x86 0.5 154.20 OK
r-release-linux-ix86 0.5 4.57 61.08 65.65 OK
r-release-linux-x86_64 0.5 3.95 50.32 54.27 OK
r-release-osx-x86_64-mavericks 0.5 ERROR
r-release-osx-x86_64-snowleopard 0.5 OK
r-release-windows-ix86+x86_64 0.5 14.00 90.00 104.00 OK
r-oldrel-windows-ix86+x86_64 0.5 13.00 87.00 100.00 OK

Check Details

Version: 0.5
Check: package dependencies
Result: ERROR
    Package required but not available: ‘rgdal’
    
    See the information on DESCRIPTION files in the chapter ‘Creating R
    packages’ of the ‘Writing R Extensions’ manual.
Flavor: r-release-osx-x86_64-mavericks