CRAN Package Check Results for Package capm

Last updated on 2017-08-20 05:46:58.

Flavor Version Tinstall Tcheck Ttotal Status Flags
r-devel-linux-x86_64-debian-clang 0.11.0 6.87 85.66 92.52 OK
r-devel-linux-x86_64-debian-gcc 0.11.0 7.02 81.47 88.50 OK
r-devel-linux-x86_64-fedora-clang 0.11.0 189.15 OK
r-devel-linux-x86_64-fedora-gcc 0.11.0 188.20 OK
r-devel-windows-ix86+x86_64 0.11.0 20.00 146.00 166.00 OK
r-patched-linux-x86_64 0.11.0 6.84 80.54 87.38 OK
r-patched-solaris-x86 0.11.0 249.50 OK
r-release-linux-x86_64 0.11.0 6.97 81.10 88.07 OK
r-release-windows-ix86+x86_64 0.11.0 25.00 139.00 164.00 OK
r-release-osx-x86_64 0.11.0 OK
r-oldrel-windows-ix86+x86_64 0.9.1 19.00 107.00 126.00 OK
r-oldrel-osx-x86_64 0.11.0 ERROR

Check Details

Version: 0.11.0
Check: whether package can be installed
Result: ERROR
    Installation failed.
Flavor: r-oldrel-osx-x86_64