CRAN Package Check Results for Package capm

Last updated on 2015-09-01 12:48:06.

Flavor Version Tinstall Tcheck Ttotal Status Flags
r-devel-linux-x86_64-debian-clang 0.8.0 2.24 35.66 37.90 NOTE
r-devel-linux-x86_64-debian-gcc 0.8.0 2.32 36.24 38.56 NOTE
r-devel-linux-x86_64-fedora-clang 0.8.0 75.48 NOTE
r-devel-linux-x86_64-fedora-gcc 0.8.0 73.73 NOTE
r-devel-osx-x86_64-clang 0.8.0 61.34 OK
r-devel-windows-ix86+x86_64 0.8.0 14.00 63.00 77.00 NOTE
r-patched-linux-x86_64 0.8.0 2.25 37.27 39.52 OK
r-patched-solaris-sparc 0.8.0 482.70 OK
r-patched-solaris-x86 0.8.0 127.40 OK
r-release-linux-x86_64 0.8.0 2.16 36.67 38.82 OK
r-release-osx-x86_64-mavericks 0.8.0 OK
r-release-windows-ix86+x86_64 0.8.0 11.00 60.00 71.00 OK
r-oldrel-windows-ix86+x86_64 0.8.0 23.00 103.00 126.00 OK

Check Details

Version: 0.8.0
Check: R code for possible problems
Result: NOTE
    Calculate2StageSampleSize: no visible global function definition for
     ‘qnorm’
    CalculateSimpleSampleSize: no visible global function definition for
     ‘sd’
    CalculateSimpleSampleSize: no visible global function definition for
     ‘qnorm’
    CalculateStratifiedSampleSize: no visible binding for global variable
     ‘var’
    CalculateStratifiedSampleSize: no visible global function definition
     for ‘qnorm’
    PlotPopPyramid: no visible global function definition for ‘aggregate’
    SamplePPS: no visible global function definition for ‘runif’
    SamplePPS: no visible global function definition for ‘write.table’
    SampleSystematic: no visible global function definition for
     ‘write.table’
    SummarySurvey: no visible global function definition for ‘qnorm’
    SummarySurvey: no visible global function definition for ‘confint’
    Undefined global functions or variables:
     aggregate confint qnorm runif sd var write.table
    Consider adding
     importFrom("stats", "aggregate", "confint", "qnorm", "runif", "sd",
     "var")
     importFrom("utils", "write.table")
    to your NAMESPACE.
Flavors: r-devel-linux-x86_64-debian-clang, r-devel-linux-x86_64-debian-gcc, r-devel-linux-x86_64-fedora-clang, r-devel-linux-x86_64-fedora-gcc, r-devel-windows-ix86+x86_64