CRAN Package Check Results for Package capm

Last updated on 2014-11-23 12:46:27.

Flavor Version Tinstall Tcheck Ttotal Status Flags
r-devel-linux-x86_64-debian-clang 0.5 3.54 49.14 52.69 OK
r-devel-linux-x86_64-debian-gcc 0.5 3.40 47.64 51.04 OK
r-devel-linux-x86_64-fedora-clang 0.5 110.59 OK
r-devel-linux-x86_64-fedora-gcc 0.5 104.74 OK
r-devel-osx-x86_64-clang 0.5 98.29 OK
r-devel-windows-ix86+x86_64 0.5 14.00 80.00 94.00 OK
r-patched-linux-x86_64 0.5 3.46 49.81 53.26 OK
r-patched-solaris-sparc 0.5 639.80 OK
r-patched-solaris-x86 0.5 158.10 OK
r-release-linux-ix86 0.5 4.32 58.33 62.65 OK
r-release-linux-x86_64 0.5 3.49 49.69 53.18 OK
r-release-osx-x86_64-mavericks 0.5 ERROR
r-release-osx-x86_64-snowleopard 0.5 OK
r-release-windows-ix86+x86_64 0.5 17.00 85.00 102.00 OK
r-oldrel-windows-ix86+x86_64 0.5 15.00 102.00 117.00 OK

Check Details

Version: 0.5
Check: package dependencies
Result: ERROR
    Package required but not available: ‘rgdal’
    
    See the information on DESCRIPTION files in the chapter ‘Creating R
    packages’ of the ‘Writing R Extensions’ manual.
Flavor: r-release-osx-x86_64-mavericks