CRAN Package Check Results for Package capm

Last updated on 2015-01-25 09:51:23.

Flavor Version Tinstall Tcheck Ttotal Status Flags
r-devel-linux-x86_64-debian-clang 0.5 3.51 49.43 52.94 OK
r-devel-linux-x86_64-debian-gcc 0.5 3.28 48.33 51.62 OK
r-devel-linux-x86_64-fedora-clang 0.5 107.03 OK
r-devel-linux-x86_64-fedora-gcc 0.5 108.41 OK
r-devel-osx-x86_64-clang 0.5 90.28 OK
r-devel-windows-ix86+x86_64 0.5 15.00 80.00 95.00 OK
r-patched-linux-x86_64 0.5 3.64 50.91 54.56 OK
r-patched-solaris-sparc 0.5 628.80 OK
r-patched-solaris-x86 0.5 155.90 OK
r-release-linux-ix86 0.5 4.06 58.90 62.97 OK
r-release-linux-x86_64 0.5 3.44 50.94 54.39 OK
r-release-osx-x86_64-mavericks 0.5 ERROR
r-release-osx-x86_64-snowleopard 0.5 OK
r-release-windows-ix86+x86_64 0.5 14.00 88.00 102.00 OK
r-oldrel-windows-ix86+x86_64 0.5 17.00 105.00 122.00 OK

Check Details

Version: 0.5
Check: package dependencies
Result: ERROR
    Package required but not available: ‘rgdal’
    
    See the information on DESCRIPTION files in the chapter ‘Creating R
    packages’ of the ‘Writing R Extensions’ manual.
Flavor: r-release-osx-x86_64-mavericks