CRAN Package Check Results for Package capm

Last updated on 2017-10-21 00:51:35.

Flavor Version Tinstall Tcheck Ttotal Status Flags
r-devel-linux-x86_64-debian-clang 0.11.0 6.08 77.72 83.80 OK
r-devel-linux-x86_64-debian-gcc 0.11.0 7.97 87.96 95.93 OK
r-devel-linux-x86_64-fedora-clang 0.11.0 187.96 OK
r-devel-linux-x86_64-fedora-gcc 0.11.0 197.35 OK
r-devel-windows-ix86+x86_64 0.11.0 18.00 142.00 160.00 OK
r-patched-linux-x86_64 0.11.0 6.84 81.32 88.16 OK
r-patched-solaris-x86 0.11.0 257.50 OK
r-release-linux-x86_64 0.11.0 7.31 81.29 88.61 OK
r-release-windows-ix86+x86_64 0.11.0 26.00 199.00 225.00 OK
r-release-osx-x86_64 0.11.0 OK
r-oldrel-windows-ix86+x86_64 0.9.1 19.00 107.00 126.00 OK
r-oldrel-osx-x86_64 0.11.0 ERROR

Check Details

Version: 0.11.0
Check: whether package can be installed
Result: ERROR
    Installation failed.
Flavor: r-oldrel-osx-x86_64