CRAN Package Check Results for Package capm

Last updated on 2015-04-21 02:48:26.

Flavor Version Tinstall Tcheck Ttotal Status Flags
r-devel-linux-x86_64-debian-clang 0.7.0 2.11 35.97 38.08 OK
r-devel-linux-x86_64-debian-gcc 0.7.0 2.21 34.92 37.13 OK
r-devel-linux-x86_64-fedora-clang 0.7.0 75.44 OK
r-devel-linux-x86_64-fedora-gcc 0.7.0 76.61 OK
r-devel-osx-x86_64-clang 0.7.0 68.95 OK
r-devel-windows-ix86+x86_64 0.7.0 10.00 54.00 64.00 OK
r-patched-linux-x86_64 0.7.0 2.09 35.85 37.94 OK
r-patched-solaris-sparc 0.7.0 519.10 OK
r-patched-solaris-x86 0.7.0 110.30 OK
r-release-linux-x86_64 0.7.0 2.21 35.55 37.76 OK
r-release-osx-x86_64-mavericks 0.7.0 ERROR
r-release-osx-x86_64-snowleopard 0.7.0 ERROR
r-release-windows-ix86+x86_64 0.7.0 5.00 47.00 52.00 OK
r-oldrel-windows-ix86+x86_64 0.7.0 14.00 92.00 106.00 OK

Check Details

Version: 0.7.0
Check: package dependencies
Result: ERROR
    Package required but not available: ‘rgdal’
    
    See section ‘The DESCRIPTION file’ in the ‘Writing R Extensions’
    manual.
Flavor: r-release-osx-x86_64-mavericks

Version: 0.7.0
Check: package dependencies
Result: ERROR
    Packages required but not available: ‘survey’ ‘ggplot2’
    
    See section ‘The DESCRIPTION file’ in the ‘Writing R Extensions’
    manual.
Flavor: r-release-osx-x86_64-snowleopard