CRAN Package Check Results for Package capm

Last updated on 2014-08-21 10:13:17.

Flavor Version Tinstall Tcheck Ttotal Status Flags
r-devel-linux-x86_64-debian-clang 0.5 3.40 50.26 53.66 OK
r-devel-linux-x86_64-debian-gcc 0.5 3.30 47.62 50.92 OK
r-devel-linux-x86_64-fedora-clang 0.5 114.26 OK
r-devel-linux-x86_64-fedora-gcc 0.5 104.79 OK
r-devel-osx-x86_64-clang 0.5 90.24 OK
r-devel-windows-ix86+x86_64 0.5 12.00 70.00 82.00 OK
r-patched-linux-x86_64 0.5 3.64 50.30 53.94 OK
r-patched-solaris-sparc 0.5 639.80 OK
r-patched-solaris-x86 0.5 154.20 OK
r-release-linux-ix86 0.5 5.58 61.62 67.20 OK
r-release-linux-x86_64 0.5 3.54 50.88 54.43 OK
r-release-osx-x86_64-mavericks 0.5 ERROR
r-release-osx-x86_64-snowleopard 0.5 OK
r-release-windows-ix86+x86_64 0.5 14.00 79.00 93.00 OK
r-oldrel-windows-ix86+x86_64 0.5 13.00 84.00 97.00 OK

Check Details

Version: 0.5
Check: package dependencies
Result: ERROR
    Package required but not available: ‘rgdal’
    
    See the information on DESCRIPTION files in the chapter ‘Creating R
    packages’ of the ‘Writing R Extensions’ manual.
Flavor: r-release-osx-x86_64-mavericks