CRAN Package Check Results for Package capm

Last updated on 2015-07-05 10:46:43.

Flavor Version Tinstall Tcheck Ttotal Status Flags
r-devel-linux-x86_64-debian-clang 0.8.0 2.21 37.47 39.68 NOTE
r-devel-linux-x86_64-debian-gcc 0.8.0 2.11 36.13 38.24 NOTE
r-devel-linux-x86_64-fedora-clang 0.8.0 76.42 NOTE
r-devel-linux-x86_64-fedora-gcc 0.8.0 72.60 NOTE
r-devel-osx-x86_64-clang 0.8.0 62.74 OK
r-devel-windows-ix86+x86_64 0.8.0 9.00 52.00 61.00 NOTE
r-patched-linux-x86_64 0.8.0 2.15 35.57 37.72 OK
r-patched-solaris-sparc 0.8.0 486.20 OK
r-patched-solaris-x86 0.8.0 117.30 OK
r-release-linux-x86_64 0.8.0 2.16 36.75 38.91 OK
r-release-osx-x86_64-mavericks 0.8.0 OK
r-release-windows-ix86+x86_64 0.8.0 9.00 51.00 60.00 OK
r-oldrel-windows-ix86+x86_64 0.8.0 22.00 107.00 129.00 OK

Check Details

Version: 0.8.0
Check: R code for possible problems
Result: NOTE
    Calculate2StageSampleSize: no visible global function definition for
     ‘qnorm’
    CalculateSimpleSampleSize: no visible global function definition for
     ‘sd’
    CalculateSimpleSampleSize: no visible global function definition for
     ‘qnorm’
    CalculateStratifiedSampleSize: no visible binding for global variable
     ‘var’
    CalculateStratifiedSampleSize: no visible global function definition
     for ‘qnorm’
    PlotPopPyramid: no visible global function definition for ‘aggregate’
    SamplePPS: no visible global function definition for ‘runif’
    SamplePPS: no visible global function definition for ‘write.table’
    SampleSystematic: no visible global function definition for
     ‘write.table’
    SummarySurvey: no visible global function definition for ‘qnorm’
    SummarySurvey: no visible global function definition for ‘confint’
    Undefined global functions or variables:
     aggregate confint qnorm runif sd var write.table
Flavors: r-devel-linux-x86_64-debian-clang, r-devel-linux-x86_64-debian-gcc, r-devel-linux-x86_64-fedora-clang, r-devel-linux-x86_64-fedora-gcc, r-devel-windows-ix86+x86_64