CRAN Package Check Results for Package capm

Last updated on 2017-12-18 05:47:48 CET.

Flavor Version Tinstall Tcheck Ttotal Status Flags
r-devel-linux-x86_64-debian-clang 0.11.0 7.86 109.54 117.40 OK
r-devel-linux-x86_64-debian-gcc OK
r-devel-linux-x86_64-fedora-clang 0.11.0 158.26 OK
r-devel-linux-x86_64-fedora-gcc 0.11.0 160.23 OK
r-devel-windows-ix86+x86_64 0.11.0 16.00 140.00 156.00 OK
r-patched-linux-x86_64 0.11.0 8.68 131.81 140.49 OK
r-patched-solaris-x86 0.11.0 241.60 OK
r-release-linux-x86_64 0.11.0 9.34 131.26 140.60 OK
r-release-windows-ix86+x86_64 0.11.0 18.00 139.00 157.00 OK
r-release-osx-x86_64 0.11.0 OK
r-oldrel-windows-ix86+x86_64 0.9.1 19.00 107.00 126.00 OK
r-oldrel-osx-x86_64 0.11.0 ERROR

Check Details

Version: 0.11.0
Check: whether package can be installed
Result: ERROR
    Installation failed.
Flavor: r-oldrel-osx-x86_64