CRAN Package Check Results for Package capm

Last updated on 2015-03-29 11:51:11.

Flavor Version Tinstall Tcheck Ttotal Status Flags
r-devel-linux-x86_64-debian-clang 0.7.0 2.08 35.13 37.22 OK
r-devel-linux-x86_64-debian-gcc 0.7.0 2.02 34.50 36.52 OK
r-devel-linux-x86_64-fedora-clang 0.7.0 78.90 OK
r-devel-linux-x86_64-fedora-gcc 0.7.0 74.80 OK
r-devel-osx-x86_64-clang 0.7.0 69.23 OK
r-prerel-windows-ix86+x86_64 0.7.0 14.00 54.00 68.00 OK
r-prerel-linux-x86_64 0.7.0 2.07 34.77 36.84 OK
r-prerel-solaris-sparc 0.7.0 519.10 OK
r-prerel-solaris-x86 0.7.0 111.80 OK
r-release-linux-x86_64 0.7.0 3.71 52.39 56.10 OK
r-release-osx-x86_64-mavericks 0.7.0 ERROR
r-release-osx-x86_64-snowleopard 0.7.0 OK
r-release-windows-ix86+x86_64 0.7.0 14.00 94.00 108.00 OK
r-oldrel-windows-ix86+x86_64 0.5 14.00 94.00 108.00 OK

Check Details

Version: 0.7.0
Check: package dependencies
Result: ERROR
    Package required but not available: ‘rgdal’
    
    See section ‘The DESCRIPTION file’ in the ‘Writing R Extensions’
    manual.
Flavor: r-release-osx-x86_64-mavericks