CRAN Package Check Results for Package captr

Last updated on 2023-01-29 15:51:42 CET.

Flavor Version Tinstall Tcheck Ttotal Status Flags
r-devel-linux-x86_64-debian-clang 0.3.0 3.27 31.04 34.31 NOTE
r-devel-linux-x86_64-debian-gcc 0.3.0 2.57 23.94 26.51 NOTE
r-devel-linux-x86_64-fedora-clang 0.3.0 42.15 NOTE
r-devel-linux-x86_64-fedora-gcc 0.3.0 50.19 NOTE
r-devel-windows-x86_64 0.3.0 42.00 68.00 110.00 NOTE
r-patched-linux-x86_64 0.3.0 3.63 29.63 33.26 NOTE
r-release-linux-x86_64 0.3.0 3.16 29.87 33.03 NOTE
r-release-macos-arm64 0.3.0 20.00 NOTE
r-release-macos-x86_64 0.3.0 28.00 NOTE
r-release-windows-x86_64 0.3.0 28.00 63.00 91.00 NOTE
r-oldrel-macos-arm64 0.3.0 23.00 NOTE
r-oldrel-macos-x86_64 0.3.0 38.00 NOTE
r-oldrel-windows-ix86+x86_64 0.3.0 7.00 53.00 60.00 NOTE

Check Details

Version: 0.3.0
Check: package subdirectories
Result: NOTE
    Problems with news in ‘NEWS.md’:
     Cannot extract version info from the following section titles:
     captr .1.4
     captr .1.3
     captr .1.2
Flavors: r-devel-linux-x86_64-debian-clang, r-devel-linux-x86_64-debian-gcc, r-devel-linux-x86_64-fedora-clang, r-devel-linux-x86_64-fedora-gcc, r-devel-windows-x86_64

Version: 0.3.0
Check: LazyData
Result: NOTE
     'LazyData' is specified without a 'data' directory
Flavors: r-devel-linux-x86_64-debian-clang, r-devel-linux-x86_64-debian-gcc, r-devel-linux-x86_64-fedora-clang, r-devel-linux-x86_64-fedora-gcc, r-devel-windows-x86_64, r-patched-linux-x86_64, r-release-linux-x86_64, r-release-macos-arm64, r-release-macos-x86_64, r-release-windows-x86_64, r-oldrel-macos-arm64, r-oldrel-macos-x86_64, r-oldrel-windows-ix86+x86_64