CRAN Package Check Results for Package capushe

Last updated on 2015-08-31 04:48:35.

Flavor Version Tinstall Tcheck Ttotal Status Flags
r-devel-linux-x86_64-debian-clang 1.0 0.90 17.14 18.04 WARN
r-devel-linux-x86_64-debian-gcc 1.0 0.68 16.10 16.78 WARN
r-devel-linux-x86_64-fedora-clang 1.0 32.45 WARN
r-devel-linux-x86_64-fedora-gcc 1.0 31.91 WARN
r-devel-osx-x86_64-clang 1.0 30.50 WARN
r-devel-windows-ix86+x86_64 1.0 5.00 33.00 38.00 WARN
r-patched-linux-x86_64 1.0 0.74 16.87 17.61 WARN
r-patched-solaris-sparc 1.0 210.80 NOTE
r-patched-solaris-x86 1.0 49.50 NOTE
r-release-linux-x86_64 1.0 0.80 16.84 17.64 WARN
r-release-osx-x86_64-mavericks 1.0 NOTE
r-release-windows-ix86+x86_64 1.0 5.00 34.00 39.00 WARN
r-oldrel-windows-ix86+x86_64 1.0 6.00 44.00 50.00 WARN

Check Details

Version: 1.0
Check: top-level files
Result: NOTE
    Non-standard files/directories found at top level:
     ‘main.R’ ‘testsDev’
Flavors: r-devel-linux-x86_64-debian-clang, r-devel-linux-x86_64-debian-gcc, r-devel-linux-x86_64-fedora-clang, r-devel-linux-x86_64-fedora-gcc, r-patched-linux-x86_64, r-release-linux-x86_64

Version: 1.0
Check: whether the namespace can be loaded with stated dependencies
Result: NOTE
    Warning: no function found corresponding to methods exports from ‘capushe’ for: ‘show’
    
    A namespace must be able to be loaded with just the base namespace
    loaded: otherwise if the namespace gets loaded by a saved object, the
    session will be unable to start.
    
    Probably some imports need to be declared in the NAMESPACE file.
Flavors: r-devel-linux-x86_64-debian-clang, r-devel-linux-x86_64-debian-gcc, r-devel-linux-x86_64-fedora-clang, r-devel-linux-x86_64-fedora-gcc, r-devel-osx-x86_64-clang, r-devel-windows-ix86+x86_64

Version: 1.0
Check: dependencies in R code
Result: NOTE
    Package in Depends field not imported from: ‘methods’
     These packages need to be imported from (in the NAMESPACE file)
     for when this namespace is loaded but not attached.
Flavors: r-devel-linux-x86_64-debian-clang, r-devel-linux-x86_64-debian-gcc, r-devel-linux-x86_64-fedora-clang, r-devel-linux-x86_64-fedora-gcc, r-devel-osx-x86_64-clang, r-devel-windows-ix86+x86_64, r-patched-linux-x86_64, r-patched-solaris-sparc, r-patched-solaris-x86, r-release-linux-x86_64, r-release-osx-x86_64-mavericks, r-release-windows-ix86+x86_64, r-oldrel-windows-ix86+x86_64

Version: 1.0
Check: R code for possible problems
Result: NOTE
    AICcapushe: no visible global function definition for ‘read.table’
    BICcapushe: no visible global function definition for ‘read.table’
    DDSE: no visible binding for global variable ‘psi.bisquare’
    DDSE: no visible global function definition for ‘read.table’
    DDSE: no visible global function definition for ‘new’
    Djump: no visible global function definition for ‘read.table’
    Djump: no visible global function definition for ‘new’
    capushe: no visible binding for global variable ‘psi.bisquare’
    capushe: no visible global function definition for ‘read.table’
    capushe: no visible global function definition for ‘new’
    plot,Capushe: no visible global function definition for ‘x11’
    plot,DDSE: no visible global function definition for ‘x11’
    plot,Djump: no visible global function definition for ‘x11’
    validation,DDSE: no visible global function definition for ‘read.table’
    validation,DDSE: no visible global function definition for ‘x11’
    Undefined global functions or variables:
     new psi.bisquare read.table x11
    Consider adding
     importFrom("grDevices", "x11")
     importFrom("methods", "new")
     importFrom("utils", "read.table")
    to your NAMESPACE (and ensure that your DESCRIPTION Imports field
    contains 'methods').
Flavors: r-devel-linux-x86_64-debian-clang, r-devel-linux-x86_64-debian-gcc, r-devel-linux-x86_64-fedora-clang, r-devel-linux-x86_64-fedora-gcc, r-devel-windows-ix86+x86_64

Version: 1.0
Check: examples
Result: WARN
    Found the following significant warnings:
     Warning in x11(width = 14) : screen devices should not be used in examples etc
     Warning in x11(width = 15) : screen devices should not be used in examples etc
     Warning in x11(width = 15) : screen devices should not be used in examples etc
     Warning in x11(width = 14) : screen devices should not be used in examples etc
     Warning in x11(width = 14) : screen devices should not be used in examples etc
     Warning in x11(width = 15) : screen devices should not be used in examples etc
     Warning in x11(width = 14) : screen devices should not be used in examples etc
     Warning in x11(width = 15) : screen devices should not be used in examples etc
     Warning in x11(width = 14) : screen devices should not be used in examples etc
     Warning in x11(width = 14) : screen devices should not be used in examples etc
     Warning in x11(width = 15) : screen devices should not be used in examples etc
     Warning in x11(width = 14) : screen devices should not be used in examples etc
     Warning in x11(width = 14) : screen devices should not be used in examples etc
     Warning in x11(width = 14) : screen devices should not be used in examples etc
     Warning in x11(width = 15) : screen devices should not be used in examples etc
    dev.new() is the preferred way to open a new device, in the unlikely
    event one is needed.
Flavors: r-devel-linux-x86_64-debian-clang, r-devel-linux-x86_64-debian-gcc, r-devel-linux-x86_64-fedora-clang, r-devel-linux-x86_64-fedora-gcc, r-devel-osx-x86_64-clang, r-patched-linux-x86_64, r-release-linux-x86_64

Version: 1.0
Check: R code for possible problems
Result: NOTE
    DDSE: no visible binding for global variable ‘psi.bisquare’
    capushe: no visible binding for global variable ‘psi.bisquare’
    Undefined global functions or variables:
     psi.bisquare
Flavor: r-devel-osx-x86_64-clang

Version: 1.0
Check: examples
Result: WARN
    Found the following significant warnings:
     Warning in windows(width = width, height = height, pointsize = pointsize, : screen devices should not be used in examples etc
     Warning in windows(width = width, height = height, pointsize = pointsize, : screen devices should not be used in examples etc
     Warning in windows(width = width, height = height, pointsize = pointsize, : screen devices should not be used in examples etc
     Warning in windows(width = width, height = height, pointsize = pointsize, : screen devices should not be used in examples etc
     Warning in windows(width = width, height = height, pointsize = pointsize, : screen devices should not be used in examples etc
     Warning in windows(width = width, height = height, pointsize = pointsize, : screen devices should not be used in examples etc
     Warning in windows(width = width, height = height, pointsize = pointsize, : screen devices should not be used in examples etc
     Warning in windows(width = width, height = height, pointsize = pointsize, : screen devices should not be used in examples etc
     Warning in windows(width = width, height = height, pointsize = pointsize, : screen devices should not be used in examples etc
     Warning in windows(width = width, height = height, pointsize = pointsize, : screen devices should not be used in examples etc
     Warning in windows(width = width, height = height, pointsize = pointsize, : screen devices should not be used in examples etc
     Warning in windows(width = width, height = height, pointsize = pointsize, : screen devices should not be used in examples etc
     Warning in windows(width = width, height = height, pointsize = pointsize, : screen devices should not be used in examples etc
     Warning in windows(width = width, height = height, pointsize = pointsize, : screen devices should not be used in examples etc
     Warning in windows(width = width, height = height, pointsize = pointsize, : screen devices should not be used in examples etc
    dev.new() is the preferred way to open a new device, in the unlikely
    event one is needed.
Flavors: r-devel-windows-ix86+x86_64, r-release-windows-ix86+x86_64, r-oldrel-windows-ix86+x86_64

Version: 1.0
Check: R code for possible problems
Result: NOTE
    DDSE: no visible binding for global variable ‘psi.bisquare’
    capushe: no visible binding for global variable ‘psi.bisquare’
Flavors: r-patched-linux-x86_64, r-patched-solaris-sparc, r-patched-solaris-x86, r-release-linux-x86_64, r-release-osx-x86_64-mavericks, r-release-windows-ix86+x86_64, r-oldrel-windows-ix86+x86_64