CRAN Package Check Results for Package capushe

Last updated on 2014-11-28 17:51:30.

Flavor Version Tinstall Tcheck Ttotal Status Flags
r-devel-linux-x86_64-debian-clang 1.0 0.86 17.60 18.46 WARN
r-devel-linux-x86_64-debian-gcc 1.0 0.78 17.04 17.82 WARN
r-devel-linux-x86_64-fedora-clang 1.0 39.38 WARN
r-devel-linux-x86_64-fedora-gcc 1.0 40.64 WARN
r-devel-osx-x86_64-clang 1.0 37.28 WARN
r-devel-windows-ix86+x86_64 1.0 3.00 26.00 29.00 WARN
r-patched-linux-x86_64 1.0 0.83 17.24 18.07 WARN
r-patched-solaris-sparc 1.0 201.50 NOTE
r-patched-solaris-x86 1.0 51.80 NOTE
r-release-linux-ix86 1.0 1.11 23.84 24.95 WARN
r-release-linux-x86_64 1.0 0.83 17.67 18.50 WARN
r-release-osx-x86_64-mavericks 1.0 NOTE
r-release-windows-ix86+x86_64 1.0 4.00 28.00 32.00 WARN
r-oldrel-windows-ix86+x86_64 1.0 3.00 26.00 29.00 NOTE

Check Details

Version: 1.0
Check: top-level files
Result: NOTE
    Non-standard files/directories found at top level:
     ‘main.R’ ‘testsDev’
Flavors: r-devel-linux-x86_64-debian-clang, r-devel-linux-x86_64-debian-gcc, r-devel-linux-x86_64-fedora-clang, r-devel-linux-x86_64-fedora-gcc, r-patched-linux-x86_64, r-release-linux-x86_64

Version: 1.0
Check: dependencies in R code
Result: NOTE
    Package in Depends field not imported from: ‘methods’
     These packages need to be imported from (in the NAMESPACE file)
     for when this namespace is loaded but not attached.
    See the information on DESCRIPTION files in the chapter ‘Creating R
    packages’ of the ‘Writing R Extensions’ manual.
Flavors: r-devel-linux-x86_64-debian-clang, r-devel-linux-x86_64-debian-gcc, r-devel-linux-x86_64-fedora-clang, r-devel-linux-x86_64-fedora-gcc, r-devel-osx-x86_64-clang, r-devel-windows-ix86+x86_64, r-patched-linux-x86_64, r-patched-solaris-sparc, r-patched-solaris-x86, r-release-linux-ix86, r-release-linux-x86_64, r-release-osx-x86_64-mavericks, r-release-windows-ix86+x86_64, r-oldrel-windows-ix86+x86_64

Version: 1.0
Check: R code for possible problems
Result: NOTE
    DDSE: no visible binding for global variable ‘psi.bisquare’
    capushe: no visible binding for global variable ‘psi.bisquare’
Flavors: r-devel-linux-x86_64-debian-clang, r-devel-linux-x86_64-debian-gcc, r-devel-linux-x86_64-fedora-clang, r-devel-linux-x86_64-fedora-gcc, r-devel-osx-x86_64-clang, r-devel-windows-ix86+x86_64, r-patched-linux-x86_64, r-patched-solaris-sparc, r-patched-solaris-x86, r-release-linux-ix86, r-release-linux-x86_64, r-release-windows-ix86+x86_64

Version: 1.0
Check: examples
Result: WARN
    Found the following significant warnings:
     Warning in x11(width = 14) : screen devices should not be used in examples etc
     Warning in x11(width = 15) : screen devices should not be used in examples etc
     Warning in x11(width = 15) : screen devices should not be used in examples etc
     Warning in x11(width = 14) : screen devices should not be used in examples etc
     Warning in x11(width = 14) : screen devices should not be used in examples etc
     Warning in x11(width = 15) : screen devices should not be used in examples etc
     Warning in x11(width = 14) : screen devices should not be used in examples etc
     Warning in x11(width = 15) : screen devices should not be used in examples etc
     Warning in x11(width = 14) : screen devices should not be used in examples etc
     Warning in x11(width = 14) : screen devices should not be used in examples etc
     Warning in x11(width = 15) : screen devices should not be used in examples etc
     Warning in x11(width = 14) : screen devices should not be used in examples etc
     Warning in x11(width = 14) : screen devices should not be used in examples etc
     Warning in x11(width = 14) : screen devices should not be used in examples etc
     Warning in x11(width = 15) : screen devices should not be used in examples etc
    dev.new() is the preferred way to open a new device, in the unlikely
    event one is needed.
Flavors: r-devel-linux-x86_64-debian-clang, r-devel-linux-x86_64-debian-gcc, r-devel-linux-x86_64-fedora-clang, r-devel-linux-x86_64-fedora-gcc, r-devel-osx-x86_64-clang, r-patched-linux-x86_64, r-release-linux-ix86, r-release-linux-x86_64

Version: 1.0
Check: examples
Result: WARN
    Found the following significant warnings:
     Warning in windows(width = width, height = height, pointsize = pointsize, : screen devices should not be used in examples etc
     Warning in windows(width = width, height = height, pointsize = pointsize, : screen devices should not be used in examples etc
     Warning in windows(width = width, height = height, pointsize = pointsize, : screen devices should not be used in examples etc
     Warning in windows(width = width, height = height, pointsize = pointsize, : screen devices should not be used in examples etc
     Warning in windows(width = width, height = height, pointsize = pointsize, : screen devices should not be used in examples etc
     Warning in windows(width = width, height = height, pointsize = pointsize, : screen devices should not be used in examples etc
     Warning in windows(width = width, height = height, pointsize = pointsize, : screen devices should not be used in examples etc
     Warning in windows(width = width, height = height, pointsize = pointsize, : screen devices should not be used in examples etc
     Warning in windows(width = width, height = height, pointsize = pointsize, : screen devices should not be used in examples etc
     Warning in windows(width = width, height = height, pointsize = pointsize, : screen devices should not be used in examples etc
     Warning in windows(width = width, height = height, pointsize = pointsize, : screen devices should not be used in examples etc
     Warning in windows(width = width, height = height, pointsize = pointsize, : screen devices should not be used in examples etc
     Warning in windows(width = width, height = height, pointsize = pointsize, : screen devices should not be used in examples etc
     Warning in windows(width = width, height = height, pointsize = pointsize, : screen devices should not be used in examples etc
     Warning in windows(width = width, height = height, pointsize = pointsize, : screen devices should not be used in examples etc
    dev.new() is the preferred way to open a new device, in the unlikely
    event one is needed.
Flavors: r-devel-windows-ix86+x86_64, r-release-windows-ix86+x86_64