CRAN Package Check Results for Package car

Last updated on 2017-02-25 07:48:54.

Flavor Version Tinstall Tcheck Ttotal Status Flags
r-devel-linux-x86_64-debian-clang 2.1-4 12.39 90.07 102.46 OK
r-devel-linux-x86_64-debian-gcc 2.1-4 12.09 89.05 101.15 OK
r-devel-linux-x86_64-fedora-clang 2.1-4 209.03 OK --no-stop-on-test-error
r-devel-linux-x86_64-fedora-gcc 2.1-4 203.30 OK --no-stop-on-test-error
r-devel-macos-x86_64-clang 2.1-4 161.15 OK --no-stop-on-test-error
r-devel-windows-ix86+x86_64 2.1-4 37.00 207.00 244.00 OK
r-patched-linux-x86_64 2.1-4 12.06 86.68 98.75 OK
r-patched-solaris-sparc 2.1-4 1191.20 OK
r-patched-solaris-x86 2.1-4 182.50 ERROR
r-release-linux-x86_64 2.1-4 11.25 86.01 97.25 OK
r-release-osx-x86_64-mavericks 2.1-4 OK
r-release-windows-ix86+x86_64 2.1-4 33.00 206.00 239.00 OK
r-oldrel-windows-ix86+x86_64 2.1-4 34.00 203.00 237.00 OK

Check Details

Version: 2.1-4
Check: examples
Result: ERROR
    Running examples in ‘car-Ex.R’ failed
    The error most likely occurred in:
    
    > ### Name: ScatterplotSmoothers
    > ### Title: Smoothers to Draw Lines on Scatterplots
    > ### Aliases: ScatterplotSmoothers gamLine quantregLine loessLine
    > ### Keywords: hplot
    >
    > ### ** Examples
    >
    > scatterplot(prestige ~ income, data=Prestige)
    > scatterplot(prestige ~ income, data=Prestige, smoother=gamLine)
    > scatterplot(prestige ~ income, data=Prestige, smoother=quantregLine)
    Error in validObject(.Object) :
     invalid class “dsparseModelMatrix” object: superclass "replValueSp" not defined in the environment of the object's class
    Calls: scatterplot ... initialize -> callNextMethod -> .nextMethod -> validObject
    Execution halted
Flavor: r-patched-solaris-x86