CRAN Package Check Results for Package car

Last updated on 2015-04-26 17:47:33.

Flavor Version Tinstall Tcheck Ttotal Status Flags
r-devel-linux-x86_64-debian-clang 2.0-25 11.04 85.25 96.29 OK
r-devel-linux-x86_64-debian-gcc 2.0-25 10.86 84.10 94.96 OK
r-devel-linux-x86_64-fedora-clang 2.0-25 192.99 OK
r-devel-linux-x86_64-fedora-gcc 2.0-25 180.20 OK
r-devel-osx-x86_64-clang 2.0-25 160.18 OK
r-devel-windows-ix86+x86_64 2.0-25 29.00 126.00 155.00 OK
r-patched-linux-x86_64 2.0-25 10.40 82.35 92.75 OK
r-patched-solaris-sparc 2.0-25 1146.00 OK
r-patched-solaris-x86 2.0-25 237.20 OK
r-release-linux-x86_64 2.0-25 10.56 82.50 93.06 OK
r-release-osx-x86_64-mavericks 2.0-25 NOTE
r-release-osx-x86_64-snowleopard 2.0-25 ERROR
r-release-windows-ix86+x86_64 2.0-25 24.00 114.00 138.00 OK
r-oldrel-windows-ix86+x86_64 2.0-25 29.00 132.00 161.00 OK

Check Details

Version: 2.0-25
Check: package dependencies
Result: NOTE
    Package suggested but not available for checking: ‘alr4’
Flavor: r-release-osx-x86_64-mavericks

Version: 2.0-25
Check: package dependencies
Result: ERROR
    Package required but not available: ‘quantreg’
    
    Packages suggested but not available for checking:
     ‘alr4’ ‘lmtest’ ‘sandwich’ ‘survey’
    
    See section ‘The DESCRIPTION file’ in the ‘Writing R Extensions’
    manual.
Flavor: r-release-osx-x86_64-snowleopard