CRAN Package Check Results for Package car

Last updated on 2014-10-21 14:48:13.

Flavor Version Tinstall Tcheck Ttotal Status Flags
r-devel-linux-x86_64-debian-clang 2.0-21 8.04 58.47 66.52 NOTE
r-devel-linux-x86_64-debian-gcc 2.0-21 7.57 54.26 61.83 NOTE
r-devel-linux-x86_64-fedora-clang 2.0-21 131.78 NOTE
r-devel-linux-x86_64-fedora-gcc 2.0-21 136.45 NOTE
r-devel-osx-x86_64-clang 2.0-21 116.16 NOTE
r-devel-windows-ix86+x86_64 2.0-21 18.00 73.00 91.00 NOTE
r-patched-linux-x86_64 2.0-21 10.38 57.50 67.87 NOTE
r-patched-solaris-sparc 2.0-21 740.50 NOTE
r-patched-solaris-x86 2.0-21 157.00 NOTE
r-release-linux-ix86 2.0-21 9.88 75.36 85.25 NOTE
r-release-linux-x86_64 2.0-21 8.52 61.22 69.74 NOTE
r-release-osx-x86_64-mavericks 2.0-21 NOTE
r-release-osx-x86_64-snowleopard 2.0-21 NOTE
r-release-windows-ix86+x86_64 2.0-21 18.00 90.00 108.00 NOTE
r-oldrel-windows-ix86+x86_64 2.0-21 19.00 89.00 108.00 NOTE

Check Details

Version: 2.0-21
Check: dependencies in R code
Result: NOTE
    There are ::: calls to the package's namespace in its code. A package
     almost never needs to use ::: for its own objects:
     ‘.carEnv’
    See the information on DESCRIPTION files in the chapter ‘Creating R
    packages’ of the ‘Writing R Extensions’ manual.
Flavors: r-devel-linux-x86_64-debian-clang, r-devel-linux-x86_64-debian-gcc, r-devel-linux-x86_64-fedora-clang, r-devel-linux-x86_64-fedora-gcc, r-devel-osx-x86_64-clang, r-devel-windows-ix86+x86_64, r-patched-linux-x86_64, r-patched-solaris-sparc, r-patched-solaris-x86, r-release-linux-ix86, r-release-linux-x86_64, r-release-osx-x86_64-mavericks, r-release-osx-x86_64-snowleopard, r-release-windows-ix86+x86_64, r-oldrel-windows-ix86+x86_64

Version: 2.0-21
Check: R code for possible problems
Result: NOTE
    Anova.II.LR.coxph: no visible global function definition for ‘coxph’
    Anova.II.LR.survreg: no visible global function definition for
     ‘survreg’
    Anova.II.mer: no visible global function definition for ‘vcovAdj’
    Anova.II.polr: no visible global function definition for ‘polr’
    Anova.III.LR.coxph: no visible global function definition for ‘coxph’
    Anova.III.LR.survreg: no visible global function definition for
     ‘survreg’
    Anova.III.mer: no visible global function definition for ‘vcovAdj’
    Anova.III.polr: no visible global function definition for ‘polr’
    Boot.default: no visible global function definition for ‘boot’
    Boot.nls: no visible global function definition for ‘boot’
    Identify3d: no visible global function definition for ‘rgl.bringtotop’
    Identify3d: no visible global function definition for ‘rgl.texts’
    car.select3d: no visible global function definition for ‘.check3d’
    car.select3d: no visible global function definition for ‘rgl.select’
    car.select3d: no visible global function definition for
     ‘rgl.projection’
    car.select3d : <anonymous>: no visible global function definition for
     ‘rgl.user2window’
    confint.boot: no visible global function definition for ‘boot.ci’
    ellipsoid: no visible global function definition for ‘qmesh3d’
    gamLine: no visible global function definition for ‘gam’
    linearHypothesis.mer: no visible global function definition for
     ‘isREML’
    linearHypothesis.mer: no visible global function definition for
     ‘KRmodcomp’
    quantregLine: no visible global function definition for ‘rqss’
    scatter3d.default: no visible global function definition for
     ‘rgl.clear’
    scatter3d.default: no visible global function definition for
     ‘rgl.viewpoint’
    scatter3d.default: no visible global function definition for ‘rgl.bg’
    scatter3d.default: no visible global function definition for
     ‘rgl.spheres’
    scatter3d.default: no visible global function definition for
     ‘rgl.points’
    scatter3d.default: no visible global function definition for
     ‘rgl.lines’
    scatter3d.default: no visible global function definition for
     ‘rgl.texts’
    scatter3d.default: no visible global function definition for ‘shade3d’
    scatter3d.default: no visible global function definition for ‘wire3d’
    scatter3d.default: no visible global function definition for ‘gam’
    scatter3d.default: no visible global function definition for
     ‘rgl.surface’
    scatter3d.default: no visible global function definition for
     ‘rgl.quads’
    showLabels3d: no visible global function definition for ‘rgl.texts’
Flavors: r-devel-linux-x86_64-debian-clang, r-devel-linux-x86_64-debian-gcc, r-devel-linux-x86_64-fedora-clang, r-devel-linux-x86_64-fedora-gcc, r-devel-osx-x86_64-clang, r-devel-windows-ix86+x86_64, r-patched-linux-x86_64, r-patched-solaris-sparc, r-patched-solaris-x86