CRAN Package Check Results for Package car

Last updated on 2016-07-27 03:49:39.

Flavor Version Tinstall Tcheck Ttotal Status Flags
r-devel-linux-x86_64-debian-clang 2.1-2 13.13 97.31 110.44 OK
r-devel-linux-x86_64-debian-gcc 2.1-2 12.44 98.64 111.08 OK
r-devel-linux-x86_64-fedora-clang 2.1-2 186.18 OK
r-devel-linux-x86_64-fedora-gcc 2.1-2 176.70 OK
r-devel-osx-x86_64-clang 2.1-2 150.89 OK
r-devel-windows-ix86+x86_64 2.1-2 33.00 181.00 214.00 OK
r-patched-linux-x86_64 2.1-2 13.05 98.13 111.18 OK
r-patched-solaris-sparc 2.1-2 1130.10 OK
r-patched-solaris-x86 2.1-2 217.90 OK
r-release-linux-x86_64 2.1-2 14.18 95.59 109.78 OK
r-release-osx-x86_64-mavericks 2.1-2 NOTE
r-release-windows-ix86+x86_64 2.1-2 32.00 178.00 210.00 OK
r-oldrel-windows-ix86+x86_64 2.1-2 36.00 193.00 229.00 OK

Check Details

Version: 2.1-2
Check: dependencies in R code
Result: NOTE
    Invalid MIT-MAGIC-COOKIE-1 key
Flavor: r-release-osx-x86_64-mavericks