CRAN Package Check Results for Package car

Last updated on 2014-12-18 05:48:11.

Flavor Version Tinstall Tcheck Ttotal Status Flags
r-devel-linux-x86_64-debian-clang 2.0-22 8.14 57.13 65.27 NOTE
r-devel-linux-x86_64-debian-gcc 2.0-22 8.25 55.36 63.61 NOTE
r-devel-linux-x86_64-fedora-clang 2.0-22 134.98 NOTE
r-devel-linux-x86_64-fedora-gcc 2.0-22 118.74 NOTE
r-devel-osx-x86_64-clang 2.0-22 120.84 NOTE
r-devel-windows-ix86+x86_64 2.0-22 27.00 75.00 102.00 NOTE
r-patched-linux-x86_64 2.0-22 9.42 59.41 68.83 NOTE
r-patched-solaris-sparc 2.0-22 728.60 NOTE
r-patched-solaris-x86 2.0-22 161.80 NOTE
r-release-linux-ix86 2.0-22 9.80 69.96 79.76 NOTE
r-release-linux-x86_64 2.0-22 8.94 58.64 67.58 NOTE
r-release-osx-x86_64-mavericks 2.0-22 NOTE
r-release-osx-x86_64-snowleopard 2.0-22 NOTE
r-release-windows-ix86+x86_64 2.0-22 21.00 85.00 106.00 NOTE
r-oldrel-windows-ix86+x86_64 2.0-22 19.00 89.00 108.00 NOTE

Check Details

Version: 2.0-22
Check: dependencies in R code
Result: NOTE
    There are ::: calls to the package's namespace in its code. A package
     almost never needs to use ::: for its own objects:
     ‘.carEnv’
    See the information on DESCRIPTION files in the chapter ‘Creating R
    packages’ of the ‘Writing R Extensions’ manual.
Flavors: r-devel-linux-x86_64-debian-clang, r-devel-linux-x86_64-debian-gcc, r-devel-linux-x86_64-fedora-clang, r-devel-linux-x86_64-fedora-gcc, r-devel-osx-x86_64-clang, r-devel-windows-ix86+x86_64, r-patched-linux-x86_64, r-patched-solaris-sparc, r-patched-solaris-x86, r-release-linux-ix86, r-release-linux-x86_64, r-release-osx-x86_64-mavericks, r-release-osx-x86_64-snowleopard, r-release-windows-ix86+x86_64, r-oldrel-windows-ix86+x86_64