CRAN Package Check Results for Package car

Last updated on 2014-04-24 17:49:40.

Flavor Version Tinstall Tcheck Ttotal Status Flags
r-devel-linux-x86_64-debian-clang 2.0-19 9.02 61.40 70.42 NOTE
r-devel-linux-x86_64-debian-gcc 2.0-19 9.61 61.50 71.12 NOTE
r-devel-linux-x86_64-fedora-clang 2.0-19 142.97 NOTE
r-devel-linux-x86_64-fedora-gcc 2.0-19 141.19 NOTE
r-devel-osx-x86_64-clang 2.0-19 108.50 NOTE
r-devel-osx-x86_64-gcc 2.0-19 ERROR
r-devel-windows-ix86+x86_64 2.0-19 17.00 88.00 105.00 NOTE
r-patched-linux-x86_64 2.0-19 8.72 60.77 69.48 NOTE
r-patched-solaris-sparc 2.0-19 777.50 NOTE
r-patched-solaris-x86 2.0-19 163.50 NOTE
r-release-linux-ix86 2.0-19 13.00 97.00 110.00 NOTE
r-release-linux-x86_64 2.0-19 8.98 62.80 71.78 NOTE
r-release-osx-x86_64-mavericks 2.0-19 WARN
r-release-windows-ix86+x86_64 2.0-19 18.00 92.00 110.00 NOTE
r-oldrel-windows-ix86+x86_64 2.0-19 18.00 84.00 102.00 NOTE

Check Details

Version: 2.0-19
Check: dependencies in R code
Result: NOTE
    There are ::: calls to the package's namespace in its code. A package
     almost never needs to use ::: for its own objects:
     ‘.carEnv’
    See the information on DESCRIPTION files in the chapter ‘Creating R
    packages’ of the ‘Writing R Extensions’ manual.
Flavors: r-devel-linux-x86_64-debian-clang, r-devel-linux-x86_64-debian-gcc, r-devel-linux-x86_64-fedora-clang, r-devel-linux-x86_64-fedora-gcc, r-devel-osx-x86_64-clang, r-devel-osx-x86_64-gcc, r-devel-windows-ix86+x86_64, r-patched-linux-x86_64, r-patched-solaris-sparc, r-patched-solaris-x86, r-release-linux-ix86, r-release-linux-x86_64, r-release-osx-x86_64-mavericks, r-release-windows-ix86+x86_64, r-oldrel-windows-ix86+x86_64

Version: 2.0-19
Check: package dependencies
Result: NOTE
    Packages suggested but not available for checking:
     ‘alr3’ ‘lmtest’ ‘quantreg’ ‘sandwich’ ‘survey’
Flavor: r-devel-osx-x86_64-gcc

Version: 2.0-19
Check: R code for possible problems
Result: NOTE
    quantregLine: no visible global function definition for ‘rqss’
Flavor: r-devel-osx-x86_64-gcc

Version: 2.0-19
Check: Rd cross-references
Result: NOTE
    Packages unavailable to check Rd xrefs: ‘quantreg’, ‘lmtest’, ‘sandwich’
Flavor: r-devel-osx-x86_64-gcc

Version: 2.0-19
Check: examples
Result: ERROR
    Running examples in ‘car-Ex.R’ failed
    The error most likely occurred in:
    
    > ### Name: ScatterplotSmoothers
    > ### Title: Smoothers to Draw Lines on Scatterplots
    > ### Aliases: ScatterplotSmoothers gamLine quantregLine loessLine
    > ### Keywords: hplot
    >
    > ### ** Examples
    >
    > scatterplot(prestige ~ income, data=Prestige)
    > scatterplot(prestige ~ income, data=Prestige, smoother=gamLine)
    Loading required package: mgcv
    Loading required package: nlme
    This is mgcv 1.7-29. For overview type 'help("mgcv-package")'.
    > scatterplot(prestige ~ income, data=Prestige, smoother=quantregLine)
    Loading required package: quantreg
    Warning in library(package, lib.loc = lib.loc, character.only = TRUE, logical.return = TRUE, :
     there is no package called ‘quantreg’
    Error in smoother(.x, .y, col = col[2], log.x = logged("x"), log.y = logged("y"), :
     quantreg package missing
    Calls: scatterplot ... scatterplot.formula -> scatterplot -> scatterplot.default -> smoother
    Execution halted
Flavor: r-devel-osx-x86_64-gcc

Version: 2.0-19
Check: package dependencies
Result: NOTE
    Packages suggested but not available for checking:
     ‘lme4’ ‘sandwich’ ‘pbkrtest’
Flavor: r-release-osx-x86_64-mavericks

Version: 2.0-19
Check: R code for possible problems
Result: NOTE
    Anova.II.mer: no visible global function definition for ‘vcovAdj’
    Anova.II.polr: no visible global function definition for ‘polr’
    Anova.III.mer: no visible global function definition for ‘vcovAdj’
    Anova.III.polr: no visible global function definition for ‘polr’
    linearHypothesis.mer: no visible global function definition for
     ‘isREML’
    linearHypothesis.mer: no visible global function definition for
     ‘KRmodcomp’
Flavor: r-release-osx-x86_64-mavericks

Version: 2.0-19
Check: Rd cross-references
Result: NOTE
    Package unavailable to check Rd xrefs: ‘sandwich’
Flavor: r-release-osx-x86_64-mavericks

Version: 2.0-19
Check: PDF version of manual
Result: WARNING
    LaTeX errors when creating PDF version.
    This typically indicates Rd problems.
    LaTeX errors found:
    ! LaTeX Error: File `upquote.sty' not found.
    
    Type X to quit or <RETURN> to proceed,
    or enter new name. (Default extension: sty)
    
    09ae9ed/Rd2.tex:8: ==> Fatal error occurred, no output PDF file produced!
Flavor: r-release-osx-x86_64-mavericks