CRAN Package Check Results for Package car

Last updated on 2015-07-28 22:49:43.

Flavor Version Tinstall Tcheck Ttotal Status Flags
r-devel-linux-x86_64-debian-clang 2.0-25 10.64 86.40 97.04 NOTE
r-devel-linux-x86_64-debian-gcc 2.0-25 10.88 82.09 92.97 NOTE
r-devel-linux-x86_64-fedora-clang 2.0-25 190.00 NOTE
r-devel-linux-x86_64-fedora-gcc 2.0-25 178.29 NOTE
r-devel-osx-x86_64-clang 2.0-25 154.25 OK
r-devel-windows-ix86+x86_64 2.0-25 25.00 120.00 145.00 NOTE
r-patched-linux-x86_64 2.0-25 10.80 82.22 93.02 OK
r-patched-solaris-sparc 2.0-25 1155.20 OK
r-patched-solaris-x86 2.0-25 233.40 OK
r-release-linux-x86_64 2.0-25 10.44 83.05 93.49 OK
r-release-osx-x86_64-mavericks 2.0-25 NOTE
r-release-windows-ix86+x86_64 2.0-25 34.00 126.00 160.00 OK
r-oldrel-windows-ix86+x86_64 2.0-25 28.00 147.00 175.00 OK

Check Details

Version: 2.0-25
Check: R code for possible problems
Result: NOTE
    Anova.II.F.glm: no visible global function definition for ‘coef’
    Anova.II.F.glm: no visible global function definition for ‘family’
    Anova.II.F.glm: no visible global function definition for ‘df.residual’
    Anova.II.F.glm: no visible global function definition for ‘residuals’
    Anova.II.F.glm: no visible global function definition for ‘deviance’
    Anova.II.F.glm: no visible global function definition for
     ‘model.matrix’
    Anova.II.F.glm: no visible global function definition for
     ‘model.response’
    Anova.II.F.glm: no visible global function definition for ‘model.frame’
    Anova.II.F.glm: no visible global function definition for ‘glm.fit’
    Anova.II.F.glm: no visible global function definition for ‘pf’
    Anova.II.LR.coxph: no visible global function definition for ‘terms’
    Anova.II.LR.coxph: no visible global function definition for ‘anova’
    Anova.II.LR.coxph: no visible global function definition for
     ‘model.matrix’
    Anova.II.LR.coxph: no visible global function definition for ‘logLik’
    Anova.II.LR.coxph: no visible global function definition for ‘pchisq’
    Anova.II.LR.glm: no visible global function definition for ‘coef’
    Anova.II.LR.glm: no visible global function definition for
     ‘model.matrix’
    Anova.II.LR.glm: no visible global function definition for
     ‘model.response’
    Anova.II.LR.glm: no visible global function definition for
     ‘model.frame’
    Anova.II.LR.glm: no visible global function definition for ‘glm.fit’
    Anova.II.LR.glm: no visible global function definition for ‘deviance’
    Anova.II.LR.glm: no visible global function definition for
     ‘df.residual’
    Anova.II.LR.glm: no visible global function definition for ‘pchisq’
    Anova.II.LR.survreg: no visible global function definition for
     ‘model.frame’
    Anova.II.LR.survreg: no visible global function definition for ‘terms’
    Anova.II.LR.survreg: no visible global function definition for
     ‘model.matrix’
    Anova.II.LR.survreg: no visible global function definition for ‘anova’
    Anova.II.LR.survreg: no visible global function definition for ‘logLik’
    Anova.II.LR.survreg: no visible global function definition for ‘pchisq’
    Anova.II.Wald.survreg: no visible global function definition for ‘vcov’
    Anova.II.default: no visible global function definition for ‘coef’
    Anova.II.default: no visible global function definition for
     ‘coefficients’
    Anova.II.default: no visible global function definition for
     ‘model.matrix’
    Anova.II.default: no visible global function definition for
     ‘df.residual’
    Anova.II.default: no visible global function definition for ‘pchisq’
    Anova.II.default: no visible global function definition for ‘pf’
    Anova.II.lm : SS.term: no visible global function definition for ‘vcov’
    Anova.II.lm: no visible global function definition for ‘coef’
    Anova.II.lm: no visible global function definition for ‘coefficients’
    Anova.II.lm: no visible global function definition for ‘pf’
    Anova.II.lme: no visible global function definition for ‘terms’
    Anova.II.lme: no visible global function definition for ‘model.matrix’
    Anova.II.lme: no visible global function definition for ‘pchisq’
    Anova.II.mer: no visible global function definition for ‘terms’
    Anova.II.mer: no visible global function definition for ‘vcov’
    Anova.II.mer: no visible global function definition for ‘model.matrix’
    Anova.II.mer: no visible global function definition for ‘pchisq’
    Anova.II.mer: no visible global function definition for ‘pf’
    Anova.II.mlm: no visible global function definition for ‘model.matrix’
    Anova.II.mlm: no visible global function definition for ‘coefficients’
    Anova.II.mlm: no visible global function definition for ‘contrasts<-’
    Anova.II.multinom: no visible global function definition for
     ‘model.matrix’
    Anova.II.multinom: no visible global function definition for
     ‘model.response’
    Anova.II.multinom: no visible global function definition for
     ‘model.frame’
    Anova.II.multinom: no visible global function definition for ‘deviance’
    Anova.II.multinom: no visible global function definition for ‘pchisq’
    Anova.II.polr: no visible global function definition for ‘model.matrix’
    Anova.II.polr: no visible global function definition for
     ‘model.response’
    Anova.II.polr: no visible global function definition for ‘model.frame’
    Anova.II.polr: no visible global function definition for
     ‘model.weights’
    Anova.II.polr: no visible global function definition for ‘deviance’
    Anova.II.polr: no visible global function definition for ‘pchisq’
    Anova.III.F.glm: no visible global function definition for ‘coef’
    Anova.III.F.glm: no visible global function definition for ‘family’
    Anova.III.F.glm: no visible global function definition for
     ‘df.residual’
    Anova.III.F.glm: no visible global function definition for ‘residuals’
    Anova.III.F.glm: no visible global function definition for ‘drop1’
    Anova.III.F.glm: no visible global function definition for ‘pf’
    Anova.III.LR.coxph: no visible global function definition for ‘terms’
    Anova.III.LR.coxph: no visible global function definition for ‘anova’
    Anova.III.LR.coxph: no visible global function definition for
     ‘model.matrix’
    Anova.III.LR.coxph: no visible global function definition for ‘logLik’
    Anova.III.LR.coxph: no visible global function definition for ‘pchisq’
    Anova.III.LR.glm: no visible global function definition for ‘coef’
    Anova.III.LR.glm: no visible global function definition for ‘drop1’
    Anova.III.LR.glm: no visible global function definition for ‘pchisq’
    Anova.III.LR.survreg: no visible global function definition for
     ‘model.frame’
    Anova.III.LR.survreg: no visible global function definition for ‘terms’
    Anova.III.LR.survreg: no visible global function definition for
     ‘model.matrix’
    Anova.III.LR.survreg: no visible global function definition for ‘anova’
    Anova.III.LR.survreg: no visible global function definition for
     ‘logLik’
    Anova.III.LR.survreg: no visible global function definition for
     ‘pchisq’
    Anova.III.Wald.survreg: no visible global function definition for
     ‘vcov’
    Anova.III.default: no visible global function definition for
     ‘coefficients’
    Anova.III.default: no visible global function definition for
     ‘model.matrix’
    Anova.III.default: no visible global function definition for
     ‘df.residual’
    Anova.III.default: no visible global function definition for ‘coef’
    Anova.III.default: no visible global function definition for ‘pchisq’
    Anova.III.default: no visible global function definition for ‘pf’
    Anova.III.lm: no visible global function definition for ‘df.residual’
    Anova.III.lm: no visible global function definition for ‘deviance’
    Anova.III.lm: no visible global function definition for ‘coefficients’
    Anova.III.lm: no visible global function definition for ‘coef’
    Anova.III.lme: no visible global function definition for ‘coefficients’
    Anova.III.lme: no visible global function definition for ‘model.matrix’
    Anova.III.lme: no visible global function definition for ‘pchisq’
    Anova.III.mer: no visible global function definition for ‘model.matrix’
    Anova.III.mer: no visible global function definition for ‘vcov’
    Anova.III.mer: no visible global function definition for ‘pchisq’
    Anova.III.mer: no visible global function definition for ‘pf’
    Anova.III.mlm: no visible global function definition for ‘model.matrix’
    Anova.III.mlm: no visible global function definition for ‘coefficients’
    Anova.III.mlm: no visible global function definition for ‘contrasts<-’
    Anova.III.multinom: no visible global function definition for
     ‘model.matrix’
    Anova.III.multinom: no visible global function definition for
     ‘model.response’
    Anova.III.multinom: no visible global function definition for
     ‘model.frame’
    Anova.III.multinom: no visible global function definition for ‘pchisq’
    Anova.III.polr: no visible global function definition for
     ‘model.matrix’
    Anova.III.polr: no visible global function definition for
     ‘model.response’
    Anova.III.polr: no visible global function definition for ‘model.frame’
    Anova.III.polr: no visible global function definition for
     ‘model.weights’
    Anova.III.polr: no visible global function definition for ‘pchisq’
    Anova.coxph: no visible global function definition for ‘vcov’
    Anova.default: no visible global function definition for ‘vcov’
    Anova.glm: no visible global function definition for ‘coef’
    Anova.lm: no visible global function definition for ‘df.residual’
    Anova.lm: no visible global function definition for ‘deviance’
    Anova.lm: no visible global function definition for ‘coef’
    Anova.lme: no visible global function definition for ‘vcov’
    Anova.mer: no visible global function definition for ‘vcov’
    Anova.merMod: no visible global function definition for ‘vcov’
    Anova.mlm: no visible global function definition for ‘model.matrix’
    Anova.mlm: no visible global function definition for ‘residuals’
    Anova.mlm: no visible global function definition for ‘df.residual’
    Anova.multinom: no visible global function definition for ‘coef’
    Anova.polr: no visible global function definition for ‘coef’
    Boot.default: no visible binding for global variable ‘coef’
    Boot.default: no visible global function definition for ‘coef’
    Boot.default : boot.f: no visible global function definition for
     ‘update’
    Boot.default : boot.f: no visible global function definition for
     ‘residuals’
    Boot.default : boot.f: no visible global function definition for
     ‘hatvalues’
    Boot.default : boot.f: no visible global function definition for
     ‘fitted’
    Boot.default : boot.f: no visible global function definition for
     ‘naresid’
    Boot.default: no visible global function definition for ‘update’
    Boot.glm: no visible binding for global variable ‘coef’
    Boot.glm: no visible global function definition for ‘coef’
    Boot.lm: no visible binding for global variable ‘coef’
    Boot.lm: no visible global function definition for ‘coef’
    Boot.nls: no visible binding for global variable ‘coef’
    Boot.nls: no visible global function definition for ‘coef’
    Boot.nls : boot.f: no visible global function definition for ‘update’
    Boot.nls : boot.f: no visible global function definition for ‘coef’
    Boot.nls : boot.f: no visible global function definition for
     ‘residuals’
    Boot.nls : boot.f: no visible global function definition for ‘fitted’
    Boot.nls : boot.f: no visible global function definition for ‘naresid’
    Boot.nls: no visible global function definition for ‘update’
    Boot.nls: no visible global function definition for ‘na.omit’
    Boxplot.default: no visible global function definition for
     ‘complete.cases’
    Boxplot.default: no visible global function definition for ‘boxplot’
    Boxplot.default: no visible global function definition for ‘identify’
    Boxplot.default: no visible global function definition for ‘text’
    Boxplot.default: no visible global function definition for ‘par’
    Identify3d: no visible global function definition for ‘complete.cases’
    alias.coxph: no visible global function definition for ‘coef’
    alias.survreg: no visible global function definition for ‘vcov’
    avPlot.glm: no visible global function definition for ‘residuals’
    avPlot.glm: no visible global function definition for ‘palette’
    avPlot.glm: no visible global function definition for ‘model.matrix’
    avPlot.glm: no visible global function definition for ‘glm’
    avPlot.glm: no visible global function definition for ‘family’
    avPlot.glm: no visible global function definition for ‘lsfit’
    avPlot.glm: no visible global function definition for ‘plot’
    avPlot.glm: no visible global function definition for ‘box’
    avPlot.glm: no visible global function definition for ‘points’
    avPlot.glm: no visible global function definition for ‘abline’
    avPlot.lm: no visible global function definition for ‘residuals’
    avPlot.lm: no visible global function definition for ‘palette’
    avPlot.lm: no visible global function definition for ‘model.matrix’
    avPlot.lm: no visible global function definition for ‘weights’
    avPlot.lm: no visible global function definition for ‘lsfit’
    avPlot.lm: no visible global function definition for ‘plot’
    avPlot.lm: no visible global function definition for ‘box’
    avPlot.lm: no visible global function definition for ‘points’
    avPlot.lm: no visible global function definition for ‘abline’
    avPlots: no visible global function definition for ‘update’
    avPlots: no visible global function definition for ‘formula’
    avPlots: no visible global function definition for ‘model.frame’
    avPlots: no visible global function definition for ‘model.matrix’
    avPlots: no visible global function definition for ‘par’
    avPlots: no visible global function definition for ‘mtext’
    basicPowerAxis: no visible global function definition for ‘gray’
    basicPowerAxis: no visible global function definition for ‘par’
    basicPowerAxis: no visible global function definition for ‘axis’
    basicPowerAxis: no visible global function definition for ‘abline’
    basicPowerAxis: no visible global function definition for ‘mtext’
    bcPowerAxis: no visible global function definition for ‘gray’
    bcPowerAxis: no visible global function definition for ‘par’
    bcPowerAxis: no visible global function definition for ‘axis’
    bcPowerAxis: no visible global function definition for ‘abline’
    bcPowerAxis: no visible global function definition for ‘mtext’
    bootCase: no visible binding for global variable ‘coef’
    bootCase.default: no visible binding for global variable ‘coef’
    bootCase.default: no visible global function definition for ‘resid’
    bootCase.default: no visible global function definition for ‘update’
    bootCase.glm: no visible binding for global variable ‘coef’
    bootCase.lm: no visible binding for global variable ‘coef’
    bootCase.lm: no visible global function definition for ‘resid’
    bootCase.nls: no visible binding for global variable ‘coef’
    bootCase.nls: no visible global function definition for ‘resid’
    boxCox.default: no visible global function definition for ‘spline’
    boxCox.default: no visible global function definition for ‘qchisq’
    boxCox.default: no visible global function definition for ‘plot’
    boxCox.default: no visible global function definition for ‘box’
    boxCox.default: no visible global function definition for ‘lines’
    boxCox.default: no visible global function definition for ‘par’
    boxCox.default: no visible global function definition for ‘abline’
    boxCox.default: no visible global function definition for ‘text’
    boxCox.default: no visible global function definition for ‘segments’
    boxCox.formula: no visible global function definition for ‘lm’
    boxCox.lm: no visible global function definition for ‘update’
    boxTidwell.default: no visible global function definition for ‘lm’
    boxTidwell.default: no visible global function definition for ‘vcov’
    boxTidwell.default: no visible global function definition for
     ‘coefficients’
    boxTidwell.default: no visible global function definition for ‘pnorm’
    boxTidwell.default: no visible global function definition for ‘lm.fit’
    boxTidwell.formula: no visible global function definition for
     ‘as.formula’
    boxTidwell.formula: no visible global function definition for
     ‘model.matrix’
    boxTidwell.formula: no visible global function definition for
     ‘model.response’
    carWeb: no visible global function definition for ‘browseURL’
    ceresPlot.lm: no visible global function definition for ‘residuals’
    ceresPlot.lm: no visible global function definition for ‘palette’
    ceresPlot.lm : expand.model.frame: no visible global function
     definition for ‘formula’
    ceresPlot.lm : expand.model.frame: no visible global function
     definition for ‘model.frame’
    ceresPlot.lm: no visible global function definition for ‘model.matrix’
    ceresPlot.lm: no visible global function definition for ‘fitted.values’
    ceresPlot.lm: no visible global function definition for ‘loess’
    ceresPlot.lm: no visible global function definition for ‘as.formula’
    ceresPlot.lm: no visible global function definition for ‘na.omit’
    ceresPlot.lm: no visible global function definition for ‘formula’
    ceresPlot.lm: no visible global function definition for ‘update’
    ceresPlot.lm: no visible global function definition for ‘coefficients’
    ceresPlot.lm: no visible global function definition for ‘plot’
    ceresPlot.lm: no visible global function definition for ‘box’
    ceresPlot.lm: no visible global function definition for ‘points’
    ceresPlot.lm: no visible global function definition for ‘abline’
    ceresPlot.lm: no visible global function definition for ‘lm’
    ceresPlots: no visible global function definition for ‘update’
    ceresPlots: no visible global function definition for ‘formula’
    ceresPlots: no visible global function definition for ‘model.frame’
    ceresPlots: no visible global function definition for ‘par’
    ceresPlots: no visible global function definition for ‘mtext’
    compareCoefs : splitExpr: no visible global function definition for
     ‘na.omit’
    compareCoefs : getnames: no visible global function definition for
     ‘coef’
    compareCoefs : getcoef: no visible global function definition for
     ‘coef’
    compareCoefs : getvar: no visible global function definition for ‘vcov’
    compareCoefs: no visible global function definition for ‘printCoefmat’
    confidenceEllipse.default: no visible global function definition for
     ‘palette’
    confidenceEllipse.default: no visible global function definition for
     ‘coefficients’
    confidenceEllipse.default: no visible global function definition for
     ‘vcov’
    confidenceEllipse.default: no visible global function definition for
     ‘qchisq’
    confidenceEllipse.lm: no visible global function definition for
     ‘palette’
    confidenceEllipse.lm: no visible global function definition for
     ‘df.residual’
    confidenceEllipse.lm: no visible global function definition for
     ‘coefficients’
    confidenceEllipse.lm: no visible global function definition for ‘vcov’
    confidenceEllipse.lm: no visible global function definition for ‘qf’
    cookd: no visible global function definition for ‘cooks.distance’
    crPlot.lm: no visible global function definition for ‘residuals’
    crPlot.lm: no visible global function definition for ‘palette’
    crPlot.lm: no visible global function definition for ‘model.frame’
    crPlot.lm: no visible global function definition for ‘boxplot’
    crPlot.lm: no visible global function definition for ‘predict’
    crPlot.lm: no visible global function definition for ‘model.matrix’
    crPlot.lm: no visible global function definition for ‘plot’
    crPlot.lm: no visible global function definition for ‘box’
    crPlot.lm: no visible global function definition for ‘points’
    crPlot.lm: no visible global function definition for ‘abline’
    crPlot.lm: no visible global function definition for ‘lm’
    crPlot.lm: no visible global function definition for ‘update’
    crPlot.lm: no visible global function definition for ‘as.formula’
    crPlots: no visible global function definition for ‘update’
    crPlots: no visible global function definition for ‘formula’
    crPlots: no visible global function definition for ‘model.frame’
    crPlots: no visible global function definition for ‘par’
    crPlots: no visible global function definition for ‘mtext’
    dataEllipse: no visible global function definition for ‘palette’
    dataEllipse : label.ellipse: no visible global function definition for
     ‘cor’
    dataEllipse : label.ellipse: no visible global function definition for
     ‘strwidth’
    dataEllipse : label.ellipse: no visible global function definition for
     ‘strheight’
    dataEllipse : label.ellipse: no visible global function definition for
     ‘text’
    dataEllipse: no visible global function definition for ‘complete.cases’
    dataEllipse: no visible global function definition for ‘plot’
    dataEllipse: no visible global function definition for ‘box’
    dataEllipse: no visible global function definition for ‘points’
    dataEllipse: no visible global function definition for ‘cov.wt’
    dataEllipse: no visible global function definition for ‘qf’
    deltaMethod.coxph: no visible binding for global variable ‘vcov’
    deltaMethod.coxph: no visible global function definition for ‘coef’
    deltaMethod.default: no visible global function definition for ‘vcov’
    deltaMethod.default: no visible global function definition for ‘coef’
    deltaMethod.default: no visible global function definition for ‘D’
    deltaMethod.lm: no visible binding for global variable ‘vcov’
    deltaMethod.lm: no visible global function definition for ‘coef’
    deltaMethod.lme: no visible binding for global variable ‘vcov’
    deltaMethod.mer: no visible binding for global variable ‘vcov’
    deltaMethod.merMod: no visible binding for global variable ‘vcov’
    deltaMethod.multinom: no visible binding for global variable ‘vcov’
    deltaMethod.multinom: no visible global function definition for ‘coef’
    deltaMethod.nls: no visible binding for global variable ‘vcov’
    deltaMethod.nls: no visible global function definition for ‘coef’
    deltaMethod.polr: no visible binding for global variable ‘vcov’
    deltaMethod.polr: no visible global function definition for ‘coef’
    deltaMethod.survreg: no visible binding for global variable ‘vcov’
    deltaMethod.survreg: no visible global function definition for ‘coef’
    densityPlot.default: no visible global function definition for
     ‘palette’
    densityPlot.default: no visible global function definition for ‘plot’
    densityPlot.default: no visible global function definition for ‘lines’
    densityPlot.default: no visible global function definition for
     ‘complete.cases’
    densityPlot.default: no visible global function definition for ‘abline’
    df.residual.coxph: no visible global function definition for ‘coef’
    df.residual.rlm: no visible global function definition for ‘coef’
    df.terms.default: no visible global function definition for
     ‘model.matrix’
    df.terms.multinom: no visible global function definition for
     ‘model.matrix’
    df.terms.polr: no visible global function definition for ‘model.matrix’
    df.terms.survreg: no visible global function definition for
     ‘model.matrix’
    df.terms.survreg: no visible global function definition for
     ‘model.frame’
    dfbetaPlots.lm: no visible global function definition for ‘palette’
    dfbetaPlots.lm: no visible global function definition for ‘update’
    dfbetaPlots.lm: no visible global function definition for ‘formula’
    dfbetaPlots.lm: no visible global function definition for ‘model.frame’
    dfbetaPlots.lm: no visible global function definition for
     ‘model.matrix’
    dfbetaPlots.lm: no visible global function definition for ‘par’
    dfbetaPlots.lm: no visible global function definition for ‘vcov’
    dfbetaPlots.lm: no visible global function definition for ‘plot’
    dfbetaPlots.lm: no visible global function definition for ‘points’
    dfbetaPlots.lm: no visible global function definition for ‘abline’
    dfbetaPlots.lm: no visible global function definition for ‘mtext’
    dfbetasPlots.lm: no visible binding for global variable ‘dfbeta’
    dfbetasPlots.lm: no visible global function definition for ‘palette’
    dfbetasPlots.lm: no visible global function definition for ‘update’
    dfbetasPlots.lm: no visible global function definition for ‘formula’
    dfbetasPlots.lm: no visible global function definition for
     ‘model.frame’
    dfbetasPlots.lm: no visible global function definition for
     ‘model.matrix’
    dfbetasPlots.lm: no visible global function definition for ‘par’
    dfbetasPlots.lm: no visible global function definition for ‘plot’
    dfbetasPlots.lm: no visible global function definition for ‘box’
    dfbetasPlots.lm: no visible global function definition for ‘points’
    dfbetasPlots.lm: no visible global function definition for ‘abline’
    dfbetasPlots.lm: no visible global function definition for ‘mtext’
    durbinWatsonTest.lm: no visible global function definition for
     ‘model.matrix’
    durbinWatsonTest.lm: no visible global function definition for
     ‘fitted.values’
    durbinWatsonTest.lm: no visible global function definition for ‘rnorm’
    durbinWatsonTest.lm: no visible global function definition for ‘lm’
    ellipse: no visible global function definition for ‘palette’
    ellipse : trans.colors: no visible global function definition for
     ‘col2rgb’
    ellipse : trans.colors: no visible global function definition for ‘rgb’
    ellipse: no visible global function definition for ‘lines’
    ellipse: no visible global function definition for ‘polygon’
    ellipse: no visible global function definition for ‘plot’
    ellipse: no visible global function definition for ‘box’
    ellipse: no visible global function definition for ‘points’
    estimateTransform : llik: no visible global function definition for
     ‘var’
    estimateTransform : llik1d: no visible global function definition for
     ‘var’
    estimateTransform: no visible global function definition for ‘optimize’
    estimateTransform: no visible global function definition for ‘optim’
    exists.method: no visible global function definition for ‘methods’
    gamLine: no visible binding for global variable ‘gaussian’
    gamLine: no visible global function definition for ‘make.link’
    gamLine: no visible global function definition for ‘complete.cases’
    gamLine: no visible global function definition for ‘fitted’
    gamLine: no visible global function definition for ‘lines’
    gamLine: no visible global function definition for ‘residuals’
    gamLine: no visible global function definition for ‘predict’
    has.intercept.default: no visible global function definition for
     ‘coefficients’
    has.intercept.mlm: no visible global function definition for
     ‘coefficients’
    has.intercept.multinom: no visible global function definition for
     ‘coef’
    hccm.lm: no visible global function definition for ‘na.omit’
    hccm.lm: no visible global function definition for ‘residuals’
    hccm.lm: no visible global function definition for ‘weights’
    hccm.lm: no visible global function definition for ‘coef’
    hccm.lm: no visible global function definition for ‘hatvalues’
    hccm.lm: no visible global function definition for ‘model.matrix’
    hccm.lm: no visible global function definition for ‘df.residual’
    hist.boot: no visible global function definition for ‘par’
    hist.boot: no visible global function definition for ‘confint’
    hist.boot: no visible global function definition for ‘na.omit’
    hist.boot: no visible global function definition for ‘hist’
    hist.boot: no visible global function definition for ‘density’
    hist.boot: no visible global function definition for ‘pnorm’
    hist.boot: no visible global function definition for ‘plot’
    hist.boot: no visible global function definition for ‘dnorm’
    hist.boot: no visible global function definition for ‘abline’
    hist.boot: no visible global function definition for ‘strheight’
    hist.boot: no visible global function definition for ‘mtext’
    infIndexPlot.lm: no visible global function definition for ‘palette’
    infIndexPlot.lm: no visible global function definition for ‘par’
    infIndexPlot.lm: no visible global function definition for
     ‘cooks.distance’
    infIndexPlot.lm: no visible global function definition for ‘rstudent’
    infIndexPlot.lm: no visible global function definition for ‘hatvalues’
    infIndexPlot.lm: no visible global function definition for ‘plot’
    infIndexPlot.lm: no visible global function definition for ‘box’
    infIndexPlot.lm: no visible global function definition for ‘lines’
    infIndexPlot.lm: no visible global function definition for ‘points’
    infIndexPlot.lm: no visible global function definition for ‘abline’
    infIndexPlot.lm: no visible global function definition for ‘axis’
    infIndexPlot.lm: no visible global function definition for ‘mtext’
    influencePlot.lm: no visible global function definition for ‘palette’
    influencePlot.lm: no visible global function definition for ‘hatvalues’
    influencePlot.lm: no visible global function definition for ‘rstudent’
    influencePlot.lm: no visible global function definition for
     ‘cooks.distance’
    influencePlot.lm: no visible global function definition for ‘coef’
    influencePlot.lm: no visible global function definition for ‘plot’
    influencePlot.lm: no visible global function definition for ‘abline’
    influencePlot.lm: no visible global function definition for ‘points’
    invTranEstimate : <anonymous>: no visible global function definition
     for ‘deviance’
    invTranEstimate : <anonymous>: no visible global function definition
     for ‘lm’
    invTranEstimate : <anonymous>: no visible global function definition
     for ‘residuals’
    invTranEstimate: no visible global function definition for ‘optimize’
    invTranEstimate: no visible global function definition for ‘lm’
    invTranEstimate: no visible global function definition for ‘residuals’
    invTranEstimate: no visible global function definition for ‘deviance’
    invTranEstimate: no visible global function definition for ‘qchisq’
    invTranEstimate : f1: no visible global function definition for
     ‘deviance’
    invTranEstimate : f1: no visible global function definition for ‘lm’
    invTranPlot.default: no visible global function definition for
     ‘palette’
    invTranPlot.default: no visible global function definition for ‘plot’
    invTranPlot.default: no visible global function definition for ‘box’
    invTranPlot.default: no visible global function definition for ‘points’
    invTranPlot.default: no visible global function definition for ‘lm’
    invTranPlot.default: no visible global function definition for
     ‘residuals’
    invTranPlot.default: no visible global function definition for ‘lines’
    invTranPlot.default: no visible global function definition for
     ‘predict’
    invTranPlot.default: no visible global function definition for ‘par’
    invTranPlot.default: no visible global function definition for ‘text’
    invTranPlot.default: no visible global function definition for ‘legend’
    invTranPlot.default: no visible global function definition for ‘cor’
    inverseResponsePlot.lm: no visible global function definition for
     ‘residuals’
    inverseResponsePlot.lm: no visible global function definition for
     ‘update’
    inverseResponsePlot.lm: no visible global function definition for
     ‘predict’
    is.aliased: no visible global function definition for ‘alias’
    leveneTest.default: no visible binding for global variable ‘median’
    leveneTest.default: no visible global function definition for
     ‘complete.cases’
    leveneTest.default: no visible global function definition for ‘anova’
    leveneTest.default: no visible global function definition for ‘lm’
    leveneTest.formula: no visible global function definition for
     ‘model.frame’
    leveneTest.lm: no visible global function definition for ‘formula’
    leveneTest.lm: no visible global function definition for ‘model.frame’
    leveragePlot.lm: no visible global function definition for ‘residuals’
    leveragePlot.lm: no visible global function definition for ‘palette’
    leveragePlot.lm: no visible global function definition for
     ‘coefficients’
    leveragePlot.lm: no visible global function definition for ‘na.omit’
    leveragePlot.lm: no visible global function definition for
     ‘model.matrix’
    leveragePlot.lm: no visible global function definition for ‘vcov’
    leveragePlot.lm: no visible global function definition for ‘weights’
    leveragePlot.lm: no visible global function definition for ‘plot’
    leveragePlot.lm: no visible global function definition for ‘box’
    leveragePlot.lm: no visible global function definition for ‘points’
    leveragePlot.lm: no visible global function definition for ‘abline’
    leveragePlot.lm: no visible global function definition for ‘lsfit’
    leveragePlots: no visible global function definition for ‘update’
    leveragePlots: no visible global function definition for ‘formula’
    leveragePlots: no visible global function definition for ‘model.frame’
    leveragePlots: no visible global function definition for ‘par’
    leveragePlots: no visible global function definition for ‘mtext’
    linearHypothesis.default: no visible global function definition for
     ‘coef’
    linearHypothesis.default: no visible global function definition for
     ‘df.residual’
    linearHypothesis.default: no visible global function definition for
     ‘vcov’
    linearHypothesis.default: no visible global function definition for
     ‘formula’
    linearHypothesis.default: no visible global function definition for
     ‘pf’
    linearHypothesis.default: no visible global function definition for
     ‘pchisq’
    linearHypothesis.lm: no visible global function definition for
     ‘df.residual’
    linearHypothesis.lm: no visible global function definition for
     ‘deviance’
    linearHypothesis.lme: no visible global function definition for ‘vcov’
    linearHypothesis.lme: no visible global function definition for
     ‘formula’
    linearHypothesis.lme: no visible global function definition for
     ‘pchisq’
    linearHypothesis.mer: no visible global function definition for ‘vcov’
    linearHypothesis.mer: no visible global function definition for
     ‘formula’
    linearHypothesis.mer: no visible global function definition for
     ‘pchisq’
    linearHypothesis.mlm: no visible global function definition for
     ‘model.matrix’
    linearHypothesis.mlm: no visible global function definition for ‘coef’
    linearHypothesis.mlm: no visible global function definition for
     ‘residuals’
    linearHypothesis.mlm: no visible global function definition for
     ‘contrasts<-’
    linearHypothesis.nlsList : vcov.nlsList: no visible binding for global
     variable ‘vcov’
    linearHypothesis.nlsList: no visible binding for global variable ‘coef’
    linearHypothesis.polr: no visible global function definition for ‘coef’
    linearHypothesis.polr: no visible global function definition for ‘vcov’
    linearHypothesis.survreg: no visible global function definition for
     ‘vcov’
    loessLine: no visible global function definition for ‘complete.cases’
    loessLine: no visible global function definition for ‘loess’
    loessLine: no visible global function definition for ‘loess.control’
    loessLine: no visible global function definition for ‘fitted’
    loessLine: no visible global function definition for ‘lines’
    loessLine: no visible global function definition for ‘residuals’
    loessLine: no visible global function definition for ‘predict’
    makeHypothesis: no visible global function definition for ‘head’
    matchCoefs.default: no visible binding for global variable ‘coef’
    matchCoefs.mlm: no visible global function definition for ‘coef’
    mcPlot.lm: no visible global function definition for ‘residuals’
    mcPlot.lm: no visible global function definition for ‘palette’
    mcPlot.lm: no visible global function definition for ‘par’
    mcPlot.lm: no visible global function definition for ‘model.frame’
    mcPlot.lm: no visible global function definition for ‘model.matrix’
    mcPlot.lm: no visible global function definition for ‘weights’
    mcPlot.lm: no visible global function definition for ‘lm’
    mcPlot.lm: no visible global function definition for ‘lsfit’
    mcPlot.lm: no visible global function definition for ‘plot’
    mcPlot.lm: no visible global function definition for ‘box’
    mcPlot.lm: no visible global function definition for ‘points’
    mcPlot.lm: no visible global function definition for ‘arrows’
    mcPlot.lm: no visible global function definition for ‘abline’
    mcPlots: no visible global function definition for ‘update’
    mcPlots: no visible global function definition for ‘formula’
    mcPlots: no visible global function definition for ‘model.frame’
    mcPlots: no visible global function definition for ‘model.matrix’
    mcPlots: no visible global function definition for ‘par’
    mmp.default: no visible global function definition for ‘palette’
    mmp.default: no visible global function definition for ‘na.omit’
    mmp.default: no visible global function definition for ‘update’
    mmp.default: no visible binding for global variable ‘na.omit’
    mmp.default: no visible global function definition for ‘fitted’
    mmp.default: no visible global function definition for ‘residuals’
    mmp.default: no visible global function definition for ‘model.response’
    mmp.default: no visible global function definition for ‘model.frame’
    mmp.default: no visible global function definition for ‘plot’
    mmp.default: no visible global function definition for ‘box’
    mmp.default: no visible global function definition for ‘points’
    mmp.default: no visible global function definition for ‘predict’
    mmp.glm: no visible global function definition for ‘palette’
    mmp.glm: no visible global function definition for ‘na.omit’
    mmp.glm: no visible global function definition for ‘fitted’
    mmp.glm: no visible global function definition for ‘update’
    mmp.glm: no visible binding for global variable ‘na.omit’
    mmp.glm: no visible global function definition for ‘residuals’
    mmp.glm: no visible global function definition for ‘model.response’
    mmp.glm: no visible global function definition for ‘model.frame’
    mmp.glm: no visible global function definition for ‘plot’
    mmp.glm: no visible global function definition for ‘box’
    mmp.glm: no visible global function definition for ‘points’
    mmp.glm: no visible global function definition for ‘predict’
    mmps: no visible global function definition for ‘predict’
    mmps: no visible global function definition for ‘as.formula’
    mmps: no visible global function definition for ‘par’
    mmps : legend2: no visible global function definition for ‘par’
    mmps : legend2: no visible global function definition for ‘legend’
    mmps: no visible global function definition for ‘mtext’
    model.matrix.gls: no visible global function definition for
     ‘model.matrix’
    model.matrix.gls: no visible global function definition for ‘formula’
    model.matrix.lme: no visible global function definition for
     ‘model.matrix’
    model.matrix.lme: no visible global function definition for ‘formula’
    model.matrix.survreg: no visible global function definition for
     ‘model.matrix.default’
    model.matrix.survreg: no visible global function definition for
     ‘model.frame’
    ncvTest.lm: no visible global function definition for ‘getCall’
    ncvTest.lm: no visible global function definition for ‘formula’
    ncvTest.lm: no visible global function definition for ‘update’
    ncvTest.lm: no visible global function definition for ‘df.residual’
    ncvTest.lm: no visible global function definition for ‘lm’
    ncvTest.lm: no visible global function definition for ‘as.formula’
    ncvTest.lm: no visible global function definition for ‘coefficients’
    ncvTest.lm: no visible global function definition for ‘anova’
    ncvTest.lm: no visible global function definition for ‘pchisq’
    nextBoot.default: no visible global function definition for ‘update’
    nextBoot.nls: no visible global function definition for ‘update’
    nextBoot.nls: no visible global function definition for ‘coef’
    outerLegend: no visible global function definition for ‘par’
    outerLegend: no visible global function definition for ‘legend’
    outlierTest.lm: no visible global function definition for ‘df.residual’
    outlierTest.lm: no visible global function definition for ‘pnorm’
    outlierTest.lm: no visible global function definition for ‘pt’
    panel.car: no visible binding for global variable ‘lm’
    panel.car: no visible global function definition for ‘points’
    panel.car: no visible global function definition for ‘lines’
    panel.car: no visible global function definition for ‘lowess’
    panel.car: no visible global function definition for ‘na.omit’
    plot.powerTransform: no visible binding for global variable ‘pairs’
    plot.powerTransform: no visible global function definition for ‘coef’
    plotArrayLegend: no visible global function definition for ‘par’
    plotArrayLegend: no visible global function definition for ‘legend’
    plotArrayLegend: no visible global function definition for ‘plot’
    powerTransform.default: no visible global function definition for
     ‘na.omit’
    powerTransform.formula: no visible global function definition for
     ‘model.response’
    powerTransform.formula: no visible global function definition for
     ‘model.weights’
    powerTransform.formula: no visible global function definition for
     ‘is.empty.model’
    powerTransform.formula: no visible global function definition for
     ‘model.matrix’
    powerTransform.lm: no visible global function definition for ‘update’
    powerTransform.lm: no visible global function definition for
     ‘model.response’
    powerTransform.lm: no visible global function definition for
     ‘model.weights’
    powerTransform.lm: no visible global function definition for
     ‘is.empty.model’
    powerTransform.lm: no visible global function definition for
     ‘model.matrix’
    powerTransform.lm: no visible binding for global variable ‘contrasts’
    predictor.names.default: no visible global function definition for
     ‘terms’
    print.Anova.mlm: no visible global function definition for ‘pf’
    print.linearHypothesis.mlm: no visible global function definition for
     ‘na.omit’
    print.linearHypothesis.mlm: no visible global function definition for
     ‘pf’
    probabilityAxis: no visible global function definition for ‘gray’
    probabilityAxis: no visible global function definition for ‘par’
    probabilityAxis: no visible binding for global variable ‘qnorm’
    probabilityAxis: no visible binding for global variable ‘pnorm’
    probabilityAxis: no visible global function definition for ‘axis’
    probabilityAxis: no visible global function definition for ‘abline’
    probabilityAxis: no visible global function definition for ‘mtext’
    qqPlot.default: no visible global function definition for ‘par’
    qqPlot.default: no visible global function definition for ‘palette’
    qqPlot.default: no visible global function definition for ‘ppoints’
    qqPlot.default: no visible global function definition for ‘plot’
    qqPlot.default: no visible global function definition for ‘box’
    qqPlot.default: no visible global function definition for ‘points’
    qqPlot.default: no visible global function definition for ‘quantile’
    qqPlot.default: no visible global function definition for ‘abline’
    qqPlot.default: no visible global function definition for ‘qnorm’
    qqPlot.default: no visible global function definition for ‘lines’
    qqPlot.lm: no visible global function definition for ‘par’
    qqPlot.lm: no visible global function definition for ‘palette’
    qqPlot.lm: no visible global function definition for ‘summary.lm’
    qqPlot.lm: no visible global function definition for ‘ppoints’
    qqPlot.lm: no visible global function definition for ‘qt’
    qqPlot.lm: no visible global function definition for ‘qnorm’
    qqPlot.lm: no visible global function definition for ‘plot’
    qqPlot.lm: no visible global function definition for ‘points’
    qqPlot.lm: no visible global function definition for ‘na.omit’
    qqPlot.lm: no visible global function definition for ‘fitted.values’
    qqPlot.lm: no visible global function definition for ‘rnorm’
    qqPlot.lm: no visible global function definition for ‘model.matrix’
    qqPlot.lm: no visible global function definition for ‘lm’
    qqPlot.lm: no visible binding for global variable ‘quantile’
    qqPlot.lm: no visible global function definition for ‘lines’
    qqPlot.lm: no visible global function definition for ‘quantile’
    qqPlot.lm: no visible global function definition for ‘abline’
    qqPlot.lm: no visible global function definition for ‘coefficients’
    quantregLine: no visible global function definition for ‘IQR’
    quantregLine: no visible global function definition for
     ‘complete.cases’
    quantregLine: no visible global function definition for ‘fitted’
    quantregLine: no visible global function definition for ‘lines’
    recode: no visible global function definition for ‘na.omit’
    reg: no visible global function definition for ‘fitted.values’
    reg: no visible global function definition for ‘model.matrix’
    reg: no visible global function definition for ‘lines’
    regLine: no visible global function definition for ‘palette’
    regLine: no visible global function definition for ‘coefficients’
    regLine: no visible global function definition for ‘model.matrix’
    regLine: no visible global function definition for ‘fitted.values’
    regLine: no visible global function definition for ‘lines’
    residCurvTest.glm: no visible global function definition for ‘update’
    residCurvTest.glm: no visible global function definition for ‘deviance’
    residCurvTest.glm: no visible global function definition for ‘pchisq’
    residCurvTest.lm: no visible global function definition for
     ‘model.frame’
    residCurvTest.lm: no visible global function definition for ‘residuals’
    residCurvTest.lm: no visible global function definition for ‘lm’
    residCurvTest.lm: no visible global function definition for ‘weights’
    residCurvTest.lm: no visible global function definition for
     ‘df.residual’
    residCurvTest.lm: no visible global function definition for ‘pt’
    residCurvTest.negbin: no visible global function definition for
     ‘update’
    residCurvTest.negbin: no visible global function definition for
     ‘pchisq’
    residualPlot.default: no visible global function definition for
     ‘palette’
    residualPlot.default: no visible global function definition for
     ‘residuals’
    residualPlot.default: no visible global function definition for
     ‘predict’
    residualPlot.default: no visible global function definition for ‘par’
    residualPlot.default: no visible global function definition for
     ‘rstudent’
    residualPlot.default: no visible global function definition for
     ‘rstandard’
    residualPlot.default: no visible global function definition for
     ‘abline’
    residualPlot.default: no visible global function definition for ‘box’
    residualPlot.default: no visible global function definition for
     ‘points’
    residualPlot.default: no visible global function definition for ‘lm’
    residualPlot.default: no visible global function definition for ‘lines’
    residualPlots.default: no visible global function definition for
     ‘as.formula’
    residualPlots.default: no visible global function definition for
     ‘update’
    residualPlots.default: no visible global function definition for
     ‘formula’
    residualPlots.default: no visible global function definition for ‘par’
    residualPlots.default: no visible global function definition for
     ‘pnorm’
    residualPlots.default: no visible global function definition for
     ‘mtext’
    response.default: no visible global function definition for
     ‘model.response’
    response.default: no visible global function definition for
     ‘model.frame’
    responseName.default: no visible global function definition for ‘terms’
    scatter3d.default: no visible global function definition for
     ‘complete.cases’
    scatter3d.default: no visible global function definition for ‘median’
    scatter3d.default: no visible global function definition for ‘qf’
    scatter3d.default: no visible global function definition for ‘cov’
    scatter3d.default: no visible global function definition for ‘lm’
    scatter3d.default: no visible global function definition for ‘predict’
    scatter3d.formula: no visible binding for global variable ‘na.omit’
    scatter3d.formula: no visible binding for global variable ‘na.pass’
    scatter3d.formula: no visible global function definition for
     ‘as.formula’
    scatterplot.default: no visible binding for global variable ‘lm’
    scatterplot.default: no visible global function definition for ‘par’
    scatterplot.default: no visible global function definition for
     ‘palette’
    scatterplot.default : hbox: no visible global function definition for
     ‘plot’
    scatterplot.default : hbox: no visible global function definition for
     ‘boxplot.stats’
    scatterplot.default : hbox: no visible global function definition for
     ‘lines’
    scatterplot.default : hbox: no visible global function definition for
     ‘points’
    scatterplot.default : vbox: no visible global function definition for
     ‘plot’
    scatterplot.default : vbox: no visible global function definition for
     ‘boxplot.stats’
    scatterplot.default : vbox: no visible global function definition for
     ‘lines’
    scatterplot.default : vbox: no visible global function definition for
     ‘points’
    scatterplot.default: no visible global function definition for
     ‘na.omit’
    scatterplot.default: no visible global function definition for ‘layout’
    scatterplot.default: no visible global function definition for ‘plot’
    scatterplot.default: no visible global function definition for ‘box’
    scatterplot.default: no visible global function definition for ‘points’
    scatterplot.default: no visible global function definition for
     ‘strheight’
    scatterplot.default: no visible global function definition for ‘legend’
    scatterplot.formula: no visible binding for global variable ‘na.omit’
    scatterplot.formula: no visible global function definition for
     ‘as.formula’
    scatterplot.formula: no visible global function definition for
     ‘na.omit’
    scatterplotMatrix.default: no visible binding for global variable ‘lm’
    scatterplotMatrix.default: no visible global function definition for
     ‘palette’
    scatterplotMatrix.default: no visible global function definition for
     ‘par’
    scatterplotMatrix.default: no visible binding for global variable
     ‘na.omit’
    scatterplotMatrix.default: no visible binding for global variable
     ‘na.pass’
    scatterplotMatrix.default : legendPlot: no visible global function
     definition for ‘par’
    scatterplotMatrix.default : legendPlot: no visible global function
     definition for ‘legend’
    scatterplotMatrix.default : panel.density: no visible global function
     definition for ‘density’
    scatterplotMatrix.default : panel.density: no visible global function
     definition for ‘lines’
    scatterplotMatrix.default : panel.density: no visible global function
     definition for ‘rug’
    scatterplotMatrix.default : panel.histogram: no visible global function
     definition for ‘par’
    scatterplotMatrix.default : panel.histogram: no visible global function
     definition for ‘hist’
    scatterplotMatrix.default : panel.boxplot: no visible global function
     definition for ‘par’
    scatterplotMatrix.default : panel.boxplot: no visible global function
     definition for ‘boxplot’
    scatterplotMatrix.default : panel.oned: no visible global function
     definition for ‘segments’
    scatterplotMatrix.default : panel.qqplot: no visible global function
     definition for ‘par’
    scatterplotMatrix.default : panel.qqplot: no visible global function
     definition for ‘qqnorm’
    scatterplotMatrix.default : panel.qqplot: no visible global function
     definition for ‘qqline’
    scatterplotMatrix.default: no visible global function definition for
     ‘coef’
    scatterplotMatrix.default: no visible global function definition for
     ‘pairs’
    scatterplotMatrix.default : <anonymous>: no visible global function
     definition for ‘points’
    scatterplotMatrix.default : <anonymous>: no visible global function
     definition for ‘abline’
    scatterplotMatrix.formula: no visible binding for global variable
     ‘na.omit’
    scatterplotMatrix.formula: no visible global function definition for
     ‘as.formula’
    scatterplotMatrix.formula: no visible global function definition for
     ‘na.omit’
    showLabels: no visible global function definition for ‘palette’
    showLabels1: no visible global function definition for ‘palette’
    showLabels1: no visible global function definition for ‘par’
    showLabels1: no visible global function definition for ‘identify’
    showLabels1: no visible global function definition for ‘text’
    showLabelsScatter: no visible global function definition for ‘palette’
    showLabelsScatter: no visible global function definition for
     ‘complete.cases’
    showLabelsScatter: no visible global function definition for ‘na.omit’
    showLabelsScatter: no visible global function definition for ‘text’
    spreadLevelPlot.default: no visible global function definition for
     ‘par’
    spreadLevelPlot.default: no visible global function definition for
     ‘palette’
    spreadLevelPlot.default: no visible global function definition for
     ‘complete.cases’
    spreadLevelPlot.default: no visible global function definition for
     ‘quantile’
    spreadLevelPlot.default: no visible global function definition for
     ‘fivenum’
    spreadLevelPlot.default: no visible global function definition for
     ‘plot’
    spreadLevelPlot.default: no visible global function definition for
     ‘box’
    spreadLevelPlot.default: no visible global function definition for
     ‘points’
    spreadLevelPlot.default: no visible global function definition for
     ‘median’
    spreadLevelPlot.default: no visible global function definition for
     ‘text’
    spreadLevelPlot.default: no visible global function definition for ‘lm’
    spreadLevelPlot.default: no visible global function definition for
     ‘lines’
    spreadLevelPlot.default: no visible global function definition for
     ‘fitted.values’
    spreadLevelPlot.default: no visible global function definition for
     ‘coefficients’
    spreadLevelPlot.lm: no visible global function definition for ‘par’
    spreadLevelPlot.lm: no visible global function definition for ‘palette’
    spreadLevelPlot.lm: no visible global function definition for ‘na.omit’
    spreadLevelPlot.lm: no visible global function definition for
     ‘rstudent’
    spreadLevelPlot.lm: no visible global function definition for
     ‘fitted.values’
    spreadLevelPlot.lm: no visible global function definition for ‘plot’
    spreadLevelPlot.lm: no visible global function definition for ‘box’
    spreadLevelPlot.lm: no visible global function definition for ‘points’
    spreadLevelPlot.lm: no visible global function definition for ‘lm’
    spreadLevelPlot.lm: no visible global function definition for ‘lines’
    spreadLevelPlot.lm: no visible global function definition for
     ‘coefficients’
    subsets.regsubsets: no visible global function definition for ‘par’
    subsets.regsubsets: no visible global function definition for ‘plot’
    subsets.regsubsets: no visible global function definition for ‘text’
    subsets.regsubsets: no visible global function definition for ‘locator’
    summary.Anova.mlm : mauchly: no visible global function definition for
     ‘pchisq’
    summary.Anova.mlm: no visible global function definition for ‘pf’
    summary.Anova.mlm: no visible global function definition for ‘na.omit’
    summary.boot : skew1: no visible global function definition for ‘sd’
    summary.boot : kurtosis1: no visible global function definition for
     ‘sd’
    summary.boot : <anonymous>: no visible global function definition for
     ‘median’
    summary.boot : <anonymous>: no visible global function definition for
     ‘sd’
    symbox.default: no visible global function definition for ‘boxplot’
    term.names.default: no visible global function definition for ‘terms’
    termsToMf : gform: no visible global function definition for
     ‘as.formula’
    termsToMf: no visible global function definition for ‘as.formula’
    termsToMf: no visible global function definition for ‘update’
    termsToMf: no visible global function definition for ‘model.frame’
    testTransform.powerTransform : llik: no visible global function
     definition for ‘var’
    testTransform.powerTransform: no visible global function definition for
     ‘pchisq’
    tukeyNonaddTest: no visible global function definition for ‘predict’
    tukeyNonaddTest: no visible global function definition for ‘sd’
    tukeyNonaddTest: no visible global function definition for ‘residuals’
    tukeyNonaddTest: no visible global function definition for ‘lm’
    tukeyNonaddTest: no visible global function definition for ‘weights’
    tukeyNonaddTest: no visible global function definition for
     ‘df.residual’
    tukeyNonaddTest: no visible global function definition for ‘pnorm’
    vcov.powerTransform: no visible global function definition for ‘coef’
    vif.default: no visible global function definition for ‘coef’
    vif.default: no visible global function definition for ‘vcov’
    vif.default: no visible global function definition for ‘model.matrix’
    vif.default: no visible global function definition for ‘coefficients’
    vif.default: no visible global function definition for ‘cov2cor’
    wcrossprod: no visible global function definition for ‘sd’
    yjPowerAxis: no visible global function definition for ‘gray’
    yjPowerAxis: no visible global function definition for ‘par’
    yjPowerAxis: no visible global function definition for ‘axis’
    yjPowerAxis: no visible global function definition for ‘abline’
    yjPowerAxis: no visible global function definition for ‘mtext’
    Undefined global functions or variables:
     D IQR abline alias anova arrows as.formula axis box boxplot
     boxplot.stats browseURL coef coefficients col2rgb complete.cases
     confint contrasts contrasts<- cooks.distance cor cov cov.wt cov2cor
     density deviance df.residual dfbeta dnorm drop1 family fitted
     fitted.values fivenum formula gaussian getCall glm glm.fit gray
     hatvalues head hist identify is.empty.model layout legend lines lm
     lm.fit locator loess loess.control logLik lowess lsfit make.link
     median methods model.frame model.matrix model.matrix.default
     model.response model.weights mtext na.omit na.pass naresid optim
     optimize pairs palette par pchisq pf plot pnorm points polygon
     ppoints predict printCoefmat pt qchisq qf qnorm qqline qqnorm qt
     quantile resid residuals rgb rnorm rstandard rstudent rug sd segments
     spline strheight strwidth summary.lm terms text update var vcov
     weights
    Consider adding
     importFrom("grDevices", "boxplot.stats", "col2rgb", "gray", "palette",
     "rgb")
     importFrom("graphics", "abline", "arrows", "axis", "box", "boxplot",
     "hist", "identify", "layout", "legend", "lines", "locator",
     "mtext", "pairs", "par", "plot", "points", "polygon", "rug",
     "segments", "strheight", "strwidth", "text")
     importFrom("stats", "D", "IQR", "alias", "anova", "as.formula", "coef",
     "coefficients", "complete.cases", "confint", "contrasts",
     "contrasts<-", "cooks.distance", "cor", "cov", "cov.wt",
     "cov2cor", "density", "deviance", "df.residual", "dfbeta",
     "dnorm", "drop1", "family", "fitted", "fitted.values",
     "fivenum", "formula", "gaussian", "getCall", "glm",
     "glm.fit", "hatvalues", "is.empty.model", "lm", "lm.fit",
     "loess", "loess.control", "logLik", "lowess", "lsfit",
     "make.link", "median", "model.frame", "model.matrix",
     "model.matrix.default", "model.response", "model.weights",
     "na.omit", "na.pass", "naresid", "optim", "optimize",
     "pchisq", "pf", "pnorm", "ppoints", "predict",
     "printCoefmat", "pt", "qchisq", "qf", "qnorm", "qqline",
     "qqnorm", "qt", "quantile", "resid", "residuals", "rnorm",
     "rstandard", "rstudent", "sd", "spline", "summary.lm",
     "terms", "update", "var", "vcov", "weights")
     importFrom("utils", "browseURL", "head", "methods")
    to your NAMESPACE.
Flavors: r-devel-linux-x86_64-debian-clang, r-devel-linux-x86_64-debian-gcc, r-devel-linux-x86_64-fedora-clang, r-devel-linux-x86_64-fedora-gcc, r-devel-windows-ix86+x86_64

Version: 2.0-25
Check: package dependencies
Result: NOTE
    Package suggested but not available for checking: ‘alr4’
Flavor: r-release-osx-x86_64-mavericks