CRAN Package Check Results for Package car

Last updated on 2014-09-30 17:48:21.

Flavor Version Tinstall Tcheck Ttotal Status Flags
r-devel-linux-x86_64-debian-clang 2.0-21 7.66 54.60 62.26 NOTE
r-devel-linux-x86_64-debian-gcc 2.0-21 7.52 53.63 61.14 NOTE
r-devel-linux-x86_64-fedora-clang 2.0-21 134.01 NOTE
r-devel-linux-x86_64-fedora-gcc 2.0-21 123.35 NOTE
r-devel-osx-x86_64-clang 2.0-21 106.22 NOTE
r-devel-windows-ix86+x86_64 2.0-21 16.00 76.00 92.00 NOTE
r-patched-linux-x86_64 2.0-21 9.67 62.33 72.00 NOTE
r-patched-solaris-sparc 2.0-21 742.50 NOTE
r-patched-solaris-x86 2.0-21 171.40 NOTE
r-release-linux-ix86 2.0-21 10.14 75.56 85.69 NOTE
r-release-linux-x86_64 2.0-21 10.15 62.36 72.51 NOTE
r-release-osx-x86_64-mavericks 2.0-21 NOTE
r-release-osx-x86_64-snowleopard 2.0-21 NOTE
r-release-windows-ix86+x86_64 2.0-21 17.00 93.00 110.00 NOTE
r-oldrel-windows-ix86+x86_64 2.0-21 17.00 85.00 102.00 NOTE

Check Details

Version: 2.0-21
Check: dependencies in R code
Result: NOTE
    There are ::: calls to the package's namespace in its code. A package
     almost never needs to use ::: for its own objects:
     ‘.carEnv’
    See the information on DESCRIPTION files in the chapter ‘Creating R
    packages’ of the ‘Writing R Extensions’ manual.
Flavors: r-devel-linux-x86_64-debian-clang, r-devel-linux-x86_64-debian-gcc, r-devel-linux-x86_64-fedora-clang, r-devel-linux-x86_64-fedora-gcc, r-devel-osx-x86_64-clang, r-devel-windows-ix86+x86_64, r-patched-linux-x86_64, r-patched-solaris-sparc, r-patched-solaris-x86, r-release-linux-ix86, r-release-linux-x86_64, r-release-osx-x86_64-mavericks, r-release-osx-x86_64-snowleopard, r-release-windows-ix86+x86_64, r-oldrel-windows-ix86+x86_64

Version: 2.0-21
Check: R code for possible problems
Result: NOTE
    Anova.II.LR.coxph: no visible global function definition for ‘coxph’
    Anova.II.LR.survreg: no visible global function definition for
     ‘survreg’
    Anova.II.mer: no visible global function definition for ‘vcovAdj’
    Anova.II.polr: no visible global function definition for ‘polr’
    Anova.III.LR.coxph: no visible global function definition for ‘coxph’
    Anova.III.LR.survreg: no visible global function definition for
     ‘survreg’
    Anova.III.mer: no visible global function definition for ‘vcovAdj’
    Anova.III.polr: no visible global function definition for ‘polr’
    Boot.default: no visible global function definition for ‘boot’
    Boot.nls: no visible global function definition for ‘boot’
    Identify3d: no visible global function definition for ‘rgl.bringtotop’
    Identify3d: no visible global function definition for ‘rgl.texts’
    car.select3d: no visible global function definition for ‘.check3d’
    car.select3d: no visible global function definition for ‘rgl.select’
    car.select3d: no visible global function definition for
     ‘rgl.projection’
    car.select3d : <anonymous>: no visible global function definition for
     ‘rgl.user2window’
    confint.boot: no visible global function definition for ‘boot.ci’
    ellipsoid: no visible global function definition for ‘qmesh3d’
    gamLine: no visible global function definition for ‘gam’
    linearHypothesis.mer: no visible global function definition for
     ‘isREML’
    linearHypothesis.mer: no visible global function definition for
     ‘KRmodcomp’
    quantregLine: no visible global function definition for ‘rqss’
    scatter3d.default: no visible global function definition for
     ‘rgl.clear’
    scatter3d.default: no visible global function definition for
     ‘rgl.viewpoint’
    scatter3d.default: no visible global function definition for ‘rgl.bg’
    scatter3d.default: no visible global function definition for
     ‘rgl.spheres’
    scatter3d.default: no visible global function definition for
     ‘rgl.points’
    scatter3d.default: no visible global function definition for
     ‘rgl.lines’
    scatter3d.default: no visible global function definition for
     ‘rgl.texts’
    scatter3d.default: no visible global function definition for ‘shade3d’
    scatter3d.default: no visible global function definition for ‘wire3d’
    scatter3d.default: no visible global function definition for ‘gam’
    scatter3d.default: no visible global function definition for
     ‘rgl.surface’
    scatter3d.default: no visible global function definition for
     ‘rgl.quads’
    showLabels3d: no visible global function definition for ‘rgl.texts’
Flavors: r-devel-linux-x86_64-debian-clang, r-devel-linux-x86_64-debian-gcc, r-devel-linux-x86_64-fedora-clang, r-devel-linux-x86_64-fedora-gcc, r-devel-osx-x86_64-clang, r-devel-windows-ix86+x86_64