CRAN Package Check Results for Package car

Last updated on 2015-02-01 16:46:53.

Flavor Version Tinstall Tcheck Ttotal Status Flags
r-devel-linux-x86_64-debian-clang 2.0-22 7.60 54.88 62.48 NOTE
r-devel-linux-x86_64-debian-gcc 2.0-22 7.20 53.50 60.71 NOTE
r-devel-linux-x86_64-fedora-clang 2.0-22 130.64 NOTE
r-devel-linux-x86_64-fedora-gcc 2.0-22 108.96 NOTE
r-devel-osx-x86_64-clang 2.0-22 120.64 NOTE
r-devel-windows-ix86+x86_64 2.0-22 26.00 75.00 101.00 NOTE
r-patched-linux-x86_64 2.0-22 9.03 61.24 70.27 NOTE
r-patched-solaris-sparc 2.0-22 804.40 NOTE
r-patched-solaris-x86 2.0-22 162.80 NOTE
r-release-linux-ix86 2.0-22 9.83 72.16 81.99 NOTE
r-release-linux-x86_64 2.0-22 9.46 60.08 69.54 NOTE
r-release-osx-x86_64-mavericks 2.0-22 NOTE
r-release-osx-x86_64-snowleopard 2.0-22 NOTE
r-release-windows-ix86+x86_64 2.0-22 21.00 96.00 117.00 NOTE
r-oldrel-windows-ix86+x86_64 2.0-22 20.00 90.00 110.00 NOTE

Check Details

Version: 2.0-22
Check: dependencies in R code
Result: NOTE
    'library' or 'require' calls in package code:
     ‘leaps’ ‘mgcv’ ‘pbkrtest’ ‘quantreg’
     Please use :: or requireNamespace() instead.
     See section 'Suggested packages' in the 'Writing R Extensions' manual.
    There are ::: calls to the package's namespace in its code. A package
     almost never needs to use ::: for its own objects:
     ‘.carEnv’
Flavors: r-devel-linux-x86_64-debian-clang, r-devel-linux-x86_64-debian-gcc, r-devel-linux-x86_64-fedora-clang, r-devel-linux-x86_64-fedora-gcc, r-devel-osx-x86_64-clang, r-devel-windows-ix86+x86_64

Version: 2.0-22
Check: dependencies in R code
Result: NOTE
    There are ::: calls to the package's namespace in its code. A package
     almost never needs to use ::: for its own objects:
     ‘.carEnv’
    See the information on DESCRIPTION files in the chapter ‘Creating R
    packages’ of the ‘Writing R Extensions’ manual.
Flavors: r-patched-linux-x86_64, r-patched-solaris-sparc, r-patched-solaris-x86, r-release-linux-ix86, r-release-linux-x86_64, r-release-osx-x86_64-mavericks, r-release-osx-x86_64-snowleopard, r-release-windows-ix86+x86_64, r-oldrel-windows-ix86+x86_64