CRAN Package Check Results for Package car

Last updated on 2014-07-22 19:47:48.

Flavor Version Tinstall Tcheck Ttotal Status Flags
r-devel-linux-x86_64-debian-clang 2.0-20 8.68 60.00 68.68 NOTE
r-devel-linux-x86_64-debian-gcc 2.0-20 8.81 59.96 68.78 NOTE
r-devel-linux-x86_64-fedora-clang 2.0-20 149.10 NOTE
r-devel-linux-x86_64-fedora-gcc 2.0-20 140.86 NOTE
r-devel-osx-x86_64-clang 2.0-20 121.53 NOTE
r-devel-windows-ix86+x86_64 2.0-20 19.00 83.00 102.00 NOTE
r-patched-linux-x86_64 2.0-20 8.32 59.06 67.38 NOTE
r-patched-solaris-sparc 2.0-20 743.00 NOTE
r-patched-solaris-x86 2.0-20 167.80 NOTE
r-release-linux-ix86 2.0-20 9.64 74.52 84.16 NOTE
r-release-linux-x86_64 2.0-20 8.81 62.51 71.32 NOTE
r-release-osx-x86_64-mavericks 2.0-20 NOTE
r-release-osx-x86_64-snowleopard 2.0-20 NOTE
r-release-windows-ix86+x86_64 2.0-20 17.00 83.00 100.00 NOTE
r-oldrel-windows-ix86+x86_64 2.0-20 19.00 87.00 106.00 NOTE

Check Details

Version: 2.0-20
Check: dependencies in R code
Result: NOTE
    There are ::: calls to the package's namespace in its code. A package
     almost never needs to use ::: for its own objects:
     ‘.carEnv’
    See the information on DESCRIPTION files in the chapter ‘Creating R
    packages’ of the ‘Writing R Extensions’ manual.
Flavors: r-devel-linux-x86_64-debian-clang, r-devel-linux-x86_64-debian-gcc, r-devel-linux-x86_64-fedora-clang, r-devel-linux-x86_64-fedora-gcc, r-devel-osx-x86_64-clang, r-devel-windows-ix86+x86_64, r-patched-linux-x86_64, r-patched-solaris-sparc, r-patched-solaris-x86, r-release-linux-ix86, r-release-linux-x86_64, r-release-osx-x86_64-mavericks, r-release-osx-x86_64-snowleopard, r-release-windows-ix86+x86_64, r-oldrel-windows-ix86+x86_64