CRAN Package Check Results for Package car

Last updated on 2014-11-23 01:48:00.

Flavor Version Tinstall Tcheck Ttotal Status Flags
r-devel-linux-x86_64-debian-clang 2.0-22 8.20 57.61 65.81 NOTE
r-devel-linux-x86_64-debian-gcc 2.0-22 7.90 55.71 63.62 NOTE
r-devel-linux-x86_64-fedora-clang 2.0-22 66.31 NOTE
r-devel-linux-x86_64-fedora-gcc 2.0-22 124.28 NOTE
r-devel-osx-x86_64-clang 2.0-22 87.40 NOTE
r-devel-windows-ix86+x86_64 2.0-22 21.00 77.00 98.00 NOTE
r-patched-linux-x86_64 2.0-22 9.00 59.26 68.27 NOTE
r-patched-solaris-sparc 2.0-22 728.60 NOTE
r-patched-solaris-x86 2.0-22 135.90 NOTE
r-release-linux-ix86 2.0-22 9.75 69.31 79.06 NOTE
r-release-linux-x86_64 2.0-22 9.02 58.88 67.90 NOTE
r-release-osx-x86_64-mavericks 2.0-22 NOTE
r-release-osx-x86_64-snowleopard 2.0-22 NOTE
r-release-windows-ix86+x86_64 2.0-22 25.00 120.00 145.00 NOTE
r-oldrel-windows-ix86+x86_64 2.0-22 21.00 92.00 113.00 NOTE

Check Details

Version: 2.0-22
Check: dependencies in R code
Result: NOTE
    There are ::: calls to the package's namespace in its code. A package
     almost never needs to use ::: for its own objects:
     ‘.carEnv’
    See the information on DESCRIPTION files in the chapter ‘Creating R
    packages’ of the ‘Writing R Extensions’ manual.
Flavors: r-devel-linux-x86_64-debian-clang, r-devel-linux-x86_64-debian-gcc, r-devel-linux-x86_64-fedora-clang, r-devel-linux-x86_64-fedora-gcc, r-devel-osx-x86_64-clang, r-devel-windows-ix86+x86_64, r-patched-linux-x86_64, r-patched-solaris-sparc, r-patched-solaris-x86, r-release-linux-ix86, r-release-linux-x86_64, r-release-osx-x86_64-mavericks, r-release-osx-x86_64-snowleopard, r-release-windows-ix86+x86_64, r-oldrel-windows-ix86+x86_64