CRAN Package Check Results for Package car

Last updated on 2016-05-28 11:49:06.

Flavor Version Tinstall Tcheck Ttotal Status Flags
r-devel-linux-x86_64-debian-gcc 2.1-2 11.95 84.83 96.78 OK
r-devel-linux-x86_64-fedora-clang 2.1-2 201.21 OK
r-devel-linux-x86_64-fedora-gcc 2.1-2 175.04 OK
r-devel-osx-x86_64-clang 2.1-2 206.49 OK
r-devel-windows-ix86+x86_64 2.1-2 32.00 148.00 180.00 OK
r-patched-linux-x86_64 2.1-2 12.31 84.01 96.33 OK
r-patched-solaris-sparc 2.1-2 1138.30 OK
r-patched-solaris-x86 2.1-2 224.80 OK
r-release-linux-x86_64 2.1-2 10.63 84.24 94.87 OK
r-release-osx-x86_64-mavericks 2.1-2 NOTE
r-release-windows-ix86+x86_64 2.1-2 32.00 187.00 219.00 OK
r-oldrel-windows-ix86+x86_64 2.1-2 25.00 153.00 178.00 OK

Check Details

Version: 2.1-2
Check: dependencies in R code
Result: NOTE
    Invalid MIT-MAGIC-COOKIE-1 key
Flavor: r-release-osx-x86_64-mavericks