CRAN Package Check Results for Package carData

Last updated on 2020-11-27 08:49:44 CET.

Flavor Version Tinstall Tcheck Ttotal Status Flags
r-devel-linux-x86_64-debian-clang 3.0-4 4.22 20.63 24.85 OK
r-devel-linux-x86_64-debian-gcc 3.0-4 2.95 16.59 19.54 OK
r-devel-linux-x86_64-fedora-clang 3.0-4 36.89 NOTE
r-devel-linux-x86_64-fedora-gcc 3.0-4 27.92 OK
r-devel-windows-ix86+x86_64 3.0-4 9.00 33.00 42.00 OK
r-patched-linux-x86_64 3.0-4 4.13 20.40 24.53 OK
r-patched-solaris-x86 3.0-4 39.50 OK
r-release-linux-x86_64 3.0-4 4.15 21.31 25.46 OK
r-release-macos-x86_64 3.0-4 OK
r-release-windows-ix86+x86_64 3.0-4 7.00 27.00 34.00 OK
r-oldrel-macos-x86_64 3.0-4 OK
r-oldrel-windows-ix86+x86_64 3.0-4 9.00 40.00 49.00 OK

Check Details

Version: 3.0-4
Check: Rd cross-references
Result: NOTE
    Undeclared package ‘car’ in Rd xrefs
Flavor: r-devel-linux-x86_64-fedora-clang