Last updated on 2022-06-29 20:53:13 CEST.
Flavor | Version | Tinstall | Tcheck | Ttotal | Status | Flags |
---|---|---|---|---|---|---|
r-devel-linux-x86_64-debian-clang | 2.0.2 | 91.34 | 89.49 | 180.83 | OK | |
r-devel-linux-x86_64-debian-gcc | 2.0.2 | 74.15 | 65.85 | 140.00 | OK | |
r-devel-linux-x86_64-fedora-clang | 2.0.2 | 261.90 | NOTE | |||
r-devel-linux-x86_64-fedora-gcc | 2.0.2 | 230.06 | OK | |||
r-devel-windows-x86_64 | 2.0.2 | 71.00 | 133.00 | 204.00 | OK | |
r-patched-linux-x86_64 | 2.0.2 | 73.34 | 83.67 | 157.01 | OK | |
r-release-linux-x86_64 | 2.0.2 | 73.21 | 81.98 | 155.19 | OK | |
r-release-macos-arm64 | 2.0.2 | 63.00 | NOTE | |||
r-release-macos-x86_64 | 2.0.2 | 99.00 | NOTE | |||
r-release-windows-x86_64 | 2.0.2 | 72.00 | 128.00 | 200.00 | OK | |
r-oldrel-macos-arm64 | 2.0.2 | 70.00 | NOTE | |||
r-oldrel-macos-x86_64 | 2.0.2 | 74.00 | NOTE | |||
r-oldrel-windows-ix86+x86_64 | 2.0.2 | 185.00 | 149.00 | 334.00 | OK |
Version: 2.0.2
Check: installed package size
Result: NOTE
installed size is 7.5Mb
sub-directories of 1Mb or more:
libs 7.1Mb
Flavors: r-devel-linux-x86_64-fedora-clang, r-release-macos-arm64, r-release-macos-x86_64, r-oldrel-macos-arm64, r-oldrel-macos-x86_64