CRAN Package Check Results for Package cardidates

Last updated on 2015-03-05 17:49:00.

Flavor Version Tinstall Tcheck Ttotal Status Flags
r-devel-linux-x86_64-debian-clang 0.4.5 0.84 27.78 28.62 NOTE
r-devel-linux-x86_64-debian-gcc 0.4.5 1.04 28.02 29.06 NOTE
r-devel-linux-x86_64-fedora-clang 0.4.5 54.72 NOTE
r-devel-linux-x86_64-fedora-gcc 0.4.5 53.32 NOTE
r-devel-osx-x86_64-clang 0.4.5 59.45 NOTE
r-devel-windows-ix86+x86_64 0.4.5 4.00 56.00 60.00 NOTE
r-patched-linux-x86_64 0.4.5 0.79 29.79 30.58 NOTE
r-patched-solaris-sparc 0.4.5 399.00 NOTE
r-patched-solaris-x86 0.4.5 82.50 NOTE
r-release-linux-ix86 0.4.5 1.12 48.22 49.35 NOTE
r-release-linux-x86_64 0.4.5 0.78 29.25 30.04 NOTE
r-release-osx-x86_64-mavericks 0.4.5 NOTE
r-release-osx-x86_64-snowleopard 0.4.5 WARN
r-release-windows-ix86+x86_64 0.4.5 4.00 58.00 62.00 NOTE
r-oldrel-windows-ix86+x86_64 0.4.5 4.00 58.00 62.00 NOTE

Check Details

Version: 0.4.5
Check: dependencies in R code
Result: NOTE
    'library' or 'require' call to ‘lattice’ in package code.
     Please use :: or requireNamespace() instead.
     See section 'Suggested packages' in the 'Writing R Extensions' manual.
    Packages in Depends field not imported from:
     ‘boot’ ‘pastecs’
     These packages need to be imported from (in the NAMESPACE file)
     for when this namespace is loaded but not attached.
Flavors: r-devel-linux-x86_64-debian-clang, r-devel-linux-x86_64-debian-gcc, r-devel-linux-x86_64-fedora-clang, r-devel-linux-x86_64-fedora-gcc, r-devel-osx-x86_64-clang, r-devel-windows-ix86+x86_64, r-patched-linux-x86_64, r-patched-solaris-sparc, r-patched-solaris-x86

Version: 0.4.5
Check: R code for possible problems
Result: NOTE
    peakwindow: no visible global function definition for ‘turnpoints’
    plot.cardiMetacdw: no visible global function definition for ‘xyplot’
    plot.cardiMetacdw : <anonymous>: no visible global function definition
     for ‘panel.number’
    plot.cardiMetacdw : <anonymous>: no visible global function definition
     for ‘panel.xyplot’
    plot.cardiMetacdw : <anonymous>: no visible global function definition
     for ‘panel.lines’
    plot.cardiMetacdw : <anonymous>: no visible global function definition
     for ‘panel.points’
Flavors: r-devel-linux-x86_64-debian-clang, r-devel-linux-x86_64-debian-gcc, r-devel-linux-x86_64-fedora-clang, r-devel-linux-x86_64-fedora-gcc, r-devel-osx-x86_64-clang, r-devel-windows-ix86+x86_64, r-patched-linux-x86_64, r-patched-solaris-sparc, r-patched-solaris-x86, r-release-linux-ix86, r-release-linux-x86_64, r-release-osx-x86_64-mavericks, r-release-windows-ix86+x86_64

Version: 0.4.5
Check: dependencies in R code
Result: NOTE
    Packages in Depends field not imported from:
     ‘boot’ ‘pastecs’
     These packages need to be imported from (in the NAMESPACE file)
     for when this namespace is loaded but not attached.
    See the information on DESCRIPTION files in the chapter ‘Creating R
    packages’ of the ‘Writing R Extensions’ manual.
Flavors: r-release-linux-ix86, r-release-linux-x86_64, r-release-osx-x86_64-mavericks, r-release-windows-ix86+x86_64, r-oldrel-windows-ix86+x86_64

Version: 0.4.5
Check: re-building of vignette outputs
Result: NOTE
    Error in re-building vignettes:
     ...
     Running 'texi2dvi' on 'vignette.tex' failed.
    LaTeX errors:
    ! Undefined control sequence.
    l.15 x<9c><ed>\<cd>
     K^^[[^^[^^?<ae>ml{<89>I<e7><de><e2>[ڎ<b1>^^G<a4>Z^^F<c9>m<fa>^^A^^A^^]<c1>@^^WBi^^W<c2><85><db>EW<fe>
    The control sequence at the end of the top line
    of your error message was never \def'ed. If you have
    ! LaTeX Error: Missing \begin{document}.
    
    See the LaTeX manual or LaTeX Companion for explanation.
    Type H <return> for immediate help.
     ...
    ! Missing $ inserted.
    <inserted text>
     $
    l.16 ..._<be>|<f4><e8><d1><c8><c8><c8><ca><ca>ʹs<e7><b0>^^NS<a9>^^Tclxx<98>1<c6>^^X<cb><e7><f3>^^W/^
     $<a2><95><95><95><8e><8e>^^N<d1>׶<ed><a1><a1><a1>t:<ad>(ʻw<ef>z...
    ! LaTeX Error: Command \<8c> unavailable in encoding T1.
    
    See the LaTeX manual or LaTeX Companion for explanation.
    Type H <return> for immediate help.
     ...
    ! Undefined
    Calls: buildVignettes -> texi2pdf -> texi2dvi
    Execution halted
Flavor: r-release-osx-x86_64-mavericks

Version: 0.4.5
Check: examples
Result: WARN
    checking a package with encoding 'latin1' in an ASCII locale
    
     OK
Flavor: r-release-osx-x86_64-snowleopard

Version: 0.4.5
Check: re-building of vignette outputs
Result: NOTE
    Error in re-building vignettes:
     ...
    Loading required package: boot
    Loading required package: pastecs
    Loading required package: lattice
    
    Attaching package: 'lattice'
    
    The following object is masked from 'package:boot':
    
     melanoma
    
    Error in texi2dvi(file = file, pdf = TRUE, clean = clean, quiet = quiet, :
     Running 'texi2dvi' on 'vignette.tex' failed.
    Messages:
    sh: gs: command not found
    !!! Error: Closing Ghostscript (exit status: 127)!
    /usr/bin/texi2dvi: thumbpdf exited with bad status, quitting.
    Calls: buildVignettes -> texi2pdf -> texi2dvi
    Execution halted
Flavor: r-release-osx-x86_64-snowleopard