CRAN Package Check Results for Package cardidates

Last updated on 2015-07-07 15:46:23.

Flavor Version Tinstall Tcheck Ttotal Status Flags
r-devel-linux-x86_64-debian-clang 0.4.6 0.77 27.04 27.82 NOTE
r-devel-linux-x86_64-debian-gcc 0.4.6 0.77 28.22 28.99 NOTE
r-devel-linux-x86_64-fedora-clang 0.4.6 53.51 NOTE
r-devel-linux-x86_64-fedora-gcc 0.4.6 52.98 NOTE
r-devel-osx-x86_64-clang 0.4.6 50.76 OK
r-devel-windows-ix86+x86_64 0.4.6 7.00 104.00 111.00 NOTE
r-patched-linux-x86_64 0.4.6 0.83 27.45 28.28 OK
r-patched-solaris-sparc 0.4.6 356.00 OK
r-patched-solaris-x86 0.4.6 74.00 OK
r-release-linux-x86_64 0.4.6 0.79 27.44 28.23 OK
r-release-osx-x86_64-mavericks 0.4.6 OK
r-release-windows-ix86+x86_64 0.4.6 6.00 110.00 116.00 OK
r-oldrel-windows-ix86+x86_64 0.4.6 5.00 96.00 101.00 OK

Check Details

Version: 0.4.6
Check: R code for possible problems
Result: NOTE
    CDW: no visible global function definition for ‘optimize’
    CDW: no visible global function definition for ‘uniroot’
    CDWa: no visible global function definition for ‘optimize’
    CDWa: no visible global function definition for ‘uniroot’
    aweibull4: no visible global function definition for ‘pweibull’
    aweibull6: no visible global function definition for ‘integrate’
    aweibull7: no visible global function definition for ‘integrate’
    fitweibull4: no visible global function definition for ‘xy.coords’
    fitweibull4: no visible global function definition for ‘median’
    fitweibull4: no visible global function definition for ‘approx’
    fitweibull4: no visible global function definition for ‘optim’
    fitweibull4: no visible global function definition for ‘var’
    fitweibull6: no visible global function definition for ‘xy.coords’
    fitweibull6: no visible global function definition for ‘median’
    fitweibull6: no visible global function definition for ‘approx’
    fitweibull6: no visible global function definition for ‘optim’
    fitweibull6: no visible global function definition for ‘var’
    fweibull4: no visible global function definition for ‘dweibull’
    merge.cardiMetacdw: no visible global function definition for ‘is’
    peakwindow: no visible global function definition for ‘xy.coords’
    plot.cardiFit: no visible global function definition for ‘plot’
    plot.cardiFit: no visible global function definition for ‘lines’
    plot.cardiFit: no visible global function definition for ‘abline’
    plot.cardiFit: no visible global function definition for ‘points’
    plot.cardiMetacdw: no visible global function definition for ‘par’
    plot.cardiMetacdw: no visible global function definition for ‘plot’
    plot.cardiMetacdw: no visible global function definition for ‘axis’
    plot.cardiMetacdw: no visible global function definition for ‘abline’
    plot.cardiMetacdw: no visible global function definition for ‘grey’
    plot.cardiMetacdw: no visible global function definition for ‘gray’
    plot.cardiMetacdw: no visible global function definition for ‘polygon’
    plot.cardiPeakwindow: no visible global function definition for ‘lines’
    plot.cardiPeakwindow: no visible global function definition for ‘text’
    plot.cardiPeakwindow: no visible global function definition for ‘plot’
    summary.cardiMetacdw: no visible global function definition for
     ‘write.table’
    Undefined global functions or variables:
     abline approx axis dweibull gray grey integrate is lines median optim
     optimize par plot points polygon pweibull text uniroot var
     write.table xy.coords
Flavors: r-devel-linux-x86_64-debian-clang, r-devel-linux-x86_64-debian-gcc, r-devel-linux-x86_64-fedora-clang, r-devel-linux-x86_64-fedora-gcc, r-devel-windows-ix86+x86_64