CRAN Package Check Results for Package cardidates

Last updated on 2014-04-19 01:48:15.

Flavor Version Tinstall Tcheck Ttotal Status Flags
r-devel-linux-x86_64-debian-clang 0.4.5 1.00 28.89 29.89 NOTE
r-devel-linux-x86_64-debian-gcc NOTE
r-devel-linux-x86_64-fedora-clang 0.4.5 59.66 NOTE
r-devel-linux-x86_64-fedora-gcc 0.4.5 58.09 NOTE
r-devel-macosx-x86_64-clang 0.4.5 66.45 NOTE
r-devel-macosx-x86_64-gcc 0.4.5 NOTE
r-devel-windows-ix86+x86_64 0.4.5 4.00 55.00 59.00 NOTE
r-patched-linux-x86_64 0.4.5 0.82 28.80 29.62 NOTE
r-patched-solaris-sparc 0.4.5 343.10 NOTE
r-patched-solaris-x86 0.4.5 78.50 NOTE
r-release-linux-ix86 0.4.5 2.00 54.00 56.00 NOTE
r-release-linux-x86_64 0.4.5 0.87 29.07 29.94 NOTE
r-release-macosx-x86_64 0.4.5 WARN
r-release-windows-ix86+x86_64 0.4.5 3.00 56.00 59.00 NOTE
r-oldrel-windows-ix86+x86_64 0.4.5 3.00 49.00 52.00 NOTE

Check Details

Version: 0.4.5
Check: dependencies in R code
Result: NOTE
    Packages in Depends field not imported from:
     ‘boot’ ‘pastecs’
     These packages need to be imported from (in the NAMESPACE file)
     for when this namespace is loaded but not attached.
    See the information on DESCRIPTION files in the chapter ‘Creating R
    packages’ of the ‘Writing R Extensions’ manual.
Flavors: r-devel-linux-x86_64-debian-clang, r-devel-linux-x86_64-debian-gcc, r-devel-linux-x86_64-fedora-clang, r-devel-linux-x86_64-fedora-gcc, r-devel-macosx-x86_64-clang, r-devel-macosx-x86_64-gcc, r-devel-windows-ix86+x86_64, r-patched-linux-x86_64, r-patched-solaris-sparc, r-patched-solaris-x86, r-release-linux-ix86, r-release-linux-x86_64, r-release-windows-ix86+x86_64, r-oldrel-windows-ix86+x86_64

Version: 0.4.5
Check: examples
Result: WARNING
    checking a package with encoding 'latin1' in an ASCII locale
    
     OK
Flavor: r-release-macosx-x86_64

Version: 0.4.5
Check: re-building of vignette outputs
Result: NOTE
    Error in re-building vignettes:
     ...
    Loading required package: boot
    Loading required package: pastecs
    Loading required package: lattice
    
    Attaching package: 'lattice'
    
    The following object is masked from 'package:boot':
    
     melanoma
    
    Error in texi2dvi(file = file, pdf = TRUE, clean = clean, quiet = quiet, :
     Running 'texi2dvi' on 'vignette.tex' failed.
    Messages:
    sh: gs: command not found
    !!! Error: Closing Ghostscript (exit status: 127)!
    /usr/bin/texi2dvi: thumbpdf exited with bad status, quitting.
    Calls: buildVignettes -> texi2pdf -> texi2dvi
    Execution halted
Flavor: r-release-macosx-x86_64