CRAN Package Check Results for Package cardidates

Last updated on 2014-07-30 16:46:53.

Flavor Version Tinstall Tcheck Ttotal Status Flags
r-devel-linux-x86_64-debian-clang 0.4.5 0.95 27.71 28.66 NOTE
r-devel-linux-x86_64-debian-gcc 0.4.5 0.76 28.20 28.97 NOTE
r-devel-linux-x86_64-fedora-clang 0.4.5 61.53 NOTE
r-devel-linux-x86_64-fedora-gcc 0.4.5 57.91 NOTE
r-devel-osx-x86_64-clang 0.4.5 62.83 NOTE
r-devel-windows-ix86+x86_64 0.4.5 3.00 57.00 60.00 NOTE
r-patched-linux-x86_64 0.4.5 0.76 28.00 28.76 NOTE
r-patched-solaris-sparc 0.4.5 362.60 NOTE
r-patched-solaris-x86 0.4.5 81.20 NOTE
r-release-linux-ix86 0.4.5 1.14 65.49 66.63 NOTE
r-release-linux-x86_64 0.4.5 0.78 28.25 29.03 NOTE
r-release-osx-x86_64-mavericks 0.4.5 NOTE
r-release-osx-x86_64-snowleopard 0.4.5 WARN
r-release-windows-ix86+x86_64 0.4.5 3.00 54.00 57.00 NOTE
r-oldrel-windows-ix86+x86_64 0.4.5 4.00 51.00 55.00 NOTE

Check Details

Version: 0.4.5
Check: dependencies in R code
Result: NOTE
    Packages in Depends field not imported from:
     boot pastecs
     These packages need to be imported from (in the NAMESPACE file)
     for when this namespace is loaded but not attached.
    See the information on DESCRIPTION files in the chapter Creating R
    packages of the Writing R Extensions manual.
Flavors: r-devel-linux-x86_64-debian-clang, r-devel-linux-x86_64-debian-gcc, r-devel-linux-x86_64-fedora-clang, r-devel-linux-x86_64-fedora-gcc, r-devel-osx-x86_64-clang, r-devel-windows-ix86+x86_64, r-patched-linux-x86_64, r-patched-solaris-sparc, r-patched-solaris-x86, r-release-linux-ix86, r-release-linux-x86_64, r-release-osx-x86_64-mavericks, r-release-windows-ix86+x86_64, r-oldrel-windows-ix86+x86_64

Version: 0.4.5
Check: re-building of vignette outputs
Result: NOTE
    Error in re-building vignettes:
     ...
    Loading required package: boot
    Loading required package: pastecs
    Loading required package: lattice
    
    Attaching package: lattice
    
    The following object is masked from package:boot :
    
     melanoma
    
    Error in texi2dvi(file = file, pdf = TRUE, clean = clean, quiet = quiet, :
     Running 'texi2dvi' on 'vignette.tex' failed.
    LaTeX errors:
    ! LaTeX Error: File `a4wide.sty' not found.
    
    Type X to quit or <RETURN> to proceed,
    or enter new name. (Default extension: sty)
    
    ./Z.cls:16: ==> Fatal error occurred, no output PDF file produced!
    Calls: buildVignettes -> texi2pdf -> texi2dvi
    Execution halted
Flavor: r-release-osx-x86_64-mavericks

Version: 0.4.5
Check: examples
Result: WARNING
    checking a package with encoding 'latin1' in an ASCII locale
    
     OK
Flavor: r-release-osx-x86_64-snowleopard

Version: 0.4.5
Check: re-building of vignette outputs
Result: NOTE
    Error in re-building vignettes:
     ...
    Loading required package: boot
    Loading required package: pastecs
    Loading required package: lattice
    
    Attaching package: 'lattice'
    
    The following object is masked from 'package:boot':
    
     melanoma
    
    Error in texi2dvi(file = file, pdf = TRUE, clean = clean, quiet = quiet, :
     Running 'texi2dvi' on 'vignette.tex' failed.
    Messages:
    sh: gs: command not found
    !!! Error: Closing Ghostscript (exit status: 127)!
    /usr/bin/texi2dvi: thumbpdf exited with bad status, quitting.
    Calls: buildVignettes -> texi2pdf -> texi2dvi
    Execution halted
Flavor: r-release-osx-x86_64-snowleopard