CRAN Package Check Results for Package cardidates

Last updated on 2015-08-31 07:47:21.

Flavor Version Tinstall Tcheck Ttotal Status Flags
r-devel-linux-x86_64-debian-clang 0.4.6 0.75 27.30 28.05 NOTE
r-devel-linux-x86_64-debian-gcc 0.4.6 0.72 26.61 27.34 NOTE
r-devel-linux-x86_64-fedora-clang 0.4.6 53.27 NOTE
r-devel-linux-x86_64-fedora-gcc 0.4.6 53.66 NOTE
r-devel-osx-x86_64-clang 0.4.6 50.34 OK
r-devel-windows-ix86+x86_64 0.4.6 7.00 65.00 72.00 NOTE
r-patched-linux-x86_64 0.4.6 0.80 27.38 28.18 OK
r-patched-solaris-sparc 0.4.6 359.10 OK
r-patched-solaris-x86 0.4.6 75.80 OK
r-release-linux-x86_64 0.4.6 0.90 28.18 29.08 OK
r-release-osx-x86_64-mavericks 0.4.6 OK
r-release-windows-ix86+x86_64 0.4.6 6.00 83.00 89.00 OK
r-oldrel-windows-ix86+x86_64 0.4.6 7.00 66.00 73.00 OK

Check Details

Version: 0.4.6
Check: R code for possible problems
Result: NOTE
    CDW: no visible global function definition for ‘optimize’
    CDW: no visible global function definition for ‘uniroot’
    CDWa: no visible global function definition for ‘optimize’
    CDWa: no visible global function definition for ‘uniroot’
    aweibull4: no visible global function definition for ‘pweibull’
    aweibull6: no visible global function definition for ‘integrate’
    aweibull7: no visible global function definition for ‘integrate’
    fitweibull4: no visible global function definition for ‘xy.coords’
    fitweibull4: no visible global function definition for ‘median’
    fitweibull4: no visible global function definition for ‘approx’
    fitweibull4: no visible global function definition for ‘optim’
    fitweibull4: no visible global function definition for ‘var’
    fitweibull6: no visible global function definition for ‘xy.coords’
    fitweibull6: no visible global function definition for ‘median’
    fitweibull6: no visible global function definition for ‘approx’
    fitweibull6: no visible global function definition for ‘optim’
    fitweibull6: no visible global function definition for ‘var’
    fweibull4: no visible global function definition for ‘dweibull’
    merge.cardiMetacdw: no visible global function definition for ‘is’
    peakwindow: no visible global function definition for ‘xy.coords’
    plot.cardiFit: no visible global function definition for ‘plot’
    plot.cardiFit: no visible global function definition for ‘lines’
    plot.cardiFit: no visible global function definition for ‘abline’
    plot.cardiFit: no visible global function definition for ‘points’
    plot.cardiMetacdw: no visible global function definition for ‘par’
    plot.cardiMetacdw: no visible global function definition for ‘plot’
    plot.cardiMetacdw: no visible global function definition for ‘axis’
    plot.cardiMetacdw: no visible global function definition for ‘abline’
    plot.cardiMetacdw: no visible global function definition for ‘grey’
    plot.cardiMetacdw: no visible global function definition for ‘gray’
    plot.cardiMetacdw: no visible global function definition for ‘polygon’
    plot.cardiPeakwindow: no visible global function definition for ‘lines’
    plot.cardiPeakwindow: no visible global function definition for ‘text’
    plot.cardiPeakwindow: no visible global function definition for ‘plot’
    summary.cardiMetacdw: no visible global function definition for
     ‘write.table’
    Undefined global functions or variables:
     abline approx axis dweibull gray grey integrate is lines median optim
     optimize par plot points polygon pweibull text uniroot var
     write.table xy.coords
    Consider adding
     importFrom("grDevices", "gray", "grey", "xy.coords")
     importFrom("graphics", "abline", "axis", "lines", "par", "plot",
     "points", "polygon", "text")
     importFrom("methods", "is")
     importFrom("stats", "approx", "dweibull", "integrate", "median",
     "optim", "optimize", "pweibull", "uniroot", "var")
     importFrom("utils", "write.table")
    to your NAMESPACE (and ensure that your DESCRIPTION Imports field
    contains 'methods').
Flavors: r-devel-linux-x86_64-debian-clang, r-devel-linux-x86_64-debian-gcc, r-devel-linux-x86_64-fedora-clang, r-devel-linux-x86_64-fedora-gcc, r-devel-windows-ix86+x86_64