CRAN Package Check Results for Package cardidates

Last updated on 2014-10-31 08:47:02.

Flavor Version Tinstall Tcheck Ttotal Status Flags
r-devel-linux-x86_64-debian-clang 0.4.5 0.78 29.31 30.09 NOTE
r-devel-linux-x86_64-debian-gcc 0.4.5 0.76 29.42 30.18 NOTE
r-devel-linux-x86_64-fedora-clang 0.4.5 60.36 NOTE
r-devel-linux-x86_64-fedora-gcc 0.4.5 57.86 NOTE
r-devel-osx-x86_64-clang 0.4.5 60.54 NOTE
r-devel-windows-ix86+x86_64 0.4.5 3.00 58.00 61.00 NOTE
r-patched-linux-x86_64 0.4.5 0.81 30.04 30.86 NOTE
r-patched-solaris-sparc 0.4.5 351.00 NOTE
r-patched-solaris-x86 0.4.5 80.70 NOTE
r-release-linux-ix86 0.4.5 1.20 78.07 79.27 NOTE
r-release-linux-x86_64 0.4.5 0.98 29.15 30.12 NOTE
r-release-osx-x86_64-mavericks 0.4.5 NOTE
r-release-osx-x86_64-snowleopard 0.4.5 WARN
r-release-windows-ix86+x86_64 0.4.5 3.00 56.00 59.00 NOTE
r-oldrel-windows-ix86+x86_64 0.4.5 3.00 58.00 61.00 NOTE

Check Details

Version: 0.4.5
Check: dependencies in R code
Result: NOTE
    Packages in Depends field not imported from:
     ‘boot’ ‘pastecs’
     These packages need to be imported from (in the NAMESPACE file)
     for when this namespace is loaded but not attached.
    See the information on DESCRIPTION files in the chapter ‘Creating R
    packages’ of the ‘Writing R Extensions’ manual.
Flavors: r-devel-linux-x86_64-debian-clang, r-devel-linux-x86_64-debian-gcc, r-devel-linux-x86_64-fedora-clang, r-devel-linux-x86_64-fedora-gcc, r-devel-osx-x86_64-clang, r-devel-windows-ix86+x86_64, r-patched-linux-x86_64, r-patched-solaris-sparc, r-patched-solaris-x86, r-release-linux-ix86, r-release-linux-x86_64, r-release-osx-x86_64-mavericks, r-release-windows-ix86+x86_64, r-oldrel-windows-ix86+x86_64

Version: 0.4.5
Check: R code for possible problems
Result: NOTE
    peakwindow: no visible global function definition for ‘turnpoints’
    plot.cardiMetacdw: no visible global function definition for ‘xyplot’
    plot.cardiMetacdw : <anonymous>: no visible global function definition
     for ‘panel.number’
    plot.cardiMetacdw : <anonymous>: no visible global function definition
     for ‘panel.xyplot’
    plot.cardiMetacdw : <anonymous>: no visible global function definition
     for ‘panel.lines’
    plot.cardiMetacdw : <anonymous>: no visible global function definition
     for ‘panel.points’
Flavors: r-devel-linux-x86_64-debian-clang, r-devel-linux-x86_64-debian-gcc, r-devel-linux-x86_64-fedora-clang, r-devel-linux-x86_64-fedora-gcc, r-devel-osx-x86_64-clang, r-devel-windows-ix86+x86_64, r-patched-linux-x86_64, r-patched-solaris-sparc, r-patched-solaris-x86

Version: 0.4.5
Check: re-building of vignette outputs
Result: NOTE
    Error in re-building vignettes:
     ...
    Loading required package: boot
    Loading required package: pastecs
    Loading required package: lattice
    
    Attaching package: ‘lattice’
    
    The following object is masked from ‘package:boot’:
    
     melanoma
    
    Error in texi2dvi(file = file, pdf = TRUE, clean = clean, quiet = quiet, :
     Running 'texi2dvi' on 'vignette.tex' failed.
    LaTeX errors:
    ! LaTeX Error: File `a4wide.sty' not found.
    
    Type X to quit or <RETURN> to proceed,
    or enter new name. (Default extension: sty)
    
    ./Z.cls:16: ==> Fatal error occurred, no output PDF file produced!
    Calls: buildVignettes -> texi2pdf -> texi2dvi
    Execution halted
Flavor: r-release-osx-x86_64-mavericks

Version: 0.4.5
Check: examples
Result: WARN
    checking a package with encoding 'latin1' in an ASCII locale
    
     OK
Flavor: r-release-osx-x86_64-snowleopard

Version: 0.4.5
Check: re-building of vignette outputs
Result: NOTE
    Error in re-building vignettes:
     ...
    Loading required package: boot
    Loading required package: pastecs
    Loading required package: lattice
    
    Attaching package: 'lattice'
    
    The following object is masked from 'package:boot':
    
     melanoma
    
    Error in texi2dvi(file = file, pdf = TRUE, clean = clean, quiet = quiet, :
     Running 'texi2dvi' on 'vignette.tex' failed.
    Messages:
    sh: gs: command not found
    !!! Error: Closing Ghostscript (exit status: 127)!
    /usr/bin/texi2dvi: thumbpdf exited with bad status, quitting.
    Calls: buildVignettes -> texi2pdf -> texi2dvi
    Execution halted
Flavor: r-release-osx-x86_64-snowleopard