CRAN Package Check Results for Package caret

Last updated on 2014-07-24 15:52:16.

Flavor Version Tinstall Tcheck Ttotal Status Flags
r-devel-linux-x86_64-debian-clang 6.0-30 8.08 472.88 480.96 OK
r-devel-linux-x86_64-debian-gcc 6.0-30 7.60 461.51 469.12 OK
r-devel-linux-x86_64-fedora-clang 6.0-30 1064.47 OK
r-devel-linux-x86_64-fedora-gcc 6.0-30 1030.67 OK
r-devel-osx-x86_64-clang 6.0-30 706.36 OK
r-devel-windows-ix86+x86_64 6.0-30 22.00 731.00 753.00 OK
r-patched-linux-x86_64 6.0-30 7.60 462.46 470.06 OK
r-patched-solaris-sparc 6.0-30 1433.00 OK --no-vignettes
r-patched-solaris-x86 6.0-30 1154.00 NOTE
r-release-linux-ix86 6.0-30 8.99 635.73 644.72 OK
r-release-linux-x86_64 6.0-30 8.05 466.04 474.08 OK
r-release-osx-x86_64-mavericks 6.0-30 NOTE
r-release-osx-x86_64-snowleopard 6.0-30 OK
r-release-windows-ix86+x86_64 6.0-30 20.00 728.00 748.00 OK
r-oldrel-windows-ix86+x86_64 6.0-30 22.00 733.00 755.00 OK

Check Details

Version: 6.0-30
Check: re-building of vignette outputs
Result: NOTE
    Error in re-building vignettes:
     ...
    The following object is masked from ‘package:caret’:
    
     R2
    
    The following object is masked from ‘package:stats’:
    
     loadings
    
    Loading required package: klaR
    Loading required package: MASS
    Error in texi2dvi(file = file, pdf = TRUE, clean = clean, quiet = quiet, :
     Running 'texi2dvi' on 'caret.tex' failed.
    LaTeX errors:
    ! Undefined control sequence.
    l.137 \RestyleAlgo
     {plain}
    The control sequence at the end of the top line
    of your error message was never \def'ed. If you have
    ! Undefined control sequence.
    l.138 \DontPrintSemicolon
    
    The control sequence at the end of the top line
    of your error message was never \def'ed. If you have
    Calls: buildVignettes -> texi2pdf -> texi2dvi
    Execution halted
Flavor: r-patched-solaris-x86

Version: 6.0-30
Check: package dependencies
Result: NOTE
    Package suggested but not available for checking: ‘affy’
Flavor: r-release-osx-x86_64-mavericks

Version: 6.0-30
Check: R code for possible problems
Result: NOTE
    normalize.AffyBatch.normalize2Reference: no visible global function
     definition for ‘pmindex’
    normalize.AffyBatch.normalize2Reference: no visible global function
     definition for ‘intensity’
    normalize.AffyBatch.normalize2Reference: no visible global function
     definition for ‘intensity<-’
    normalize.AffyBatch.normalize2Reference: no visible global function
     definition for ‘mmindex’
    normalize.AffyBatch.normalize2Reference: no visible global function
     definition for ‘indexProbes’
Flavor: r-release-osx-x86_64-mavericks

Version: 6.0-30
Check: Rd cross-references
Result: NOTE
    Package unavailable to check Rd xrefs: ‘affy’
Flavor: r-release-osx-x86_64-mavericks

Version: 6.0-30
Check: re-building of vignette outputs
Result: NOTE
    Error in re-building vignettes:
     ...
    
    Attaching package: ‘pls’
    
    The following object is masked from ‘package:caret’:
    
     R2
    
    The following object is masked from ‘package:stats’:
    
     loadings
    
    Loading required package: klaR
    Loading required package: MASS
    Error in texi2dvi(file = file, pdf = TRUE, clean = clean, quiet = quiet, :
     Running 'texi2dvi' on 'caret.tex' failed.
    LaTeX errors:
    ! LaTeX Error: File `lastpage.sty' not found.
    
    Type X to quit or <RETURN> to proceed,
    or enter new name. (Default extension: sty)
    
    est/caret/vignettes/caret.tex:13: ==> Fatal error occurred, no output PDF file
     produced!
    Calls: buildVignettes -> texi2pdf -> texi2dvi
    Execution halted
Flavor: r-release-osx-x86_64-mavericks