CRAN Package Check Results for Package caret

Last updated on 2019-09-23 08:53:01 CEST.

Flavor Version Tinstall Tcheck Ttotal Status Flags
r-devel-linux-x86_64-debian-clang 6.0-84 34.44 584.51 618.95 OK
r-devel-linux-x86_64-debian-gcc 6.0-84 26.77 418.52 445.29 OK
r-devel-linux-x86_64-fedora-clang 6.0-84 663.75 NOTE
r-devel-linux-x86_64-fedora-gcc 6.0-84 658.89 OK
r-devel-windows-ix86+x86_64 6.0-84 97.00 704.00 801.00 NOTE --no-vignettes
r-patched-linux-x86_64 6.0-84 29.61 509.18 538.79 OK
r-patched-solaris-x86 6.0-84 923.40 NOTE
r-release-linux-x86_64 6.0-84 31.30 511.24 542.54 OK
r-release-windows-ix86+x86_64 6.0-84 86.00 995.00 1081.00 NOTE --no-vignettes
r-release-osx-x86_64 6.0-84 NOTE
r-oldrel-windows-ix86+x86_64 6.0-84 44.00 1006.00 1050.00 NOTE --no-vignettes
r-oldrel-osx-x86_64 6.0-84 NOTE

Check Details

Version: 6.0-84
Check: installed package size
Result: NOTE
     installed size is 6.6Mb
     sub-directories of 1Mb or more:
     R 1.1Mb
     data 1.5Mb
     models 2.4Mb
Flavors: r-devel-linux-x86_64-fedora-clang, r-patched-solaris-x86, r-release-osx-x86_64, r-oldrel-osx-x86_64

Version: 6.0-84
Flags: --no-vignettes
Check: installed package size
Result: NOTE
     installed size is 6.5Mb
     sub-directories of 1Mb or more:
     R 1.1Mb
     data 1.5Mb
     models 2.4Mb
Flavors: r-devel-windows-ix86+x86_64, r-release-windows-ix86+x86_64, r-oldrel-windows-ix86+x86_64