CRAN Package Check Results for Package caret

Last updated on 2016-05-25 14:47:25.

Flavor Version Tinstall Tcheck Ttotal Status Flags
r-devel-linux-x86_64-debian-gcc 6.0-68 6.10 112.66 118.76 OK
r-devel-linux-x86_64-fedora-clang 6.0-68 243.38 OK
r-devel-linux-x86_64-fedora-gcc 6.0-68 216.71 OK
r-devel-osx-x86_64-clang 6.0-68 259.99 OK
r-devel-windows-ix86+x86_64 6.0-68 18.00 218.00 236.00 OK --no-vignettes
r-patched-linux-x86_64 6.0-68 6.13 111.19 117.32 OK
r-patched-solaris-sparc 6.0-68 1236.60 NOTE --no-vignettes
r-patched-solaris-x86 6.0-68 273.40 NOTE
r-release-linux-x86_64 6.0-68 5.98 111.07 117.05 OK
r-release-osx-x86_64-mavericks 6.0-68 OK
r-release-windows-ix86+x86_64 6.0-68 19.00 295.00 314.00 OK --no-vignettes
r-oldrel-windows-ix86+x86_64 6.0-68 22.00 271.00 293.00 OK --no-vignettes

Check Details

Version: 6.0-68
Flags: --no-vignettes
Check: installed package size
Result: NOTE
     installed size is 5.5Mb
     sub-directories of 1Mb or more:
     data 1.8Mb
     models 2.1Mb
Flavor: r-patched-solaris-sparc

Version: 6.0-68
Check: installed package size
Result: NOTE
     installed size is 5.5Mb
     sub-directories of 1Mb or more:
     data 1.8Mb
     models 2.1Mb
Flavor: r-patched-solaris-x86