CRAN Package Check Results for Package caret

Last updated on 2016-12-08 12:47:53.

Flavor Version Tinstall Tcheck Ttotal Status Flags
r-devel-linux-x86_64-debian-clang 6.0-73 6.44 151.63 158.06 OK
r-devel-linux-x86_64-debian-gcc 6.0-73 6.62 146.94 153.55 OK
r-devel-linux-x86_64-fedora-clang 6.0-73 317.94 NOTE --no-stop-on-test-error
r-devel-linux-x86_64-fedora-gcc 6.0-73 302.60 NOTE --no-stop-on-test-error
r-devel-macos-x86_64-clang 6.0-73 232.21 NOTE --no-stop-on-test-error
r-devel-windows-ix86+x86_64 6.0-73 19.00 367.00 386.00 NOTE --no-vignettes
r-patched-linux-x86_64 6.0-73 6.46 125.26 131.72 OK
r-patched-solaris-sparc 6.0-73 1499.90 NOTE --no-vignettes
r-patched-solaris-x86 6.0-73 310.60 NOTE
r-release-linux-x86_64 6.0-73 6.90 125.83 132.73 OK
r-release-osx-x86_64-mavericks 6.0-73 NOTE
r-release-windows-ix86+x86_64 6.0-73 18.00 322.00 340.00 NOTE --no-vignettes
r-oldrel-windows-ix86+x86_64 6.0-73 31.00 249.00 280.00 NOTE --no-vignettes

Check Details

Version: 6.0-73
Flags: --no-stop-on-test-error
Check: installed package size
Result: NOTE
     installed size is 5.1Mb
     sub-directories of 1Mb or more:
     data 1.5Mb
     models 2.2Mb
Flavors: r-devel-linux-x86_64-fedora-clang, r-devel-linux-x86_64-fedora-gcc, r-devel-macos-x86_64-clang

Version: 6.0-73
Flags: --no-vignettes
Check: installed package size
Result: NOTE
     installed size is 5.0Mb
     sub-directories of 1Mb or more:
     data 1.5Mb
     models 2.2Mb
Flavors: r-devel-windows-ix86+x86_64, r-patched-solaris-sparc, r-release-windows-ix86+x86_64, r-oldrel-windows-ix86+x86_64

Version: 6.0-73
Check: installed package size
Result: NOTE
     installed size is 5.6Mb
     sub-directories of 1Mb or more:
     data 1.8Mb
     models 2.3Mb
Flavors: r-patched-solaris-x86, r-release-osx-x86_64-mavericks