CRAN Package Check Results for Package caret

Last updated on 2020-02-19 03:48:52 CET.

Flavor Version Tinstall Tcheck Ttotal Status Flags
r-devel-linux-x86_64-debian-clang 6.0-85 38.58 581.17 619.75 OK
r-devel-linux-x86_64-debian-gcc 6.0-85 32.06 448.24 480.30 OK
r-devel-linux-x86_64-fedora-clang 6.0-85 727.11 NOTE
r-devel-linux-x86_64-fedora-gcc 6.0-85 717.67 OK
r-devel-windows-ix86+x86_64 6.0-85 64.00 1133.00 1197.00 NOTE --no-vignettes
r-devel-windows-ix86+x86_64-gcc8 6.0-85 84.00 856.00 940.00 NOTE --no-vignettes
r-patched-linux-x86_64 6.0-85 30.52 519.14 549.66 OK
r-patched-solaris-x86 6.0-85 972.40 NOTE
r-release-linux-x86_64 6.0-85 33.63 523.13 556.76 OK
r-release-windows-ix86+x86_64 6.0-85 56.00 755.00 811.00 NOTE --no-vignettes
r-release-osx-x86_64 6.0-85 NOTE
r-oldrel-windows-ix86+x86_64 6.0-85 45.00 717.00 762.00 NOTE --no-vignettes
r-oldrel-osx-x86_64 6.0-85 NOTE

Check Details

Version: 6.0-85
Check: installed package size
Result: NOTE
     installed size is 6.7Mb
     sub-directories of 1Mb or more:
     R 1.1Mb
     data 1.5Mb
     models 2.4Mb
Flavors: r-devel-linux-x86_64-fedora-clang, r-patched-solaris-x86, r-release-osx-x86_64, r-oldrel-osx-x86_64

Version: 6.0-85
Flags: --no-vignettes
Check: installed package size
Result: NOTE
     installed size is 6.6Mb
     sub-directories of 1Mb or more:
     R 1.1Mb
     data 1.5Mb
     models 2.4Mb
Flavors: r-devel-windows-ix86+x86_64, r-devel-windows-ix86+x86_64-gcc8, r-release-windows-ix86+x86_64, r-oldrel-windows-ix86+x86_64