CRAN Package Check Results for Package caret

Last updated on 2018-12-13 11:47:17 CET.

Flavor Version Tinstall Tcheck Ttotal Status Flags
r-devel-linux-x86_64-debian-clang 6.0-81 26.92 274.41 301.33 OK
r-devel-linux-x86_64-debian-gcc 6.0-81 22.07 210.06 232.13 OK
r-devel-linux-x86_64-fedora-clang 6.0-81 343.21 NOTE
r-devel-linux-x86_64-fedora-gcc 6.0-81 334.96 OK
r-devel-windows-ix86+x86_64 6.0-81 56.00 326.00 382.00 NOTE --no-vignettes
r-patched-linux-x86_64 6.0-81 23.41 259.44 282.85 OK
r-patched-solaris-x86 6.0-81 457.00 NOTE
r-release-linux-x86_64 6.0-81 24.28 259.85 284.13 OK
r-release-windows-ix86+x86_64 6.0-81 62.00 454.00 516.00 NOTE --no-vignettes
r-release-osx-x86_64 6.0-81 NOTE
r-oldrel-windows-ix86+x86_64 6.0-81 24.00 491.00 515.00 NOTE --no-vignettes
r-oldrel-osx-x86_64 6.0-81 NOTE

Check Details

Version: 6.0-81
Check: installed package size
Result: NOTE
     installed size is 6.5Mb
     sub-directories of 1Mb or more:
     R 1.1Mb
     data 1.5Mb
     models 2.4Mb
Flavors: r-devel-linux-x86_64-fedora-clang, r-patched-solaris-x86, r-release-osx-x86_64, r-oldrel-osx-x86_64

Version: 6.0-81
Flags: --no-vignettes
Check: installed package size
Result: NOTE
     installed size is 6.5Mb
     sub-directories of 1Mb or more:
     R 1.1Mb
     data 1.5Mb
     models 2.4Mb
Flavors: r-devel-windows-ix86+x86_64, r-release-windows-ix86+x86_64, r-oldrel-windows-ix86+x86_64