Last updated on 2021-01-23 11:48:09 CET.
Flavor | Version | Tinstall | Tcheck | Ttotal | Status | Flags |
---|---|---|---|---|---|---|
r-devel-linux-x86_64-debian-clang | 6.0-86 | 34.97 | 595.64 | 630.61 | OK | |
r-devel-linux-x86_64-debian-gcc | 6.0-86 | 29.88 | 458.70 | 488.58 | OK | |
r-devel-linux-x86_64-fedora-clang | 6.0-86 | 738.31 | NOTE | |||
r-devel-linux-x86_64-fedora-gcc | 6.0-86 | 743.87 | OK | |||
r-devel-windows-ix86+x86_64 | 6.0-86 | 2.00 | 6.00 | 8.00 | ERROR | --no-vignettes |
r-patched-linux-x86_64 | 6.0-86 | 39.26 | 562.67 | 601.93 | OK | |
r-patched-solaris-x86 | 6.0-86 | 1014.10 | NOTE | |||
r-release-linux-x86_64 | 6.0-86 | 35.77 | 557.38 | 593.15 | OK | |
r-release-macos-x86_64 | 6.0-86 | NOTE | ||||
r-release-windows-ix86+x86_64 | 6.0-86 | 81.00 | 1069.00 | 1150.00 | NOTE | --no-vignettes |
r-oldrel-macos-x86_64 | 6.0-86 | NOTE | ||||
r-oldrel-windows-ix86+x86_64 | 6.0-86 | 53.00 | 1045.00 | 1098.00 | NOTE | --no-vignettes |
Version: 6.0-86
Check: installed package size
Result: NOTE
installed size is 6.6Mb
sub-directories of 1Mb or more:
R 1.1Mb
data 1.5Mb
models 2.4Mb
Flavors: r-devel-linux-x86_64-fedora-clang, r-patched-solaris-x86, r-release-macos-x86_64, r-oldrel-macos-x86_64
Version: 6.0-86
Flags: --no-vignettes
Check: whether package can be installed
Result: ERROR
Installation failed.
Flavor: r-devel-windows-ix86+x86_64
Version: 6.0-86
Flags: --no-vignettes
Check: installed package size
Result: NOTE
installed size is 6.6Mb
sub-directories of 1Mb or more:
R 1.1Mb
data 1.5Mb
models 2.4Mb
Flavors: r-release-windows-ix86+x86_64, r-oldrel-windows-ix86+x86_64