CRAN Package Check Results for Package caret

Last updated on 2018-06-25 18:48:54 CEST.

Flavor Version Tinstall Tcheck Ttotal Status Flags
r-devel-linux-x86_64-debian-clang 6.0-80 27.98 281.19 309.17 OK
r-devel-linux-x86_64-debian-gcc 6.0-80 26.49 234.93 261.42 OK
r-devel-linux-x86_64-fedora-clang 6.0-80 393.87 NOTE
r-devel-linux-x86_64-fedora-gcc 6.0-80 369.36 OK
r-devel-windows-ix86+x86_64 6.0-80 47.00 403.00 450.00 NOTE --no-vignettes
r-patched-linux-x86_64 6.0-80 24.63 273.76 298.39 OK
r-patched-solaris-x86 6.0-80 466.70 NOTE
r-release-linux-x86_64 6.0-80 29.74 271.77 301.51 OK
r-release-windows-ix86+x86_64 6.0-80 71.00 475.00 546.00 NOTE --no-vignettes
r-release-osx-x86_64 6.0-80 NOTE
r-oldrel-windows-ix86+x86_64 6.0-80 25.00 508.00 533.00 NOTE --no-vignettes
r-oldrel-osx-x86_64 6.0-80 NOTE

Check Details

Version: 6.0-80
Check: installed package size
Result: NOTE
     installed size is 6.5Mb
     sub-directories of 1Mb or more:
     R 1.1Mb
     data 1.5Mb
     models 2.4Mb
Flavors: r-devel-linux-x86_64-fedora-clang, r-patched-solaris-x86, r-release-osx-x86_64, r-oldrel-osx-x86_64

Version: 6.0-80
Flags: --no-vignettes
Check: installed package size
Result: NOTE
     installed size is 6.4Mb
     sub-directories of 1Mb or more:
     R 1.1Mb
     data 1.5Mb
     models 2.4Mb
Flavors: r-devel-windows-ix86+x86_64, r-release-windows-ix86+x86_64, r-oldrel-windows-ix86+x86_64