CRAN Package Check Results for Package caret

Last updated on 2017-11-20 21:48:56 CET.

Flavor Version Tinstall Tcheck Ttotal Status Flags
r-devel-linux-x86_64-debian-clang 6.0-77 7.90 175.48 183.38 OK
r-devel-linux-x86_64-debian-gcc 6.0-77 9.55 382.47 392.02 OK
r-devel-linux-x86_64-fedora-clang 6.0-77 321.97 NOTE
r-devel-linux-x86_64-fedora-gcc 6.0-77 392.08 NOTE
r-devel-windows-ix86+x86_64 6.0-77 23.00 354.00 377.00 NOTE --no-vignettes
r-patched-linux-x86_64 6.0-77 7.63 178.17 185.80 OK
r-patched-solaris-x86 6.0-77 447.50 NOTE
r-release-linux-x86_64 6.0-77 7.99 182.17 190.16 OK
r-release-windows-ix86+x86_64 6.0-77 24.00 473.00 497.00 NOTE --no-vignettes
r-release-osx-x86_64 6.0-77 NOTE
r-oldrel-windows-ix86+x86_64 6.0-77 23.00 400.00 423.00 NOTE --no-vignettes
r-oldrel-osx-x86_64 6.0-77 NOTE

Check Details

Version: 6.0-77
Check: installed package size
Result: NOTE
     installed size is 5.3Mb
     sub-directories of 1Mb or more:
     data 1.5Mb
     models 2.4Mb
Flavors: r-devel-linux-x86_64-fedora-clang, r-devel-linux-x86_64-fedora-gcc, r-patched-solaris-x86, r-release-osx-x86_64, r-oldrel-osx-x86_64

Version: 6.0-77
Flags: --no-vignettes
Check: installed package size
Result: NOTE
     installed size is 5.2Mb
     sub-directories of 1Mb or more:
     data 1.5Mb
     models 2.4Mb
Flavors: r-devel-windows-ix86+x86_64, r-release-windows-ix86+x86_64, r-oldrel-windows-ix86+x86_64