CRAN Package Check Results for Package caret

Last updated on 2020-07-12 04:46:47 CEST.

Flavor Version Tinstall Tcheck Ttotal Status Flags
r-devel-linux-x86_64-debian-clang 6.0-86 38.61 584.23 622.84 OK
r-devel-linux-x86_64-debian-gcc 6.0-86 31.04 452.12 483.16 OK
r-devel-linux-x86_64-fedora-clang 6.0-86 736.89 NOTE
r-devel-linux-x86_64-fedora-gcc 6.0-86 727.94 OK
r-devel-windows-ix86+x86_64 6.0-86 64.00 1114.00 1178.00 NOTE --no-vignettes
r-patched-linux-x86_64 6.0-86 34.19 572.25 606.44 OK
r-patched-solaris-x86 6.0-86 1011.20 NOTE
r-release-linux-x86_64 6.0-86 39.07 570.91 609.98 OK
r-release-macos-x86_64 6.0-86 NOTE
r-release-windows-ix86+x86_64 6.0-86 83.00 835.00 918.00 NOTE --no-vignettes
r-oldrel-macos-x86_64 6.0-86 NOTE
r-oldrel-windows-ix86+x86_64 6.0-86 56.00 1113.00 1169.00 NOTE --no-vignettes

Check Details

Version: 6.0-86
Check: installed package size
Result: NOTE
     installed size is 6.6Mb
     sub-directories of 1Mb or more:
     R 1.1Mb
     data 1.5Mb
     models 2.4Mb
Flavors: r-devel-linux-x86_64-fedora-clang, r-patched-solaris-x86, r-release-macos-x86_64, r-oldrel-macos-x86_64

Version: 6.0-86
Flags: --no-vignettes
Check: installed package size
Result: NOTE
     installed size is 6.6Mb
     sub-directories of 1Mb or more:
     R 1.1Mb
     data 1.5Mb
     models 2.4Mb
Flavors: r-devel-windows-ix86+x86_64, r-release-windows-ix86+x86_64, r-oldrel-windows-ix86+x86_64