CRAN Package Check Results for Package caret

Last updated on 2021-04-22 03:49:36 CEST.

Flavor Version Tinstall Tcheck Ttotal Status Flags
r-devel-linux-x86_64-debian-clang 6.0-86 40.28 608.91 649.19 OK
r-devel-linux-x86_64-debian-gcc 6.0-86 32.59 468.06 500.65 OK
r-devel-linux-x86_64-fedora-clang 6.0-86 784.52 NOTE
r-devel-linux-x86_64-fedora-gcc 6.0-86 749.24 OK
r-devel-windows-ix86+x86_64 6.0-86 72.00 1081.00 1153.00 NOTE --no-vignettes
r-devel-windows-x86_64-gcc10-UCRT 6.0-86 OK
r-patched-linux-x86_64 6.0-86 51.41 564.05 615.46 WARN
r-patched-solaris-x86 6.0-86 1052.90 NOTE
r-release-linux-x86_64 6.0-86 40.47 567.79 608.26 OK
r-release-macos-x86_64 6.0-86 NOTE
r-release-windows-ix86+x86_64 6.0-86 72.00 1099.00 1171.00 NOTE --no-vignettes
r-oldrel-macos-x86_64 6.0-86 NOTE
r-oldrel-windows-ix86+x86_64 6.0-86 68.00 1044.00 1112.00 NOTE --no-vignettes

Check Details

Version: 6.0-86
Check: installed package size
Result: NOTE
     installed size is 6.6Mb
     sub-directories of 1Mb or more:
     R 1.1Mb
     data 1.5Mb
     models 2.4Mb
Flavors: r-devel-linux-x86_64-fedora-clang, r-patched-solaris-x86, r-release-macos-x86_64, r-oldrel-macos-x86_64

Version: 6.0-86
Flags: --no-vignettes
Check: installed package size
Result: NOTE
     installed size is 6.6Mb
     sub-directories of 1Mb or more:
     R 1.1Mb
     data 1.5Mb
     models 2.4Mb
Flavors: r-devel-windows-ix86+x86_64, r-release-windows-ix86+x86_64, r-oldrel-windows-ix86+x86_64

Version: 6.0-86
Check: whether package can be installed
Result: WARN
    Found the following significant warnings:
     Rd warning: /tmp/RtmpNniRrV/R.INSTALL59e60583b7b/caret/man/caretSBF.Rd:47: file link ‘summary.Gam’ in package ‘gam’ does not exist and so has been treated as a topic
     Rd warning: /tmp/RtmpNniRrV/R.INSTALL59e60583b7b/caret/man/caretSBF.Rd:54: file link ‘summary.Gam’ in package ‘gam’ does not exist and so has been treated as a topic
     Rd warning: /tmp/RtmpNniRrV/R.INSTALL59e60583b7b/caret/man/dotplot.diff.resamples.Rd:23: file link ‘dotplot’ in package ‘lattice’ does not exist and so has been treated as a topic
     Rd warning: /tmp/RtmpNniRrV/R.INSTALL59e60583b7b/caret/man/dotplot.diff.resamples.Rd:66: file link ‘bwplot’ in package ‘lattice’ does not exist and so has been treated as a topic
     Rd warning: /tmp/RtmpNniRrV/R.INSTALL59e60583b7b/caret/man/dummyVars.Rd:83: file link ‘contr.treatment’ in package ‘stats’ does not exist and so has been treated as a topic
     Rd warning: /tmp/RtmpNniRrV/R.INSTALL59e60583b7b/caret/man/dummyVars.Rd:86: file link ‘contr.treatment’ in package ‘stats’ does not exist and so has been treated as a topic
     Rd warning: /tmp/RtmpNniRrV/R.INSTALL59e60583b7b/caret/man/dummyVars.Rd:173: file link ‘contr.treatment’ in package ‘stats’ does not exist and so has been treated as a topic
     Rd warning: /tmp/RtmpNniRrV/R.INSTALL59e60583b7b/caret/man/findLinearCombos.Rd:28: file link ‘trim.matrix’ in package ‘subselect’ does not exist and so has been treated as a topic
     Rd warning: /tmp/RtmpNniRrV/R.INSTALL59e60583b7b/caret/man/findLinearCombos.Rd:57: file link ‘trim.matrix’ in package ‘subselect’ does not exist and so has been treated as a topic
     Rd warning: /tmp/RtmpNniRrV/R.INSTALL59e60583b7b/caret/man/modelLookup.Rd:26: file link ‘grepl’ in package ‘base’ does not exist and so has been treated as a topic
     Rd warning: /tmp/RtmpNniRrV/R.INSTALL59e60583b7b/caret/man/modelLookup.Rd:78: file link ‘grepl’ in package ‘base’ does not exist and so has been treated as a topic
     Rd warning: /tmp/RtmpNniRrV/R.INSTALL59e60583b7b/caret/man/plotClassProbs.Rd:23: file link ‘densityplot’ in package ‘lattice’ does not exist and so has been treated as a topic
     Rd warning: /tmp/RtmpNniRrV/R.INSTALL59e60583b7b/caret/man/xyplot.resamples.Rd:162: file link ‘bwplot’ in package ‘lattice’ does not exist and so has been treated as a topic
Flavor: r-patched-linux-x86_64