CRAN Package Check Results for Package caret

Last updated on 2016-09-28 08:57:32.

Flavor Version Tinstall Tcheck Ttotal Status Flags
r-devel-linux-x86_64-debian-clang 6.0-71 6.75 120.26 127.01 OK
r-devel-linux-x86_64-debian-gcc 6.0-71 5.81 114.35 120.16 OK
r-devel-linux-x86_64-fedora-clang 6.0-71 231.73 OK
r-devel-linux-x86_64-fedora-gcc 6.0-71 218.68 OK
r-devel-macos-x86_64-clang 6.0-71 177.08 OK
r-devel-windows-ix86+x86_64 6.0-71 32.00 257.00 289.00 OK --no-vignettes
r-patched-linux-x86_64 6.0-71 10.77 114.44 125.21 OK
r-patched-solaris-sparc 6.0-71 1212.60 NOTE --no-vignettes
r-patched-solaris-x86 6.0-71 273.80 NOTE
r-release-linux-x86_64 6.0-71 6.33 115.15 121.48 OK
r-release-osx-x86_64-mavericks 6.0-71 OK
r-release-windows-ix86+x86_64 6.0-71 28.00 195.00 223.00 OK --no-vignettes
r-oldrel-windows-ix86+x86_64 6.0-71 38.00 265.00 303.00 OK --no-vignettes

Check Details

Version: 6.0-71
Flags: --no-vignettes
Check: installed package size
Result: NOTE
     installed size is 5.6Mb
     sub-directories of 1Mb or more:
     data 1.8Mb
     models 2.3Mb
Flavor: r-patched-solaris-sparc

Version: 6.0-71
Check: installed package size
Result: NOTE
     installed size is 5.6Mb
     sub-directories of 1Mb or more:
     data 1.8Mb
     models 2.3Mb
Flavor: r-patched-solaris-x86