CRAN Package Check Results for Package caret

Last updated on 2014-09-23 12:46:52.

Flavor Version Tinstall Tcheck Ttotal Status Flags
r-devel-linux-x86_64-debian-clang 6.0-35 7.53 428.51 436.04 OK
r-devel-linux-x86_64-debian-gcc 6.0-35 7.44 433.17 440.61 OK
r-devel-linux-x86_64-fedora-clang 6.0-35 986.64 OK
r-devel-linux-x86_64-fedora-gcc 6.0-35 940.52 OK
r-devel-osx-x86_64-clang 6.0-35 653.85 OK
r-devel-windows-ix86+x86_64 6.0-35 23.00 637.00 660.00 OK
r-patched-linux-x86_64 6.0-35 7.89 462.22 470.11 OK
r-patched-solaris-sparc 6.0-35 1263.50 OK --no-vignettes
r-patched-solaris-x86 6.0-35 1129.10 NOTE
r-release-linux-ix86 6.0-35 9.12 633.09 642.21 OK
r-release-linux-x86_64 6.0-35 7.62 459.12 466.74 OK
r-release-osx-x86_64-mavericks 6.0-35 NOTE
r-release-osx-x86_64-snowleopard 6.0-35 OK
r-release-windows-ix86+x86_64 6.0-35 22.00 725.00 747.00 OK
r-oldrel-windows-ix86+x86_64 6.0-35 22.00 691.00 713.00 OK

Check Details

Version: 6.0-35
Check: re-building of vignette outputs
Result: NOTE
    Error in re-building vignettes:
     ...
    The following object is masked from ‘package:caret’:
    
     R2
    
    The following object is masked from ‘package:stats’:
    
     loadings
    
    Loading required package: klaR
    Loading required package: MASS
    Error in texi2dvi(file = file, pdf = TRUE, clean = clean, quiet = quiet, :
     Running 'texi2dvi' on 'caret.tex' failed.
    LaTeX errors:
    ! Undefined control sequence.
    l.137 \RestyleAlgo
     {plain}
    The control sequence at the end of the top line
    of your error message was never \def'ed. If you have
    ! Undefined control sequence.
    l.138 \DontPrintSemicolon
    
    The control sequence at the end of the top line
    of your error message was never \def'ed. If you have
    Calls: buildVignettes -> texi2pdf -> texi2dvi
    Execution halted
Flavor: r-patched-solaris-x86

Version: 6.0-35
Check: re-building of vignette outputs
Result: NOTE
    Error in re-building vignettes:
     ...
    
    Attaching package: ‘pls’
    
    The following object is masked from ‘package:caret’:
    
     R2
    
    The following object is masked from ‘package:stats’:
    
     loadings
    
    Loading required package: klaR
    Loading required package: MASS
    Error in texi2dvi(file = file, pdf = TRUE, clean = clean, quiet = quiet, :
     Running 'texi2dvi' on 'caret.tex' failed.
    LaTeX errors:
    ! LaTeX Error: File `lastpage.sty' not found.
    
    Type X to quit or <RETURN> to proceed,
    or enter new name. (Default extension: sty)
    
    est/caret/vignettes/caret.tex:13: ==> Fatal error occurred, no output PDF file
     produced!
    Calls: buildVignettes -> texi2pdf -> texi2dvi
    Execution halted
Flavor: r-release-osx-x86_64-mavericks