CRAN Package Check Results for Package caret

Last updated on 2020-09-27 14:48:05 CEST.

Flavor Version Tinstall Tcheck Ttotal Status Flags
r-devel-linux-x86_64-debian-clang 6.0-86 38.64 596.74 635.38 NOTE
r-devel-linux-x86_64-debian-gcc 6.0-86 30.75 463.52 494.27 NOTE
r-devel-linux-x86_64-fedora-clang 6.0-86 758.59 NOTE
r-devel-linux-x86_64-fedora-gcc 6.0-86 763.86 NOTE
r-devel-windows-ix86+x86_64 6.0-86 76.00 947.00 1023.00 NOTE --no-vignettes
r-patched-linux-x86_64 6.0-86 35.51 574.24 609.75 NOTE
r-patched-solaris-x86 6.0-86 1029.00 NOTE
r-release-linux-x86_64 6.0-86 36.33 577.01 613.34 NOTE
r-release-macos-x86_64 6.0-86 NOTE
r-release-windows-ix86+x86_64 6.0-86 64.00 1071.00 1135.00 NOTE --no-vignettes
r-oldrel-macos-x86_64 6.0-86 NOTE
r-oldrel-windows-ix86+x86_64 6.0-86 65.00 1045.00 1110.00 NOTE --no-vignettes

Check Details

Version: 6.0-86
Check: package dependencies
Result: NOTE
    Package suggested but not available for checking: 'superpc'
Flavors: r-devel-linux-x86_64-debian-clang, r-devel-linux-x86_64-debian-gcc, r-devel-linux-x86_64-fedora-clang, r-devel-linux-x86_64-fedora-gcc, r-patched-linux-x86_64, r-patched-solaris-x86, r-release-linux-x86_64

Version: 6.0-86
Check: Rd cross-references
Result: NOTE
    Unknown package 'superpc' in Rd xrefs
Flavors: r-devel-linux-x86_64-debian-clang, r-devel-linux-x86_64-debian-gcc, r-devel-linux-x86_64-fedora-clang, r-devel-linux-x86_64-fedora-gcc, r-patched-linux-x86_64, r-patched-solaris-x86, r-release-linux-x86_64

Version: 6.0-86
Check: installed package size
Result: NOTE
     installed size is 6.6Mb
     sub-directories of 1Mb or more:
     R 1.1Mb
     data 1.5Mb
     models 2.4Mb
Flavors: r-devel-linux-x86_64-fedora-clang, r-patched-solaris-x86, r-release-macos-x86_64, r-oldrel-macos-x86_64

Version: 6.0-86
Flags: --no-vignettes
Check: package dependencies
Result: NOTE
    Package suggested but not available for checking: 'BradleyTerry2'
Flavor: r-devel-windows-ix86+x86_64

Version: 6.0-86
Flags: --no-vignettes
Check: installed package size
Result: NOTE
     installed size is 6.6Mb
     sub-directories of 1Mb or more:
     R 1.1Mb
     data 1.5Mb
     models 2.4Mb
Flavors: r-devel-windows-ix86+x86_64, r-release-windows-ix86+x86_64, r-oldrel-windows-ix86+x86_64