CRAN Package Check Results for Package caret

Last updated on 2014-11-26 19:49:30.

Flavor Version Tinstall Tcheck Ttotal Status Flags
r-devel-linux-x86_64-debian-clang 6.0-37 7.70 433.36 441.06 OK
r-devel-linux-x86_64-debian-gcc 6.0-37 7.18 437.60 444.79 OK
r-devel-linux-x86_64-fedora-clang 6.0-37 959.62 OK
r-devel-linux-x86_64-fedora-gcc 6.0-37 1006.23 OK
r-devel-osx-x86_64-clang 6.0-37 694.74 OK
r-devel-windows-ix86+x86_64 6.0-37 21.00 625.00 646.00 OK
r-patched-linux-x86_64 6.0-37 7.59 453.85 461.44 OK
r-patched-solaris-sparc 6.0-37 1288.50 OK --no-vignettes
r-patched-solaris-x86 6.0-37 1164.70 NOTE
r-release-linux-ix86 6.0-37 8.85 592.89 601.74 OK
r-release-linux-x86_64 6.0-37 8.03 487.84 495.87 OK
r-release-osx-x86_64-mavericks 6.0-37 NOTE
r-release-osx-x86_64-snowleopard 6.0-37 OK
r-release-windows-ix86+x86_64 6.0-37 21.00 709.00 730.00 OK
r-oldrel-windows-ix86+x86_64 6.0-37 19.00 730.00 749.00 OK

Check Details

Version: 6.0-37
Check: re-building of vignette outputs
Result: NOTE
    Error in re-building vignettes:
     ...
    The following object is masked from ‘package:caret’:
    
     R2
    
    The following object is masked from ‘package:stats’:
    
     loadings
    
    Loading required package: klaR
    Loading required package: MASS
    Error in texi2dvi(file = file, pdf = TRUE, clean = clean, quiet = quiet, :
     Running 'texi2dvi' on 'caret.tex' failed.
    LaTeX errors:
    ! Undefined control sequence.
    l.137 \RestyleAlgo
     {plain}
    The control sequence at the end of the top line
    of your error message was never \def'ed. If you have
    ! Undefined control sequence.
    l.138 \DontPrintSemicolon
    
    The control sequence at the end of the top line
    of your error message was never \def'ed. If you have
    Calls: buildVignettes -> texi2pdf -> texi2dvi
    Execution halted
Flavor: r-patched-solaris-x86

Version: 6.0-37
Check: re-building of vignette outputs
Result: NOTE
    Error in re-building vignettes:
     ...
    
    Attaching package: ‘pls’
    
    The following object is masked from ‘package:caret’:
    
     R2
    
    The following object is masked from ‘package:stats’:
    
     loadings
    
    Loading required package: klaR
    Loading required package: MASS
    Error in texi2dvi(file = file, pdf = TRUE, clean = clean, quiet = quiet, :
     Running 'texi2dvi' on 'caret.tex' failed.
    LaTeX errors:
    ! LaTeX Error: File `lastpage.sty' not found.
    
    Type X to quit or <RETURN> to proceed,
    or enter new name. (Default extension: sty)
    
    est/caret/vignettes/caret.tex:13: ==> Fatal error occurred, no output PDF file
     produced!
    Calls: buildVignettes -> texi2pdf -> texi2dvi
    Execution halted
Flavor: r-release-osx-x86_64-mavericks