CRAN Package Check Results for Package caret

Last updated on 2019-05-24 12:51:38 CEST.

Flavor Version Tinstall Tcheck Ttotal Status Flags
r-devel-linux-x86_64-debian-clang 6.0-84 34.32 578.61 612.93 OK
r-devel-linux-x86_64-debian-gcc 6.0-84 26.28 416.60 442.88 OK
r-devel-linux-x86_64-fedora-clang 6.0-84 664.37 NOTE
r-devel-linux-x86_64-fedora-gcc 6.0-84 631.20 OK
r-devel-windows-ix86+x86_64 6.0-84 56.00 996.00 1052.00 NOTE --no-vignettes
r-patched-linux-x86_64 6.0-84 31.84 513.75 545.59 OK
r-patched-solaris-x86 6.0-84 981.90 NOTE
r-release-linux-x86_64 6.0-84 31.96 511.27 543.23 OK
r-release-windows-ix86+x86_64 6.0-84 82.00 796.00 878.00 NOTE --no-vignettes
r-release-osx-x86_64 6.0-84 NOTE
r-oldrel-windows-ix86+x86_64 6.0-84 56.00 714.00 770.00 NOTE --no-vignettes
r-oldrel-osx-x86_64 6.0-84 NOTE

Check Details

Version: 6.0-84
Check: installed package size
Result: NOTE
     installed size is 6.6Mb
     sub-directories of 1Mb or more:
     R 1.1Mb
     data 1.5Mb
     models 2.4Mb
Flavors: r-devel-linux-x86_64-fedora-clang, r-patched-solaris-x86, r-release-osx-x86_64, r-oldrel-osx-x86_64

Version: 6.0-84
Flags: --no-vignettes
Check: installed package size
Result: NOTE
     installed size is 6.5Mb
     sub-directories of 1Mb or more:
     R 1.1Mb
     data 1.5Mb
     models 2.4Mb
Flavors: r-devel-windows-ix86+x86_64, r-release-windows-ix86+x86_64, r-oldrel-windows-ix86+x86_64