CRAN Package Check Results for Package caret

Last updated on 2018-10-24 04:49:53 CEST.

Flavor Version Tinstall Tcheck Ttotal Status Flags
r-devel-linux-x86_64-debian-clang 6.0-80 26.96 308.07 335.03 OK
r-devel-linux-x86_64-debian-gcc 6.0-80 22.90 236.22 259.12 OK
r-devel-linux-x86_64-fedora-clang 6.0-80 396.50 NOTE
r-devel-linux-x86_64-fedora-gcc 6.0-80 389.36 OK
r-devel-windows-ix86+x86_64 6.0-80 71.00 528.00 599.00 NOTE --no-vignettes
r-patched-linux-x86_64 6.0-80 28.40 272.53 300.93 OK
r-patched-solaris-x86 6.0-80 481.90 NOTE
r-release-linux-x86_64 6.0-80 28.01 277.11 305.12 OK
r-release-windows-ix86+x86_64 6.0-80 64.00 337.00 401.00 NOTE --no-vignettes
r-release-osx-x86_64 6.0-80 NOTE
r-oldrel-windows-ix86+x86_64 6.0-80 28.00 596.00 624.00 NOTE --no-vignettes
r-oldrel-osx-x86_64 6.0-80 NOTE

Check Details

Version: 6.0-80
Check: installed package size
Result: NOTE
     installed size is 6.5Mb
     sub-directories of 1Mb or more:
     R 1.1Mb
     data 1.5Mb
     models 2.4Mb
Flavors: r-devel-linux-x86_64-fedora-clang, r-patched-solaris-x86, r-release-osx-x86_64, r-oldrel-osx-x86_64

Version: 6.0-80
Flags: --no-vignettes
Check: installed package size
Result: NOTE
     installed size is 6.4Mb
     sub-directories of 1Mb or more:
     R 1.1Mb
     data 1.5Mb
     models 2.4Mb
Flavors: r-devel-windows-ix86+x86_64, r-release-windows-ix86+x86_64, r-oldrel-windows-ix86+x86_64