CRAN Package Check Results for Package caret

Last updated on 2017-01-17 06:47:59.

Flavor Version Tinstall Tcheck Ttotal Status Flags
r-devel-linux-x86_64-debian-clang 6.0-73 7.44 148.98 156.42 OK
r-devel-linux-x86_64-debian-gcc 6.0-73 6.49 139.64 146.13 OK
r-devel-linux-x86_64-fedora-clang 6.0-73 295.86 NOTE --no-stop-on-test-error
r-devel-linux-x86_64-fedora-gcc 6.0-73 288.18 NOTE --no-stop-on-test-error
r-devel-macos-x86_64-clang 6.0-73 227.03 NOTE --no-stop-on-test-error
r-devel-windows-ix86+x86_64 6.0-73 28.00 278.00 306.00 NOTE --no-vignettes
r-patched-linux-x86_64 6.0-73 6.89 124.15 131.04 OK
r-patched-solaris-sparc 6.0-73 1505.50 NOTE --no-vignettes
r-patched-solaris-x86 6.0-73 311.10 NOTE
r-release-linux-x86_64 6.0-73 6.33 125.37 131.70 OK
r-release-osx-x86_64-mavericks 6.0-73 NOTE
r-release-windows-ix86+x86_64 6.0-73 26.00 324.00 350.00 NOTE --no-vignettes
r-oldrel-windows-ix86+x86_64 6.0-73 23.00 353.00 376.00 NOTE --no-vignettes

Check Details

Version: 6.0-73
Flags: --no-stop-on-test-error
Check: installed package size
Result: NOTE
     installed size is 5.1Mb
     sub-directories of 1Mb or more:
     data 1.5Mb
     models 2.2Mb
Flavors: r-devel-linux-x86_64-fedora-clang, r-devel-linux-x86_64-fedora-gcc, r-devel-macos-x86_64-clang

Version: 6.0-73
Flags: --no-stop-on-test-error
Check: compiled code
Result: NOTE
    File ‘caret/libs/caret.so’:
     Found no call to: ‘R_useDynamicSymbols’
    
    It is good practice to use registered native symbols and disable symbol
    search.
    
    See ‘Writing portable packages’ in the ‘Writing R Extensions’ manual.
Flavor: r-devel-linux-x86_64-fedora-gcc

Version: 6.0-73
Flags: --no-vignettes
Check: installed package size
Result: NOTE
     installed size is 5.0Mb
     sub-directories of 1Mb or more:
     data 1.5Mb
     models 2.2Mb
Flavors: r-devel-windows-ix86+x86_64, r-patched-solaris-sparc, r-release-windows-ix86+x86_64, r-oldrel-windows-ix86+x86_64

Version: 6.0-73
Check: installed package size
Result: NOTE
     installed size is 5.6Mb
     sub-directories of 1Mb or more:
     data 1.8Mb
     models 2.3Mb
Flavors: r-patched-solaris-x86, r-release-osx-x86_64-mavericks