CRAN Package Check Results for Package caret

Last updated on 2016-02-07 03:50:30.

Flavor Version Tinstall Tcheck Ttotal Status Flags
r-devel-linux-x86_64-debian-gcc 6.0-64 6.46 258.34 264.80 OK
r-devel-linux-x86_64-fedora-clang 6.0-64 516.27 OK
r-devel-linux-x86_64-fedora-gcc 6.0-64 495.11 OK
r-devel-osx-x86_64-clang 6.0-64 514.35 OK
r-devel-windows-ix86+x86_64 6.0-64 19.00 250.00 269.00 OK --no-vignettes
r-patched-linux-x86_64 6.0-64 6.42 413.73 420.16 OK
r-patched-solaris-sparc 6.0-64 1251.90 NOTE --no-vignettes
r-patched-solaris-x86 6.0-64 961.50 NOTE
r-release-linux-x86_64 6.0-64 7.02 424.55 431.57 OK
r-release-osx-x86_64-mavericks 6.0-64 OK
r-release-windows-ix86+x86_64 6.0-64 23.00 275.00 298.00 OK --no-vignettes
r-oldrel-windows-ix86+x86_64 6.0-64 14.00 4.00 18.00 ERROR --no-vignettes

Check Details

Version: 6.0-64
Flags: --no-vignettes
Check: installed package size
Result: NOTE
     installed size is 5.3Mb
     sub-directories of 1Mb or more:
     data 1.8Mb
     models 2.0Mb
Flavor: r-patched-solaris-sparc

Version: 6.0-64
Check: installed package size
Result: NOTE
     installed size is 5.3Mb
     sub-directories of 1Mb or more:
     data 1.8Mb
     models 2.0Mb
Flavor: r-patched-solaris-x86

Version: 6.0-64
Flags: --no-vignettes
Check: whether package can be installed
Result: ERROR
    Installation failed.
Flavor: r-oldrel-windows-ix86+x86_64