CRAN Package Check Results for Package caret

Last updated on 2017-09-19 23:47:41.

Flavor Version Tinstall Tcheck Ttotal Status Flags
r-devel-linux-x86_64-debian-clang 6.0-77 8.48 187.53 196.01 OK
r-devel-linux-x86_64-debian-gcc 6.0-77 7.43 176.76 184.19 OK
r-devel-linux-x86_64-fedora-clang 6.0-77 364.44 NOTE
r-devel-linux-x86_64-fedora-gcc 6.0-77 370.90 NOTE
r-devel-windows-ix86+x86_64 6.0-77 24.00 498.00 522.00 NOTE --no-vignettes
r-patched-linux-x86_64 6.0-77 7.95 187.25 195.20 OK
r-patched-solaris-x86 6.0-77 441.40 NOTE
r-release-linux-x86_64 6.0-77 8.17 185.64 193.81 OK
r-release-windows-ix86+x86_64 6.0-77 25.00 371.00 396.00 NOTE --no-vignettes
r-release-osx-x86_64 6.0-77 NOTE
r-oldrel-windows-ix86+x86_64 6.0-77 20.00 298.00 318.00 NOTE --no-vignettes
r-oldrel-osx-x86_64 6.0-77 NOTE

Check Details

Version: 6.0-77
Check: installed package size
Result: NOTE
     installed size is 5.3Mb
     sub-directories of 1Mb or more:
     data 1.5Mb
     models 2.4Mb
Flavors: r-devel-linux-x86_64-fedora-clang, r-devel-linux-x86_64-fedora-gcc, r-patched-solaris-x86, r-release-osx-x86_64, r-oldrel-osx-x86_64

Version: 6.0-77
Flags: --no-vignettes
Check: installed package size
Result: NOTE
     installed size is 5.2Mb
     sub-directories of 1Mb or more:
     data 1.5Mb
     models 2.4Mb
Flavors: r-devel-windows-ix86+x86_64, r-release-windows-ix86+x86_64, r-oldrel-windows-ix86+x86_64