CRAN Package Check Results for Package caret

Last updated on 2018-01-16 21:50:49 CET.

Flavor Version Tinstall Tcheck Ttotal Status Flags
r-devel-linux-x86_64-debian-clang 6.0-78 11.80 305.46 317.26 OK
r-devel-linux-x86_64-debian-gcc 6.0-78 9.36 229.22 238.58 OK
r-devel-linux-x86_64-fedora-clang 6.0-78 339.03 NOTE
r-devel-linux-x86_64-fedora-gcc 6.0-78 358.48 NOTE
r-devel-windows-ix86+x86_64 6.0-78 27.00 333.00 360.00 NOTE --no-vignettes
r-patched-linux-x86_64 6.0-78 11.06 304.75 315.81 OK
r-patched-solaris-x86 6.0-78 471.20 NOTE
r-release-linux-x86_64 6.0-78 10.97 301.50 312.47 OK
r-release-windows-ix86+x86_64 6.0-78 31.00 9.00 40.00 ERROR --no-vignettes
r-release-osx-x86_64 6.0-78 NOTE
r-oldrel-windows-ix86+x86_64 6.0-78 42.00 472.00 514.00 NOTE --no-vignettes
r-oldrel-osx-x86_64 6.0-78 NOTE

Check Details

Version: 6.0-78
Check: installed package size
Result: NOTE
     installed size is 5.3Mb
     sub-directories of 1Mb or more:
     data 1.5Mb
     models 2.4Mb
Flavors: r-devel-linux-x86_64-fedora-clang, r-devel-linux-x86_64-fedora-gcc, r-patched-solaris-x86, r-release-osx-x86_64, r-oldrel-osx-x86_64

Version: 6.0-78
Flags: --no-vignettes
Check: installed package size
Result: NOTE
     installed size is 5.3Mb
     sub-directories of 1Mb or more:
     data 1.5Mb
     models 2.4Mb
Flavors: r-devel-windows-ix86+x86_64, r-oldrel-windows-ix86+x86_64

Version: 6.0-78
Flags: --no-vignettes
Check: whether package can be installed
Result: ERROR
    Installation failed.
Flavor: r-release-windows-ix86+x86_64