CRAN Package Check Results for Package caret

Last updated on 2020-04-05 02:50:25 CEST.

Flavor Version Tinstall Tcheck Ttotal Status Flags
r-devel-linux-x86_64-debian-clang 6.0-86 41.88 576.88 618.76 OK
r-devel-linux-x86_64-debian-gcc 6.0-86 31.09 449.49 480.58 OK
r-devel-linux-x86_64-fedora-clang 6.0-86 704.16 NOTE
r-devel-linux-x86_64-fedora-gcc 6.0-86 711.11 OK
r-devel-windows-ix86+x86_64 6.0-86 91.00 996.00 1087.00 NOTE --no-vignettes
r-devel-windows-ix86+x86_64-gcc8 6.0-86 56.00 767.00 823.00 NOTE --no-vignettes
r-patched-linux-x86_64 6.0-86 36.18 550.82 587.00 OK
r-patched-solaris-x86 6.0-86 1008.20 NOTE
r-release-linux-x86_64 6.0-86 33.86 525.67 559.53 OK
r-release-windows-ix86+x86_64 6.0-86 53.00 1118.00 1171.00 NOTE --no-vignettes
r-release-osx-x86_64 6.0-86 NOTE
r-oldrel-windows-ix86+x86_64 6.0-86 43.00 770.00 813.00 NOTE --no-vignettes
r-oldrel-osx-x86_64 6.0-86 NOTE

Check Details

Version: 6.0-86
Check: installed package size
Result: NOTE
     installed size is 6.6Mb
     sub-directories of 1Mb or more:
     R 1.1Mb
     data 1.5Mb
     models 2.4Mb
Flavors: r-devel-linux-x86_64-fedora-clang, r-patched-solaris-x86, r-release-osx-x86_64, r-oldrel-osx-x86_64

Version: 6.0-86
Flags: --no-vignettes
Check: installed package size
Result: NOTE
     installed size is 6.6Mb
     sub-directories of 1Mb or more:
     R 1.1Mb
     data 1.5Mb
     models 2.4Mb
Flavors: r-devel-windows-ix86+x86_64, r-devel-windows-ix86+x86_64-gcc8, r-release-windows-ix86+x86_64, r-oldrel-windows-ix86+x86_64