CRAN Package Check Results for Package caroline

Last updated on 2014-04-19 11:48:47.

Flavor Version Tinstall Tcheck Ttotal Status Flags
r-devel-linux-x86_64-debian-clang 0.7.6 0.83 15.86 16.69 OK
r-devel-linux-x86_64-debian-gcc 0.7.6 0.82 16.47 17.28 OK
r-devel-linux-x86_64-fedora-clang 0.7.6 32.83 OK
r-devel-linux-x86_64-fedora-gcc 0.7.6 30.90 OK
r-devel-macosx-x86_64-clang 0.7.6 29.76 OK
r-devel-macosx-x86_64-gcc 0.7.6 NOTE
r-devel-windows-ix86+x86_64 0.7.6 2.00 32.00 34.00 OK
r-patched-linux-x86_64 0.7.6 0.82 16.43 17.24 OK
r-patched-solaris-sparc 0.7.6 185.20 OK
r-patched-solaris-x86 0.7.6 41.80 OK
r-release-linux-ix86 0.7.6 3.00 30.00 33.00 OK
r-release-linux-x86_64 0.7.6 0.86 16.10 16.96 OK
r-release-windows-ix86+x86_64 0.7.6 3.00 23.00 26.00 OK
r-oldrel-windows-ix86+x86_64 0.7.6 3.00 23.00 26.00 OK

Check Details

Version: 0.7.6
Check: Rd cross-references
Result: NOTE
    Packages unavailable to check Rd xrefs: ‘gplots’, ‘limma’
Flavor: r-devel-macosx-x86_64-gcc