CRAN Package Check Results for Package caroline

Last updated on 2015-04-25 19:47:17.

Flavor Version Tinstall Tcheck Ttotal Status Flags
r-devel-linux-x86_64-debian-clang 0.7.6 0.82 16.18 17.00 NOTE
r-devel-linux-x86_64-debian-gcc 0.7.6 0.76 15.92 16.69 NOTE
r-devel-linux-x86_64-fedora-clang 0.7.6 30.85 NOTE
r-devel-linux-x86_64-fedora-gcc 0.7.6 30.29 NOTE
r-devel-osx-x86_64-clang 0.7.6 31.51 NOTE
r-devel-windows-ix86+x86_64 0.7.6 3.00 25.00 28.00 NOTE
r-patched-linux-x86_64 0.7.6 0.75 15.51 16.26 NOTE
r-patched-solaris-sparc 0.7.6 201.00 NOTE
r-patched-solaris-x86 0.7.6 39.50 NOTE
r-release-linux-x86_64 0.7.6 0.81 15.11 15.92 NOTE
r-release-osx-x86_64-mavericks 0.7.6 NOTE
r-release-osx-x86_64-snowleopard 0.7.6 NOTE
r-release-windows-ix86+x86_64 0.7.6 3.00 25.00 28.00 NOTE
r-oldrel-windows-ix86+x86_64 0.7.6 2.00 21.00 23.00 NOTE

Check Details

Version: 0.7.6
Check: dependencies in R code
Result: NOTE
    'library' or 'require' calls in package code:
     'MASS' 'RSQLite' 'grid' 'sm'
     Please use :: or requireNamespace() instead.
     See section 'Suggested packages' in the 'Writing R Extensions' manual.
Flavors: r-devel-windows-ix86+x86_64, r-release-windows-ix86+x86_64, r-oldrel-windows-ix86+x86_64

Version: 0.7.6
Check: R code for possible problems
Result: NOTE
    bestBy: no visible global function definition for 'dbConnect'
    bestBy: no visible global function definition for 'dbDriver'
    bestBy: no visible global function definition for 'dbWriteTable'
    bestBy: no visible global function definition for 'dbGetQuery'
    dbWriteTable2: no visible global function definition for 'dbListFields'
    dbWriteTable2: no visible global function definition for 'dbGetQuery'
    dbWriteTable2: no visible global function definition for 'dbSendQuery'
    dbWriteTable2: no visible global function definition for 'dbColumnInfo'
    dbWriteTable2: no visible global function definition for
     'dbClearResult'
    dbWriteTable2: no visible global function definition for 'dbWriteTable'
    groupBy: no visible global function definition for 'dbConnect'
    groupBy: no visible global function definition for 'dbDriver'
    groupBy: no visible global function definition for 'dbWriteTable'
    groupBy: no visible global function definition for 'dbGetQuery'
    spie: no visible global function definition for 'grid.newpage'
    spie: no visible global function definition for 'pushViewport'
    spie: no visible global function definition for 'viewport'
    spie: no visible global function definition for 'grid.layout'
    spie: no visible global function definition for 'dataViewport'
    spie: no visible global function definition for 'grid.circle'
    spie: no visible global function definition for 'gpar'
    spie: no visible global function definition for 'grid.polygon'
    spie: no visible global function definition for 'grid.rect'
    spie: no visible global function definition for 'stringWidth'
    spie: no visible global function definition for 'stringHeight'
    spie: no visible global function definition for 'grid.text'
    spie: no visible global function definition for 'grid.lines'
    spie: no visible global function definition for 'unit'
    spie: no visible global function definition for 'upViewport'
Flavors: r-devel-windows-ix86+x86_64, r-release-windows-ix86+x86_64, r-oldrel-windows-ix86+x86_64