CRAN Package Check Results for Package caroline

Last updated on 2014-07-23 05:49:02.

Flavor Version Tinstall Tcheck Ttotal Status Flags
r-devel-linux-x86_64-debian-clang 0.7.6 0.79 15.49 16.28 OK
r-devel-linux-x86_64-debian-gcc 0.7.6 0.78 15.23 16.01 OK
r-devel-linux-x86_64-fedora-clang 0.7.6 33.48 OK
r-devel-linux-x86_64-fedora-gcc 0.7.6 32.25 OK
r-devel-osx-x86_64-clang 0.7.6 32.97 OK
r-devel-windows-ix86+x86_64 0.7.6 2.00 26.00 28.00 OK
r-patched-linux-x86_64 0.7.6 0.78 15.33 16.11 OK
r-patched-solaris-sparc 0.7.6 186.80 OK
r-patched-solaris-x86 0.7.6 41.90 OK
r-release-linux-ix86 0.7.6 1.14 22.30 23.44 OK
r-release-linux-x86_64 0.7.6 0.89 15.66 16.55 OK
r-release-osx-x86_64-mavericks 0.7.6 NOTE
r-release-windows-ix86+x86_64 0.7.6 2.00 27.00 29.00 OK
r-oldrel-windows-ix86+x86_64 0.7.6 3.00 26.00 29.00 OK

Check Details

Version: 0.7.6
Check: Rd cross-references
Result: NOTE
    Package unavailable to check Rd xrefs: ‘limma’
Flavor: r-release-osx-x86_64-mavericks