CRAN Package Check Results for Package caroline

Last updated on 2015-03-04 17:48:19.

Flavor Version Tinstall Tcheck Ttotal Status Flags
r-devel-linux-x86_64-debian-clang 0.7.6 0.82 15.20 16.02 NOTE
r-devel-linux-x86_64-debian-gcc 0.7.6 0.79 15.53 16.32 NOTE
r-devel-linux-x86_64-fedora-clang 0.7.6 29.95 NOTE
r-devel-linux-x86_64-fedora-gcc 0.7.6 28.47 NOTE
r-devel-osx-x86_64-clang 0.7.6 32.28 NOTE
r-devel-windows-ix86+x86_64 0.7.6 3.00 23.00 26.00 NOTE
r-patched-linux-x86_64 0.7.6 0.82 16.00 16.82 NOTE
r-patched-solaris-sparc 0.7.6 224.40 NOTE
r-patched-solaris-x86 0.7.6 44.70 NOTE
r-release-linux-ix86 0.7.6 1.10 22.34 23.45 NOTE
r-release-linux-x86_64 0.7.6 0.78 16.24 17.02 NOTE
r-release-osx-x86_64-mavericks 0.7.6 NOTE
r-release-windows-ix86+x86_64 0.7.6 3.00 28.00 31.00 NOTE
r-oldrel-windows-ix86+x86_64 0.7.6 3.00 27.00 30.00 OK

Check Details

Version: 0.7.6
Check: dependencies in R code
Result: NOTE
    'library' or 'require' calls in package code:
     ‘MASS’ ‘RSQLite’ ‘grid’ ‘sm’
     Please use :: or requireNamespace() instead.
     See section 'Suggested packages' in the 'Writing R Extensions' manual.
Flavors: r-devel-linux-x86_64-debian-clang, r-devel-linux-x86_64-debian-gcc, r-devel-linux-x86_64-fedora-clang, r-devel-linux-x86_64-fedora-gcc, r-devel-osx-x86_64-clang, r-devel-windows-ix86+x86_64, r-patched-linux-x86_64, r-patched-solaris-sparc, r-patched-solaris-x86

Version: 0.7.6
Check: R code for possible problems
Result: NOTE
    bestBy: no visible global function definition for ‘dbConnect’
    bestBy: no visible global function definition for ‘dbDriver’
    bestBy: no visible global function definition for ‘dbWriteTable’
    bestBy: no visible global function definition for ‘dbGetQuery’
    dbWriteTable2: no visible global function definition for ‘dbListFields’
    dbWriteTable2: no visible global function definition for ‘dbGetQuery’
    dbWriteTable2: no visible global function definition for ‘dbSendQuery’
    dbWriteTable2: no visible global function definition for ‘dbColumnInfo’
    dbWriteTable2: no visible global function definition for
     ‘dbClearResult’
    dbWriteTable2: no visible global function definition for ‘dbWriteTable’
    groupBy: no visible global function definition for ‘dbConnect’
    groupBy: no visible global function definition for ‘dbDriver’
    groupBy: no visible global function definition for ‘dbWriteTable’
    groupBy: no visible global function definition for ‘dbGetQuery’
    spie: no visible global function definition for ‘grid.newpage’
    spie: no visible global function definition for ‘pushViewport’
    spie: no visible global function definition for ‘viewport’
    spie: no visible global function definition for ‘grid.layout’
    spie: no visible global function definition for ‘dataViewport’
    spie: no visible global function definition for ‘grid.circle’
    spie: no visible global function definition for ‘gpar’
    spie: no visible global function definition for ‘grid.polygon’
    spie: no visible global function definition for ‘grid.rect’
    spie: no visible global function definition for ‘stringWidth’
    spie: no visible global function definition for ‘stringHeight’
    spie: no visible global function definition for ‘grid.text’
    spie: no visible global function definition for ‘grid.lines’
    spie: no visible global function definition for ‘unit’
    spie: no visible global function definition for ‘upViewport’
Flavors: r-devel-linux-x86_64-debian-clang, r-devel-linux-x86_64-debian-gcc, r-devel-linux-x86_64-fedora-clang, r-devel-linux-x86_64-fedora-gcc, r-devel-osx-x86_64-clang, r-devel-windows-ix86+x86_64, r-patched-linux-x86_64, r-patched-solaris-sparc, r-patched-solaris-x86, r-release-linux-ix86, r-release-linux-x86_64, r-release-osx-x86_64-mavericks, r-release-windows-ix86+x86_64