CRAN Package Check Results for Package caroline

Last updated on 2014-10-26 03:47:28.

Flavor Version Tinstall Tcheck Ttotal Status Flags
r-devel-linux-x86_64-debian-clang 0.7.6 0.80 16.95 17.75 NOTE
r-devel-linux-x86_64-debian-gcc 0.7.6 0.90 15.53 16.43 NOTE
r-devel-linux-x86_64-fedora-clang 0.7.6 32.42 NOTE
r-devel-linux-x86_64-fedora-gcc 0.7.6 30.69 NOTE
r-devel-osx-x86_64-clang 0.7.6 33.14 NOTE
r-devel-windows-ix86+x86_64 0.7.6 2.00 24.00 26.00 NOTE
r-patched-linux-x86_64 0.7.6 1.10 16.17 17.27 NOTE
r-patched-solaris-sparc 0.7.6 183.00 NOTE
r-patched-solaris-x86 0.7.6 42.00 NOTE
r-release-linux-ix86 0.7.6 1.11 23.73 24.84 OK
r-release-linux-x86_64 0.7.6 0.80 16.64 17.43 OK
r-release-osx-x86_64-mavericks 0.7.6 NOTE
r-release-windows-ix86+x86_64 0.7.6 3.00 26.00 29.00 OK
r-oldrel-windows-ix86+x86_64 0.7.6 3.00 27.00 30.00 OK

Check Details

Version: 0.7.6
Check: R code for possible problems
Result: NOTE
    bestBy: no visible global function definition for ‘dbConnect’
    bestBy: no visible global function definition for ‘dbDriver’
    bestBy: no visible global function definition for ‘dbWriteTable’
    bestBy: no visible global function definition for ‘dbGetQuery’
    dbWriteTable2: no visible global function definition for ‘dbListFields’
    dbWriteTable2: no visible global function definition for ‘dbGetQuery’
    dbWriteTable2: no visible global function definition for ‘dbSendQuery’
    dbWriteTable2: no visible global function definition for ‘dbColumnInfo’
    dbWriteTable2: no visible global function definition for
     ‘dbClearResult’
    dbWriteTable2: no visible global function definition for ‘dbWriteTable’
    groupBy: no visible global function definition for ‘dbConnect’
    groupBy: no visible global function definition for ‘dbDriver’
    groupBy: no visible global function definition for ‘dbWriteTable’
    groupBy: no visible global function definition for ‘dbGetQuery’
    spie: no visible global function definition for ‘grid.newpage’
    spie: no visible global function definition for ‘pushViewport’
    spie: no visible global function definition for ‘viewport’
    spie: no visible global function definition for ‘grid.layout’
    spie: no visible global function definition for ‘dataViewport’
    spie: no visible global function definition for ‘grid.circle’
    spie: no visible global function definition for ‘gpar’
    spie: no visible global function definition for ‘grid.polygon’
    spie: no visible global function definition for ‘grid.rect’
    spie: no visible global function definition for ‘stringWidth’
    spie: no visible global function definition for ‘stringHeight’
    spie: no visible global function definition for ‘grid.text’
    spie: no visible global function definition for ‘grid.lines’
    spie: no visible global function definition for ‘unit’
    spie: no visible global function definition for ‘upViewport’
Flavors: r-devel-linux-x86_64-debian-clang, r-devel-linux-x86_64-debian-gcc, r-devel-linux-x86_64-fedora-clang, r-devel-linux-x86_64-fedora-gcc, r-devel-osx-x86_64-clang, r-devel-windows-ix86+x86_64, r-patched-linux-x86_64, r-patched-solaris-sparc, r-patched-solaris-x86

Version: 0.7.6
Check: Rd cross-references
Result: NOTE
    Package unavailable to check Rd xrefs: ‘limma’
Flavor: r-release-osx-x86_64-mavericks