Last updated on 2022-06-30 20:48:59 CEST.
Flavor | Version | Tinstall | Tcheck | Ttotal | Status | Flags |
---|---|---|---|---|---|---|
r-devel-linux-x86_64-debian-clang | 0.2.2 | 4.55 | 73.47 | 78.02 | NOTE | |
r-devel-linux-x86_64-debian-gcc | 0.2.2 | 3.76 | 53.97 | 57.73 | NOTE | |
r-devel-linux-x86_64-fedora-clang | 0.2.2 | 97.70 | NOTE | |||
r-devel-linux-x86_64-fedora-gcc | 0.2.2 | 96.72 | NOTE | |||
r-devel-windows-x86_64 | 0.2.2 | 17.00 | 87.00 | 104.00 | NOTE | |
r-patched-linux-x86_64 | 0.2.2 | 4.97 | 68.16 | 73.13 | NOTE | |
r-release-linux-x86_64 | 0.2.2 | 4.24 | 68.78 | 73.02 | NOTE | |
r-release-macos-arm64 | 0.2.2 | 25.00 | NOTE | |||
r-release-macos-x86_64 | 0.2.2 | 41.00 | NOTE | |||
r-release-windows-x86_64 | 0.2.2 | 20.00 | 99.00 | 119.00 | NOTE | |
r-oldrel-macos-arm64 | 0.2.2 | 33.00 | NOTE | |||
r-oldrel-macos-x86_64 | 0.2.2 | 51.00 | NOTE | |||
r-oldrel-windows-ix86+x86_64 | 0.2.2 | 15.00 | 88.00 | 103.00 | NOTE |
Version: 0.2.2
Check: LazyData
Result: NOTE
'LazyData' is specified without a 'data' directory
Flavors: r-devel-linux-x86_64-debian-clang, r-devel-linux-x86_64-debian-gcc, r-devel-linux-x86_64-fedora-clang, r-devel-linux-x86_64-fedora-gcc, r-devel-windows-x86_64, r-patched-linux-x86_64, r-release-linux-x86_64, r-release-macos-arm64, r-release-macos-x86_64, r-release-windows-x86_64, r-oldrel-macos-arm64, r-oldrel-macos-x86_64, r-oldrel-windows-ix86+x86_64