CRAN Package Check Results for Package cascadeSelect

Last updated on 2024-02-28 10:13:57 CET.

Flavor Version Tinstall Tcheck Ttotal Status Flags
r-devel-linux-x86_64-debian-clang 1.1.0 2.95 29.85 32.80 OK
r-devel-linux-x86_64-debian-gcc 1.1.0 2.99 23.31 26.30 OK
r-devel-linux-x86_64-fedora-clang 1.1.0 40.72 NOTE
r-devel-linux-x86_64-fedora-gcc 1.1.0 39.66 NOTE
r-devel-windows-x86_64 1.1.0 6.00 45.00 51.00 NOTE
r-patched-linux-x86_64 1.1.0 3.85 29.35 33.20 OK
r-release-linux-x86_64 1.1.0 4.51 29.34 33.85 OK
r-release-macos-arm64 1.1.0 18.00 NOTE
r-release-macos-x86_64 1.1.0 37.00 NOTE
r-release-windows-x86_64 1.1.0 6.00 47.00 53.00 NOTE
r-oldrel-macos-arm64 1.1.0 22.00 NOTE
r-oldrel-windows-x86_64 1.1.0 7.00 51.00 58.00 NOTE

Check Details

Version: 1.1.0
Check: installed package size
Result: NOTE installed size is 12.4Mb sub-directories of 1Mb or more: www 12.3Mb Flavors: r-devel-linux-x86_64-fedora-clang, r-devel-windows-x86_64, r-release-macos-arm64, r-release-macos-x86_64, r-release-windows-x86_64, r-oldrel-macos-arm64, r-oldrel-windows-x86_64

Version: 1.1.0
Check: dependencies in R code
Result: NOTE Namespace in Imports field not imported from: ‘shiny’ All declared Imports should be used. Flavors: r-devel-linux-x86_64-fedora-clang, r-devel-linux-x86_64-fedora-gcc