CRAN Package Check Results for Package caschrono

Last updated on 2015-07-31 15:47:20.

Flavor Version Tinstall Tcheck Ttotal Status Flags
r-devel-linux-x86_64-debian-clang 1.4 3.41 72.53 75.94 NOTE
r-devel-linux-x86_64-debian-gcc 1.4 3.32 70.17 73.48 NOTE
r-devel-linux-x86_64-fedora-clang 1.4 157.70 NOTE
r-devel-linux-x86_64-fedora-gcc 1.4 154.93 NOTE
r-devel-osx-x86_64-clang 1.4 141.63 OK
r-devel-windows-ix86+x86_64 1.4 13.00 131.00 144.00 NOTE
r-patched-linux-x86_64 1.4 3.38 70.94 74.31 OK
r-patched-solaris-sparc 1.4 915.10 OK
r-patched-solaris-x86 1.4 196.10 OK
r-release-linux-x86_64 1.4 3.48 70.46 73.94 OK
r-release-osx-x86_64-mavericks 1.4 OK
r-release-windows-ix86+x86_64 1.4 19.00 140.00 159.00 OK
r-oldrel-windows-ix86+x86_64 1.4 24.00 225.00 249.00 NOTE

Check Details

Version: 1.4
Check: R code for possible problems
Result: NOTE
    Box.test.2 : Box.test.inv: no visible global function definition for
     ‘Box.test’
    acf2y: no visible global function definition for ‘par’
    acf2y: no visible global function definition for ‘abline’
    armaselect: no visible global function definition for ‘ar’
    armaselect: no visible global function definition for ‘lm’
    armaselect: no visible global function definition for ‘var’
    armaselect: no visible global function definition for ‘AIC’
    plot2acf: no visible global function definition for ‘par’
    plot2acf: no visible global function definition for ‘abline’
    plot2acf: no visible global function definition for ‘legend’
    plot2acf: no visible global function definition for ‘axis’
    plotacfthemp: no visible global function definition for ‘ARMAacf’
    plotacfthemp: no visible global function definition for ‘par’
    plotacfthemp: no visible global function definition for ‘abline’
    plotacfthemp: no visible global function definition for ‘text’
    plotacfthemp: no visible global function definition for ‘axis’
    t_stat: no visible global function definition for ‘is’
    t_stat: no visible global function definition for ‘pnorm’
    xy.acfb: no visible global function definition for ‘par’
    xy.acfb: no visible global function definition for ‘abline’
    xy.acfb: no visible global function definition for ‘legend’
    Undefined global functions or variables:
     AIC ARMAacf Box.test abline ar axis is legend lm par pnorm text var
    Consider adding
     importFrom("graphics", "abline", "axis", "legend", "par", "text")
     importFrom("methods", "is")
     importFrom("stats", "AIC", "ARMAacf", "Box.test", "ar", "lm", "pnorm",
     "var")
    to your NAMESPACE.
Flavors: r-devel-linux-x86_64-debian-clang, r-devel-linux-x86_64-debian-gcc, r-devel-linux-x86_64-fedora-clang, r-devel-linux-x86_64-fedora-gcc, r-devel-windows-ix86+x86_64

Version: 1.4
Check: re-building of vignette outputs
Result: NOTE
    Error in re-building vignettes:
     ...
    The following objects are masked from 'package:e1071':
    
     kurtosis, skewness
    
    The following objects are masked from 'package:forecast':
    
     fitted.Arima, plot.Arima
    
    The following objects are masked from 'package:timeDate':
    
     kurtosis, skewness
    
    The following objects are masked from 'package:stats':
    
     acf, arima
    
    The following object is masked from 'package:utils':
    
     tar
    
    Loading required package: polynom
    Error in find_vignette_product(name, by = "texi2pdf", engine = engine) :
     Failed to locate the 'texi2pdf' output file (by engine 'utils::Sweave') for vignette with name 'Anx4'. The following files exist in directory '.': 'Anx1.Rnw', 'Anx1.aux', 'Anx1.idx', 'Anx1.log', 'Anx1.nlo', 'Anx1.out', 'Anx1.pdf', 'Anx1.tex', 'Anx1.thm', 'Anx10.Rnw', 'Anx10.aux', 'Anx10.idx', 'Anx10.log', 'Anx10.nlo', 'Anx10.out', 'Anx10.pdf', 'Anx10.tex', 'Anx10.thm', 'Anx12.Rnw', 'Anx12.aux', 'Anx12.idx', 'Anx12.log', 'Anx12.nlo', 'Anx12.out', 'Anx12.pdf', 'Anx12.tex', 'Anx12.thm', 'Anx2.Rnw', 'Anx2.aux', 'Anx2.idx', 'Anx2.ilg', 'Anx2.ind', 'Anx2.log', 'Anx2.nlo', 'Anx2.out', 'Anx2.pdf', 'Anx2.tex', 'Anx2.thm', 'Anx3.Rnw', 'Anx3.aux', 'Anx3.idx', 'Anx3.ilg', 'Anx3.ind', 'Anx3.log', 'Anx3.nlo', 'Anx3.out', 'Anx3.pdf', 'Anx3.tex', 'Anx3.thm', 'Anx4.Rnw', 'Anx4.tex', 'Anx5.Rnw', 'Anx6.Rnw', 'Anx7.Rnw', 'Anx9.Rnw', 'anx10-bitmap-1.pdf', 'anx10-bitmap-1.ps', 'anx12-bitmap-1.pdf', 'anx12-bitmap-1.ps', 'anx12-bitmap-2.pdf', 'anx12-bitmap-2.ps', 'anx3-bitmap-1.pdf', 'anx3-bitmap-1.
    Calls: buildVignettes -> find_vignette_product
    Execution halted
Flavor: r-oldrel-windows-ix86+x86_64