CRAN Package Check Results for Package caschrono

Last updated on 2014-07-31 03:48:30.

Flavor Version Tinstall Tcheck Ttotal Status Flags
r-devel-linux-x86_64-debian-clang 1.4 4.57 89.36 93.92 OK
r-devel-linux-x86_64-debian-gcc 1.4 6.34 89.04 95.38 OK
r-devel-linux-x86_64-fedora-clang 1.4 223.50 OK
r-devel-linux-x86_64-fedora-gcc 1.4 208.17 OK
r-devel-osx-x86_64-clang 1.4 188.54 OK
r-devel-windows-ix86+x86_64 1.4 13.00 140.00 153.00 OK
r-patched-linux-x86_64 1.4 5.18 88.32 93.51 OK
r-patched-solaris-sparc 1.4 1154.00 OK
r-patched-solaris-x86 1.4 270.00 OK
r-release-linux-ix86 1.4 5.84 114.63 120.46 OK
r-release-linux-x86_64 1.4 4.78 90.31 95.09 OK
r-release-osx-x86_64-mavericks 1.4 NOTE
r-release-osx-x86_64-snowleopard 1.4 OK
r-release-windows-ix86+x86_64 1.4 23.00 216.00 239.00 OK
r-oldrel-windows-ix86+x86_64 1.4 15.00 212.00 227.00 OK

Check Details

Version: 1.4
Check: re-building of vignette outputs
Result: NOTE
    Error in re-building vignettes:
     ...
    Error in texi2dvi(file = file, pdf = TRUE, clean = clean, quiet = quiet, :
     Running 'texi2dvi' on 'Anx1.tex' failed.
    LaTeX errors:
    ! LaTeX Error: File `bbm.sty' not found.
    
    Type X to quit or <RETURN> to proceed,
    or enter new name. (Default extension: sty)
    
    ./pratiquer.sty:11: ==> Fatal error occurred, no output PDF file produced!
    Calls: buildVignettes -> texi2pdf -> texi2dvi
    Execution halted
Flavor: r-release-osx-x86_64-mavericks