CRAN Package Check Results for Package caschrono

Last updated on 2017-08-17 06:46:46.

Flavor Version Tinstall Tcheck Ttotal Status Flags
r-devel-linux-x86_64-debian-clang 2.0 3.58 72.68 76.26 OK
r-devel-linux-x86_64-debian-gcc 2.0 3.56 71.28 74.83 OK
r-devel-linux-x86_64-fedora-clang 2.0 164.40 OK
r-devel-linux-x86_64-fedora-gcc 2.0 161.23 OK
r-devel-windows-ix86+x86_64 2.0 12.00 157.00 169.00 OK
r-patched-linux-x86_64 2.0 3.63 72.92 76.55 OK
r-patched-solaris-x86 2.0 204.00 OK
r-release-linux-x86_64 2.0 3.46 73.45 76.91 OK
r-release-windows-ix86+x86_64 2.0 11.00 172.00 183.00 OK
r-release-osx-x86_64 2.0 NOTE
r-oldrel-windows-ix86+x86_64 2.0 12.00 169.00 181.00 OK
r-oldrel-osx-x86_64 2.0 OK

Check Details

Version: 2.0
Check: re-building of vignette outputs
Result: NOTE
    Error in re-building vignettes:
     ...
    Error in texi2dvi(file = file, pdf = TRUE, clean = clean, quiet = quiet, :
     Running 'texi2dvi' on 'Anx1.tex' failed.
    LaTeX errors:
    ! LaTeX Error: File `bbm.sty' not found.
    
    Type X to quit or <RETURN> to proceed,
    or enter new name. (Default extension: sty)
    
    ! Emergency stop.
    <read *>
    
    l.11 \RequirePackage
     {fancyvrb}^^M
    ! ==> Fatal error occurred, no output PDF file produced!
    Calls: buildVignettes -> texi2pdf -> texi2dvi
    Execution halted
Flavor: r-release-osx-x86_64