CRAN Package Check Results for Package caschrono

Last updated on 2014-12-20 12:47:22.

Flavor Version Tinstall Tcheck Ttotal Status Flags
r-devel-linux-x86_64-debian-clang 1.4 4.55 90.75 95.30 OK
r-devel-linux-x86_64-debian-gcc 1.4 4.42 87.78 92.20 OK
r-devel-linux-x86_64-fedora-clang 1.4 209.00 OK
r-devel-linux-x86_64-fedora-gcc 1.4 183.03 OK
r-devel-osx-x86_64-clang 1.4 195.97 OK
r-devel-windows-ix86+x86_64 1.4 16.00 146.00 162.00 OK
r-patched-linux-x86_64 1.4 4.86 93.00 97.86 OK
r-patched-solaris-sparc 1.4 1154.00 OK
r-patched-solaris-x86 1.4 250.10 OK
r-release-linux-ix86 1.4 5.54 109.36 114.90 OK
r-release-linux-x86_64 1.4 4.90 92.93 97.84 OK
r-release-osx-x86_64-mavericks 1.4 NOTE
r-release-osx-x86_64-snowleopard 1.4 OK
r-release-windows-ix86+x86_64 1.4 19.00 158.00 177.00 OK
r-oldrel-windows-ix86+x86_64 1.4 21.00 160.00 181.00 OK

Check Details

Version: 1.4
Check: re-building of vignette outputs
Result: NOTE
    Error in re-building vignettes:
     ...
    Error in texi2dvi(file = file, pdf = TRUE, clean = clean, quiet = quiet, :
     Running 'texi2dvi' on 'Anx1.tex' failed.
    LaTeX errors:
    ! LaTeX Error: File `bbm.sty' not found.
    
    Type X to quit or <RETURN> to proceed,
    or enter new name. (Default extension: sty)
    
    ./pratiquer.sty:11: ==> Fatal error occurred, no output PDF file produced!
    Calls: buildVignettes -> texi2pdf -> texi2dvi
    Execution halted
Flavor: r-release-osx-x86_64-mavericks