CRAN Package Check Results for Package caschrono

Last updated on 2017-04-29 15:47:48.

Flavor Version Tinstall Tcheck Ttotal Status Flags
r-devel-linux-x86_64-debian-clang 2.0 3.46 70.99 74.44 OK
r-devel-linux-x86_64-debian-gcc 2.0 3.43 70.51 73.94 OK
r-devel-linux-x86_64-fedora-clang 2.0 158.78 OK --no-stop-on-test-error
r-devel-linux-x86_64-fedora-gcc 2.0 158.01 OK --no-stop-on-test-error
r-devel-windows-ix86+x86_64 2.0 22.00 242.00 264.00 OK
r-patched-linux-x86_64 2.0 3.39 69.91 73.29 OK
r-patched-solaris-sparc 2.0 907.40 OK
r-patched-solaris-x86 2.0 198.90 OK
r-release-linux-x86_64 2.0 3.41 72.15 75.55 OK
r-release-windows-ix86+x86_64 2.0 21.00 239.00 260.00 OK
r-release-osx-x86_64 2.0 NOTE
r-oldrel-windows-ix86+x86_64 2.0 22.00 216.00 238.00 OK
r-oldrel-osx-x86_64 2.0 OK

Check Details

Version: 2.0
Check: re-building of vignette outputs
Result: NOTE
    Error in re-building vignettes:
     ...
    Error in texi2dvi(file = file, pdf = TRUE, clean = clean, quiet = quiet, :
     Running 'texi2dvi' on 'Anx1.tex' failed.
    LaTeX errors:
    ! LaTeX Error: File `bbm.sty' not found.
    
    Type X to quit or <RETURN> to proceed,
    or enter new name. (Default extension: sty)
    
    ! Emergency stop.
    <read *>
    
    l.11 \RequirePackage
     {fancyvrb}^^M
    ! ==> Fatal error occurred, no output PDF file produced!
    Calls: buildVignettes -> texi2pdf -> texi2dvi
    Execution halted
Flavor: r-release-osx-x86_64