CRAN Package Check Results for Package caschrono

Last updated on 2014-08-21 03:48:13.

Flavor Version Tinstall Tcheck Ttotal Status Flags
r-devel-linux-x86_64-debian-clang 1.4 4.60 87.55 92.16 OK
r-devel-linux-x86_64-debian-gcc 1.4 5.66 89.02 94.68 OK
r-devel-linux-x86_64-fedora-clang 1.4 218.95 OK
r-devel-linux-x86_64-fedora-gcc 1.4 204.49 OK
r-devel-osx-x86_64-clang 1.4 183.34 OK
r-devel-windows-ix86+x86_64 1.4 16.00 147.00 163.00 OK
r-patched-linux-x86_64 1.4 4.67 88.93 93.60 OK
r-patched-solaris-sparc 1.4 1154.00 OK
r-patched-solaris-x86 1.4 269.40 OK
r-release-linux-ix86 1.4 5.88 116.27 122.15 OK
r-release-linux-x86_64 1.4 4.77 89.45 94.22 OK
r-release-osx-x86_64-mavericks 1.4 NOTE
r-release-osx-x86_64-snowleopard 1.4 OK
r-release-windows-ix86+x86_64 1.4 14.00 150.00 164.00 OK
r-oldrel-windows-ix86+x86_64 1.4 15.00 148.00 163.00 OK

Check Details

Version: 1.4
Check: re-building of vignette outputs
Result: NOTE
    Error in re-building vignettes:
     ...
    Error in texi2dvi(file = file, pdf = TRUE, clean = clean, quiet = quiet, :
     Running 'texi2dvi' on 'Anx1.tex' failed.
    LaTeX errors:
    ! LaTeX Error: File `bbm.sty' not found.
    
    Type X to quit or <RETURN> to proceed,
    or enter new name. (Default extension: sty)
    
    ./pratiquer.sty:11: ==> Fatal error occurred, no output PDF file produced!
    Calls: buildVignettes -> texi2pdf -> texi2dvi
    Execution halted
Flavor: r-release-osx-x86_64-mavericks