CRAN Package Check Results for Package caschrono

Last updated on 2017-10-22 22:48:38.

Flavor Version Tinstall Tcheck Ttotal Status Flags
r-devel-linux-x86_64-debian-clang 2.0 3.66 70.96 74.62 OK
r-devel-linux-x86_64-debian-gcc 2.0 4.55 76.39 80.94 OK
r-devel-linux-x86_64-fedora-clang 2.0 163.08 OK
r-devel-linux-x86_64-fedora-gcc 2.0 176.41 OK
r-devel-windows-ix86+x86_64 2.0 11.00 166.00 177.00 OK
r-patched-linux-x86_64 2.0 3.68 71.52 75.19 OK
r-patched-solaris-x86 2.0 208.50 OK
r-release-linux-x86_64 2.0 3.50 71.71 75.21 OK
r-release-windows-ix86+x86_64 2.0 17.00 171.00 188.00 OK
r-release-osx-x86_64 2.0 NOTE
r-oldrel-windows-ix86+x86_64 2.0 13.00 233.00 246.00 OK
r-oldrel-osx-x86_64 2.0 OK

Check Details

Version: 2.0
Check: re-building of vignette outputs
Result: NOTE
    Error in re-building vignettes:
     ...
    Error in texi2dvi(file = file, pdf = TRUE, clean = clean, quiet = quiet, :
     Running 'texi2dvi' on 'Anx1.tex' failed.
    LaTeX errors:
    ! LaTeX Error: File `bbm.sty' not found.
    
    Type X to quit or <RETURN> to proceed,
    or enter new name. (Default extension: sty)
    
    ! Emergency stop.
    <read *>
    
    l.11 \RequirePackage
     {fancyvrb}^^M
    ! ==> Fatal error occurred, no output PDF file produced!
    Calls: buildVignettes -> texi2pdf -> texi2dvi
    Execution halted
Flavor: r-release-osx-x86_64