CRAN Package Check Results for Package caschrono

Last updated on 2014-11-23 17:49:23.

Flavor Version Tinstall Tcheck Ttotal Status Flags
r-devel-linux-x86_64-debian-clang 1.4 4.62 90.03 94.64 OK
r-devel-linux-x86_64-debian-gcc 1.4 4.33 88.50 92.83 OK
r-devel-linux-x86_64-fedora-clang 1.4 205.63 OK
r-devel-linux-x86_64-fedora-gcc 1.4 195.10 OK
r-devel-osx-x86_64-clang 1.4 195.71 OK
r-devel-windows-ix86+x86_64 1.4 14.00 154.00 168.00 OK
r-patched-linux-x86_64 1.4 4.76 92.40 97.16 OK
r-patched-solaris-sparc 1.4 1154.00 OK
r-patched-solaris-x86 1.4 241.30 OK
r-release-linux-ix86 1.4 5.56 109.15 114.70 OK
r-release-linux-x86_64 1.4 4.97 94.28 99.25 OK
r-release-osx-x86_64-mavericks 1.4 NOTE
r-release-osx-x86_64-snowleopard 1.4 OK
r-release-windows-ix86+x86_64 1.4 18.00 162.00 180.00 OK
r-oldrel-windows-ix86+x86_64 1.4 15.00 149.00 164.00 OK

Check Details

Version: 1.4
Check: re-building of vignette outputs
Result: NOTE
    Error in re-building vignettes:
     ...
    Error in texi2dvi(file = file, pdf = TRUE, clean = clean, quiet = quiet, :
     Running 'texi2dvi' on 'Anx1.tex' failed.
    LaTeX errors:
    ! LaTeX Error: File `bbm.sty' not found.
    
    Type X to quit or <RETURN> to proceed,
    or enter new name. (Default extension: sty)
    
    ./pratiquer.sty:11: ==> Fatal error occurred, no output PDF file produced!
    Calls: buildVignettes -> texi2pdf -> texi2dvi
    Execution halted
Flavor: r-release-osx-x86_64-mavericks