CRAN Package Check Results for Package cat

Last updated on 2015-08-31 07:47:21.

Flavor Version Tinstall Tcheck Ttotal Status Flags
r-devel-linux-x86_64-debian-clang 0.0-6.5 1.31 14.13 15.44 NOTE
r-devel-linux-x86_64-debian-gcc 0.0-6.5 1.30 13.88 15.18 NOTE
r-devel-linux-x86_64-fedora-clang 0.0-6.5 29.16 NOTE
r-devel-linux-x86_64-fedora-gcc 0.0-6.5 27.29 NOTE
r-devel-osx-x86_64-clang 0.0-6.5 27.24 NOTE
r-devel-windows-ix86+x86_64 0.0-6.5 10.00 49.00 59.00 NOTE
r-patched-linux-x86_64 0.0-6.5 1.36 14.85 16.20 NOTE
r-patched-solaris-sparc 0.0-6.5 202.90 NOTE
r-patched-solaris-x86 0.0-6.5 44.40 NOTE
r-release-linux-x86_64 0.0-6.5 1.40 14.50 15.91 NOTE
r-release-osx-x86_64-mavericks 0.0-6.5 NOTE
r-release-windows-ix86+x86_64 0.0-6.5 6.00 44.00 50.00 NOTE
r-oldrel-windows-ix86+x86_64 0.0-6.5 8.00 35.00 43.00 OK

Check Details

Version: 0.0-6.5
Check: DESCRIPTION meta-information
Result: NOTE
    Malformed Description field: should contain one or more complete sentences.
Flavors: r-devel-linux-x86_64-debian-clang, r-devel-linux-x86_64-debian-gcc, r-devel-linux-x86_64-fedora-clang, r-devel-linux-x86_64-fedora-gcc, r-devel-osx-x86_64-clang, r-devel-windows-ix86+x86_64, r-patched-linux-x86_64, r-patched-solaris-sparc, r-patched-solaris-x86, r-release-linux-x86_64, r-release-osx-x86_64-mavericks, r-release-windows-ix86+x86_64

Version: 0.0-6.5
Check: R code for possible problems
Result: NOTE
    mi.inference: no visible binding for global variable ‘var’
    mi.inference: no visible global function definition for ‘qt’
    mi.inference: no visible global function definition for ‘pt’
    Undefined global functions or variables:
     pt qt var
    Consider adding
     importFrom("stats", "pt", "qt", "var")
    to your NAMESPACE.
Flavors: r-devel-linux-x86_64-debian-clang, r-devel-linux-x86_64-debian-gcc, r-devel-linux-x86_64-fedora-clang, r-devel-linux-x86_64-fedora-gcc, r-devel-windows-ix86+x86_64