CRAN Package Check Results for Package cat

Last updated on 2018-04-24 00:46:28 CEST.

Flavor Version Tinstall Tcheck Ttotal Status Flags
r-devel-linux-x86_64-debian-clang 0.0-6.5 2.64 23.75 26.39 NOTE
r-devel-linux-x86_64-debian-gcc 0.0-6.5 2.20 19.27 21.47 NOTE
r-devel-linux-x86_64-fedora-clang 0.0-6.5 34.38 NOTE
r-devel-linux-x86_64-fedora-gcc 0.0-6.5 32.28 NOTE
r-devel-windows-ix86+x86_64 0.0-6.5 12.00 48.00 60.00 NOTE
r-devel-osx-x86_64 0.0-6.5 NOTE
r-patched-linux-x86_64 0.0-6.5 2.91 24.74 27.65 NOTE
r-patched-solaris-x86 0.0-6.5 50.60 NOTE
r-release-linux-x86_64 0.0-6.5 2.54 24.26 26.80 NOTE
r-release-windows-ix86+x86_64 0.0-6.5 7.00 42.00 49.00 NOTE
r-release-osx-x86_64 0.0-6.5 NOTE
r-oldrel-windows-ix86+x86_64 0.0-6.5 6.00 44.00 50.00 NOTE

Check Details

Version: 0.0-6.5
Check: DESCRIPTION meta-information
Result: NOTE
    Malformed Description field: should contain one or more complete sentences.
Flavors: r-devel-linux-x86_64-debian-clang, r-devel-linux-x86_64-debian-gcc, r-devel-linux-x86_64-fedora-clang, r-devel-linux-x86_64-fedora-gcc, r-devel-windows-ix86+x86_64, r-devel-osx-x86_64, r-patched-linux-x86_64, r-patched-solaris-x86, r-release-linux-x86_64, r-release-windows-ix86+x86_64, r-release-osx-x86_64, r-oldrel-windows-ix86+x86_64

Version: 0.0-6.5
Check: R code for possible problems
Result: NOTE
    mi.inference: no visible binding for global variable ‘var’
    mi.inference: no visible global function definition for ‘qt’
    mi.inference: no visible global function definition for ‘pt’
    Undefined global functions or variables:
     pt qt var
    Consider adding
     importFrom("stats", "pt", "qt", "var")
    to your NAMESPACE file.
Flavors: r-devel-linux-x86_64-debian-clang, r-devel-linux-x86_64-debian-gcc, r-devel-linux-x86_64-fedora-clang, r-devel-linux-x86_64-fedora-gcc, r-devel-windows-ix86+x86_64, r-devel-osx-x86_64, r-patched-linux-x86_64, r-patched-solaris-x86, r-release-linux-x86_64, r-release-windows-ix86+x86_64, r-release-osx-x86_64, r-oldrel-windows-ix86+x86_64

Version: 0.0-6.5
Check: compiled code
Result: NOTE
    File ‘cat/libs/cat.so’:
     Found no calls to: ‘R_registerRoutines’, ‘R_useDynamicSymbols’
    
    It is good practice to register native routines and to disable symbol
    search.
    
    See ‘Writing portable packages’ in the ‘Writing R Extensions’ manual.
Flavors: r-devel-linux-x86_64-debian-clang, r-devel-linux-x86_64-debian-gcc, r-devel-linux-x86_64-fedora-clang, r-devel-linux-x86_64-fedora-gcc, r-patched-linux-x86_64, r-release-linux-x86_64