CRAN Package Check Results for Package cat

Last updated on 2015-05-27 19:47:03.

Flavor Version Tinstall Tcheck Ttotal Status Flags
r-devel-linux-x86_64-debian-clang 0.0-6.5 1.34 15.08 16.42 NOTE
r-devel-linux-x86_64-debian-gcc 0.0-6.5 1.27 14.49 15.76 NOTE
r-devel-linux-x86_64-fedora-clang 0.0-6.5 29.89 NOTE
r-devel-linux-x86_64-fedora-gcc 0.0-6.5 29.23 NOTE
r-devel-osx-x86_64-clang 0.0-6.5 31.27 NOTE
r-devel-windows-ix86+x86_64 0.0-6.5 6.00 33.00 39.00 NOTE
r-patched-linux-x86_64 0.0-6.5 1.26 14.33 15.60 NOTE
r-patched-solaris-sparc 0.0-6.5 198.00 NOTE
r-patched-solaris-x86 0.0-6.5 44.70 NOTE
r-release-linux-x86_64 0.0-6.5 1.27 14.76 16.02 NOTE
r-release-osx-x86_64-mavericks 0.0-6.5 NOTE
r-release-osx-x86_64-snowleopard 0.0-6.5 NOTE
r-release-windows-ix86+x86_64 0.0-6.5 5.00 36.00 41.00 NOTE
r-oldrel-windows-ix86+x86_64 0.0-6.5 8.00 35.00 43.00 OK

Check Details

Version: 0.0-6.5
Check: DESCRIPTION meta-information
Result: NOTE
    Malformed Description field: should contain one or more complete sentences.
Flavors: r-devel-linux-x86_64-debian-clang, r-devel-linux-x86_64-debian-gcc, r-devel-linux-x86_64-fedora-clang, r-devel-linux-x86_64-fedora-gcc, r-devel-osx-x86_64-clang, r-devel-windows-ix86+x86_64, r-patched-linux-x86_64, r-patched-solaris-sparc, r-patched-solaris-x86, r-release-linux-x86_64, r-release-osx-x86_64-mavericks, r-release-osx-x86_64-snowleopard, r-release-windows-ix86+x86_64