CRAN Package Check Results for Package cat

Last updated on 2015-03-30 23:47:41.

Flavor Version Tinstall Tcheck Ttotal Status Flags
r-devel-linux-x86_64-debian-clang 0.0-6.5 1.35 16.44 17.79 NOTE
r-devel-linux-x86_64-debian-gcc 0.0-6.5 1.40 14.48 15.88 NOTE
r-devel-linux-x86_64-fedora-clang 0.0-6.5 31.26 NOTE
r-devel-linux-x86_64-fedora-gcc 0.0-6.5 28.78 NOTE
r-devel-osx-x86_64-clang 0.0-6.5 34.52 NOTE
r-prerel-windows-ix86+x86_64 0.0-6.5 10.00 31.00 41.00 NOTE
r-prerel-linux-x86_64 0.0-6.5 1.34 14.96 16.31 NOTE
r-prerel-solaris-sparc 0.0-6.5 217.10 NOTE
r-prerel-solaris-x86 0.0-6.5 43.90 NOTE
r-release-linux-x86_64 0.0-6.5 1.46 15.46 16.93 OK
r-release-osx-x86_64-mavericks 0.0-6.5 OK
r-release-windows-ix86+x86_64 0.0-6.5 8.00 35.00 43.00 OK
r-oldrel-windows-ix86+x86_64 0.0-6.5 6.00 33.00 39.00 OK

Check Details

Version: 0.0-6.5
Check: DESCRIPTION meta-information
Result: NOTE
    Malformed Description field: should contain one or more complete sentences.
Flavors: r-devel-linux-x86_64-debian-clang, r-devel-linux-x86_64-debian-gcc, r-devel-linux-x86_64-fedora-clang, r-devel-linux-x86_64-fedora-gcc, r-devel-osx-x86_64-clang, r-prerel-windows-ix86+x86_64, r-prerel-linux-x86_64, r-prerel-solaris-sparc, r-prerel-solaris-x86