CRAN Package Check Results for Package cat

Last updated on 2015-04-26 10:48:05.

Flavor Version Tinstall Tcheck Ttotal Status Flags
r-devel-linux-x86_64-debian-clang 0.0-6.5 1.29 15.00 16.29 NOTE
r-devel-linux-x86_64-debian-gcc 0.0-6.5 1.32 15.01 16.32 NOTE
r-devel-linux-x86_64-fedora-clang 0.0-6.5 30.24 NOTE
r-devel-linux-x86_64-fedora-gcc 0.0-6.5 30.00 NOTE
r-devel-osx-x86_64-clang 0.0-6.5 31.00 NOTE
r-devel-windows-ix86+x86_64 0.0-6.5 7.00 33.00 40.00 NOTE
r-patched-linux-x86_64 0.0-6.5 1.32 14.71 16.03 NOTE
r-patched-solaris-sparc 0.0-6.5 217.10 NOTE
r-patched-solaris-x86 0.0-6.5 44.70 NOTE
r-release-linux-x86_64 0.0-6.5 1.29 14.47 15.76 NOTE
r-release-osx-x86_64-mavericks 0.0-6.5 NOTE
r-release-osx-x86_64-snowleopard 0.0-6.5 NOTE
r-release-windows-ix86+x86_64 0.0-6.5 5.00 36.00 41.00 NOTE
r-oldrel-windows-ix86+x86_64 0.0-6.5 8.00 35.00 43.00 OK

Check Details

Version: 0.0-6.5
Check: DESCRIPTION meta-information
Result: NOTE
    Malformed Description field: should contain one or more complete sentences.
Flavors: r-devel-linux-x86_64-fedora-clang, r-devel-linux-x86_64-fedora-gcc, r-devel-osx-x86_64-clang, r-devel-windows-ix86+x86_64, r-release-osx-x86_64-mavericks, r-release-windows-ix86+x86_64