CRAN Package Check Results for Package cat

Last updated on 2017-04-23 15:48:11.

Flavor Version Tinstall Tcheck Ttotal Status Flags
r-devel-linux-x86_64-debian-clang 0.0-6.5 1.53 16.78 18.31 NOTE
r-devel-linux-x86_64-debian-gcc 0.0-6.5 1.54 16.83 18.37 NOTE
r-devel-linux-x86_64-fedora-clang 0.0-6.5 30.49 NOTE --no-stop-on-test-error
r-devel-linux-x86_64-fedora-gcc 0.0-6.5 29.35 NOTE --no-stop-on-test-error
r-devel-windows-ix86+x86_64 0.0-6.5 8.00 46.00 54.00 NOTE
r-patched-linux-x86_64 0.0-6.5 1.47 16.61 18.08 NOTE
r-patched-solaris-sparc 0.0-6.5 198.50 NOTE
r-patched-solaris-x86 0.0-6.5 45.60 NOTE
r-release-linux-x86_64 0.0-6.5 1.40 16.57 17.97 NOTE
r-release-windows-ix86+x86_64 0.0-6.5 7.00 43.00 50.00 NOTE
r-release-osx-x86_64 0.0-6.5 NOTE
r-oldrel-windows-ix86+x86_64 0.0-6.5 6.00 44.00 50.00 NOTE
r-oldrel-osx-x86_64 0.0-6.5 NOTE

Check Details

Version: 0.0-6.5
Check: DESCRIPTION meta-information
Result: NOTE
    Malformed Description field: should contain one or more complete sentences.
Flavors: r-devel-linux-x86_64-debian-clang, r-devel-linux-x86_64-debian-gcc, r-devel-windows-ix86+x86_64, r-patched-linux-x86_64, r-patched-solaris-sparc, r-patched-solaris-x86, r-release-linux-x86_64, r-release-windows-ix86+x86_64, r-release-osx-x86_64, r-oldrel-windows-ix86+x86_64, r-oldrel-osx-x86_64

Version: 0.0-6.5
Check: R code for possible problems
Result: NOTE
    mi.inference: no visible binding for global variable ‘var’
    mi.inference: no visible global function definition for ‘qt’
    mi.inference: no visible global function definition for ‘pt’
    Undefined global functions or variables:
     pt qt var
    Consider adding
     importFrom("stats", "pt", "qt", "var")
    to your NAMESPACE file.
Flavors: r-devel-linux-x86_64-debian-clang, r-devel-linux-x86_64-debian-gcc, r-devel-windows-ix86+x86_64, r-patched-linux-x86_64, r-patched-solaris-sparc, r-patched-solaris-x86, r-release-linux-x86_64, r-release-windows-ix86+x86_64, r-release-osx-x86_64, r-oldrel-windows-ix86+x86_64, r-oldrel-osx-x86_64

Version: 0.0-6.5
Check: compiled code
Result: NOTE
    File ‘cat/libs/cat.so’:
     Found no calls to: ‘R_registerRoutines’, ‘R_useDynamicSymbols’
    
    It is good practice to register native routines and to disable symbol
    search.
    
    See ‘Writing portable packages’ in the ‘Writing R Extensions’ manual.
Flavors: r-devel-linux-x86_64-debian-clang, r-devel-linux-x86_64-debian-gcc, r-patched-linux-x86_64, r-release-linux-x86_64

Version: 0.0-6.5
Flags: --no-stop-on-test-error
Check: DESCRIPTION meta-information
Result: NOTE
    Malformed Description field: should contain one or more complete sentences.
Flavors: r-devel-linux-x86_64-fedora-clang, r-devel-linux-x86_64-fedora-gcc

Version: 0.0-6.5
Flags: --no-stop-on-test-error
Check: R code for possible problems
Result: NOTE
    mi.inference: no visible binding for global variable ‘var’
    mi.inference: no visible global function definition for ‘qt’
    mi.inference: no visible global function definition for ‘pt’
    Undefined global functions or variables:
     pt qt var
    Consider adding
     importFrom("stats", "pt", "qt", "var")
    to your NAMESPACE file.
Flavors: r-devel-linux-x86_64-fedora-clang, r-devel-linux-x86_64-fedora-gcc

Version: 0.0-6.5
Flags: --no-stop-on-test-error
Check: compiled code
Result: NOTE
    File ‘cat/libs/cat.so’:
     Found no calls to: ‘R_registerRoutines’, ‘R_useDynamicSymbols’
    
    It is good practice to register native routines and to disable symbol
    search.
    
    See ‘Writing portable packages’ in the ‘Writing R Extensions’ manual.
Flavors: r-devel-linux-x86_64-fedora-clang, r-devel-linux-x86_64-fedora-gcc