CRAN Package Check Results for Package cat

Last updated on 2016-08-30 08:48:46.

Flavor Version Tinstall Tcheck Ttotal Status Flags
r-devel-linux-x86_64-debian-clang 0.0-6.5 1.45 14.71 16.17 NOTE
r-devel-linux-x86_64-debian-gcc 0.0-6.5 1.50 14.67 16.17 NOTE
r-devel-linux-x86_64-fedora-clang 0.0-6.5 27.49 NOTE
r-devel-linux-x86_64-fedora-gcc 0.0-6.5 27.10 NOTE
r-devel-osx-x86_64-clang 0.0-6.5 23.69 NOTE
r-devel-windows-ix86+x86_64 0.0-6.5 11.00 56.00 67.00 NOTE
r-patched-linux-x86_64 0.0-6.5 1.33 14.79 16.12 NOTE
r-patched-solaris-sparc 0.0-6.5 188.20 NOTE
r-patched-solaris-x86 0.0-6.5 39.70 NOTE
r-release-linux-x86_64 0.0-6.5 1.34 14.56 15.90 NOTE
r-release-osx-x86_64-mavericks 0.0-6.5 NOTE
r-release-windows-ix86+x86_64 0.0-6.5 6.00 49.00 55.00 NOTE
r-oldrel-windows-ix86+x86_64 0.0-6.5 7.00 34.00 41.00 NOTE

Check Details

Version: 0.0-6.5
Check: DESCRIPTION meta-information
Result: NOTE
    Malformed Description field: should contain one or more complete sentences.
Flavors: r-devel-linux-x86_64-debian-clang, r-devel-linux-x86_64-debian-gcc, r-devel-linux-x86_64-fedora-clang, r-devel-linux-x86_64-fedora-gcc, r-devel-osx-x86_64-clang, r-devel-windows-ix86+x86_64, r-patched-linux-x86_64, r-patched-solaris-sparc, r-patched-solaris-x86, r-release-linux-x86_64, r-release-osx-x86_64-mavericks, r-release-windows-ix86+x86_64, r-oldrel-windows-ix86+x86_64

Version: 0.0-6.5
Check: R code for possible problems
Result: NOTE
    mi.inference: no visible binding for global variable ‘var’
    mi.inference: no visible global function definition for ‘qt’
    mi.inference: no visible global function definition for ‘pt’
    Undefined global functions or variables:
     pt qt var
    Consider adding
     importFrom("stats", "pt", "qt", "var")
    to your NAMESPACE file.
Flavors: r-devel-linux-x86_64-debian-clang, r-devel-linux-x86_64-debian-gcc, r-devel-linux-x86_64-fedora-clang, r-devel-linux-x86_64-fedora-gcc, r-devel-osx-x86_64-clang, r-devel-windows-ix86+x86_64, r-patched-linux-x86_64, r-patched-solaris-sparc, r-patched-solaris-x86, r-release-linux-x86_64, r-release-osx-x86_64-mavericks, r-release-windows-ix86+x86_64