CRAN Package Check Results for Package cat

Last updated on 2017-01-18 12:54:27.

Flavor Version Tinstall Tcheck Ttotal Status Flags
r-devel-linux-x86_64-debian-clang 0.0-6.5 1.55 16.46 18.01 NOTE
r-devel-linux-x86_64-debian-gcc 0.0-6.5 1.45 16.43 17.89 NOTE
r-devel-linux-x86_64-fedora-clang 0.0-6.5 29.91 NOTE --no-stop-on-test-error
r-devel-linux-x86_64-fedora-gcc 0.0-6.5 28.86 NOTE --no-stop-on-test-error
r-devel-macos-x86_64-clang 0.0-6.5 25.47 NOTE --no-stop-on-test-error
r-devel-windows-ix86+x86_64 0.0-6.5 11.00 45.00 56.00 NOTE
r-patched-linux-x86_64 0.0-6.5 1.34 15.02 16.36 NOTE
r-patched-solaris-sparc 0.0-6.5 194.40 NOTE
r-patched-solaris-x86 0.0-6.5 40.20 NOTE
r-release-linux-x86_64 0.0-6.5 1.32 14.61 15.92 NOTE
r-release-osx-x86_64-mavericks 0.0-6.5 NOTE
r-release-windows-ix86+x86_64 0.0-6.5 6.00 44.00 50.00 NOTE
r-oldrel-windows-ix86+x86_64 0.0-6.5 7.00 38.00 45.00 NOTE

Check Details

Version: 0.0-6.5
Check: DESCRIPTION meta-information
Result: NOTE
    Malformed Description field: should contain one or more complete sentences.
Flavors: r-devel-linux-x86_64-debian-clang, r-devel-linux-x86_64-debian-gcc, r-devel-windows-ix86+x86_64, r-patched-linux-x86_64, r-patched-solaris-sparc, r-patched-solaris-x86, r-release-linux-x86_64, r-release-osx-x86_64-mavericks, r-release-windows-ix86+x86_64, r-oldrel-windows-ix86+x86_64

Version: 0.0-6.5
Check: R code for possible problems
Result: NOTE
    mi.inference: no visible binding for global variable ‘var’
    mi.inference: no visible global function definition for ‘qt’
    mi.inference: no visible global function definition for ‘pt’
    Undefined global functions or variables:
     pt qt var
    Consider adding
     importFrom("stats", "pt", "qt", "var")
    to your NAMESPACE file.
Flavors: r-devel-linux-x86_64-debian-clang, r-devel-linux-x86_64-debian-gcc, r-devel-windows-ix86+x86_64, r-patched-linux-x86_64, r-patched-solaris-sparc, r-patched-solaris-x86, r-release-linux-x86_64, r-release-osx-x86_64-mavericks, r-release-windows-ix86+x86_64

Version: 0.0-6.5
Flags: --no-stop-on-test-error
Check: DESCRIPTION meta-information
Result: NOTE
    Malformed Description field: should contain one or more complete sentences.
Flavors: r-devel-linux-x86_64-fedora-clang, r-devel-linux-x86_64-fedora-gcc, r-devel-macos-x86_64-clang

Version: 0.0-6.5
Flags: --no-stop-on-test-error
Check: R code for possible problems
Result: NOTE
    mi.inference: no visible binding for global variable ‘var’
    mi.inference: no visible global function definition for ‘qt’
    mi.inference: no visible global function definition for ‘pt’
    Undefined global functions or variables:
     pt qt var
    Consider adding
     importFrom("stats", "pt", "qt", "var")
    to your NAMESPACE file.
Flavors: r-devel-linux-x86_64-fedora-clang, r-devel-linux-x86_64-fedora-gcc, r-devel-macos-x86_64-clang