CRAN Package Check Results for Package catIrt

Last updated on 2015-04-19 11:51:02.

Flavor Version Tinstall Tcheck Ttotal Status Flags
r-devel-linux-x86_64-debian-clang 0.5-0 1.18 16.80 17.98 OK
r-devel-linux-x86_64-debian-gcc 0.5-0 1.20 15.85 17.05 OK
r-devel-linux-x86_64-fedora-clang 0.5-0 32.64 OK
r-devel-linux-x86_64-fedora-gcc 0.5-0 32.03 OK
r-devel-osx-x86_64-clang 0.5-0 37.15 OK
r-devel-windows-ix86+x86_64 0.5-0 11.00 27.00 38.00 OK
r-patched-linux-x86_64 0.5-0 1.19 15.90 17.09 OK
r-patched-solaris-sparc 0.5-0 210.70 OK
r-patched-solaris-x86 0.5-0 41.50 OK
r-release-linux-x86_64 0.5-0 1.17 15.92 17.10 OK
r-release-osx-x86_64-mavericks 0.5-0 NOTE
r-release-osx-x86_64-snowleopard 0.5-0 OK
r-release-windows-ix86+x86_64 0.5-0 5.00 30.00 35.00 OK
r-oldrel-windows-ix86+x86_64 0.5-0 7.00 40.00 47.00 OK

Check Details

Version: 0.5-0
Check: package dependencies
Result: NOTE
    Package suggested but not available for checking: ‘irtoys’
Flavor: r-release-osx-x86_64-mavericks

Version: 0.5-0
Check: Rd cross-references
Result: NOTE
    Package unavailable to check Rd xrefs: ‘irtoys’
Flavor: r-release-osx-x86_64-mavericks