CRAN Package Check Results for Package catIrt

Last updated on 2015-08-31 21:46:40.

Flavor Version Tinstall Tcheck Ttotal Status Flags
r-devel-linux-x86_64-debian-clang 0.5-0 1.09 15.36 16.44 NOTE
r-devel-linux-x86_64-debian-gcc 0.5-0 1.07 15.16 16.23 NOTE
r-devel-linux-x86_64-fedora-clang 0.5-0 30.99 NOTE
r-devel-linux-x86_64-fedora-gcc 0.5-0 29.59 NOTE
r-devel-osx-x86_64-clang 0.5-0 30.39 OK
r-devel-windows-ix86+x86_64 0.5-0 13.00 44.00 57.00 NOTE
r-patched-linux-x86_64 0.5-0 1.21 16.22 17.44 OK
r-patched-solaris-sparc 0.5-0 198.00 OK
r-patched-solaris-x86 0.5-0 43.40 OK
r-release-linux-x86_64 0.5-0 1.20 16.54 17.74 OK
r-release-osx-x86_64-mavericks 0.5-0 OK
r-release-windows-ix86+x86_64 0.5-0 12.00 29.00 41.00 OK
r-oldrel-windows-ix86+x86_64 0.5-0 14.00 34.00 48.00 OK

Check Details

Version: 0.5-0
Check: R code for possible problems
Result: NOTE
    WFI: no visible binding for global variable ‘dnorm’
    bmeEst: no visible binding for global variable ‘dnorm’
    bmeEst: no visible global function definition for ‘optimize’
    catIrt: no visible binding for global variable ‘dnorm’
    catIrt: no visible global function definition for ‘txtProgressBar’
    catIrt: no visible global function definition for ‘setTxtProgressBar’
    eapEst: no visible binding for global variable ‘dnorm’
    itChoose: no visible binding for global variable ‘dnorm’
    itChoose: no visible global function definition for ‘runif’
    logLik.brm: no visible binding for global variable ‘dnorm’
    logLik.grm: no visible binding for global variable ‘dnorm’
    middleCat: no visible binding for global variable ‘dnorm’
    middleCat: no visible global function definition for ‘runif’
    mleEst: no visible global function definition for ‘optimize’
    plot.catIrt: no visible global function definition for ‘devAskNewPage’
    plot.catIrt: no visible global function definition for ‘plot’
    plot.catIrt: no visible global function definition for ‘axis’
    plot.catIrt: no visible global function definition for ‘lines’
    plot.catIrt: no visible global function definition for ‘qnorm’
    plot.catIrt: no visible global function definition for ‘modifyList’
    plot.catIrt: no visible binding for global variable ‘plot’
    plot.catIrt: no visible global function definition for ‘mtext’
    plot.catIrt: no visible global function definition for ‘segments’
    plot.catIrt: no visible global function definition for ‘abline’
    simIrt: no visible global function definition for ‘runif’
    startCat: no visible binding for global variable ‘dnorm’
    startCat: no visible global function definition for ‘runif’
    summary.catIrt: no visible global function definition for ‘sd’
    summary.catIrt: no visible global function definition for ‘cor’
    termCI: no visible global function definition for ‘qnorm’
    termGLR: no visible global function definition for ‘logLik’
    termSPRT: no visible global function definition for ‘logLik’
    wleEst: no visible global function definition for ‘uniroot’
    Undefined global functions or variables:
     abline axis cor devAskNewPage dnorm lines logLik modifyList mtext
     optimize plot qnorm runif sd segments setTxtProgressBar
     txtProgressBar uniroot
    Consider adding
     importFrom("grDevices", "devAskNewPage")
     importFrom("graphics", "abline", "axis", "lines", "mtext", "plot",
     "segments")
     importFrom("stats", "cor", "dnorm", "logLik", "optimize", "qnorm",
     "runif", "sd", "uniroot")
     importFrom("utils", "modifyList", "setTxtProgressBar",
     "txtProgressBar")
    to your NAMESPACE.
Flavors: r-devel-linux-x86_64-debian-clang, r-devel-linux-x86_64-debian-gcc, r-devel-linux-x86_64-fedora-clang, r-devel-linux-x86_64-fedora-gcc, r-devel-windows-ix86+x86_64