CRAN Package Check Results for Package catIrt

Last updated on 2015-07-03 11:46:57.

Flavor Version Tinstall Tcheck Ttotal Status Flags
r-devel-linux-x86_64-debian-clang 0.5-0 1.17 15.58 16.76 NOTE
r-devel-linux-x86_64-debian-gcc 0.5-0 1.10 15.59 16.70 NOTE
r-devel-linux-x86_64-fedora-clang 0.5-0 31.46 NOTE
r-devel-linux-x86_64-fedora-gcc 0.5-0 29.45 NOTE
r-devel-osx-x86_64-clang 0.5-0 32.65 OK
r-devel-windows-ix86+x86_64 0.5-0 8.00 33.00 41.00 NOTE
r-patched-linux-x86_64 0.5-0 1.22 15.81 17.03 OK
r-patched-solaris-sparc 0.5-0 197.60 OK
r-patched-solaris-x86 0.5-0 42.50 OK
r-release-linux-x86_64 0.5-0 1.28 16.56 17.84 OK
r-release-osx-x86_64-mavericks 0.5-0 OK
r-release-windows-ix86+x86_64 0.5-0 7.00 28.00 35.00 OK
r-oldrel-windows-ix86+x86_64 0.5-0 8.00 33.00 41.00 OK

Check Details

Version: 0.5-0
Check: R code for possible problems
Result: NOTE
    WFI: no visible binding for global variable ‘dnorm’
    bmeEst: no visible binding for global variable ‘dnorm’
    bmeEst: no visible global function definition for ‘optimize’
    catIrt: no visible binding for global variable ‘dnorm’
    catIrt: no visible global function definition for ‘txtProgressBar’
    catIrt: no visible global function definition for ‘setTxtProgressBar’
    eapEst: no visible binding for global variable ‘dnorm’
    itChoose: no visible binding for global variable ‘dnorm’
    itChoose: no visible global function definition for ‘runif’
    logLik.brm: no visible binding for global variable ‘dnorm’
    logLik.grm: no visible binding for global variable ‘dnorm’
    middleCat: no visible binding for global variable ‘dnorm’
    middleCat: no visible global function definition for ‘runif’
    mleEst: no visible global function definition for ‘optimize’
    plot.catIrt: no visible global function definition for ‘devAskNewPage’
    plot.catIrt: no visible global function definition for ‘plot’
    plot.catIrt: no visible global function definition for ‘axis’
    plot.catIrt: no visible global function definition for ‘lines’
    plot.catIrt: no visible global function definition for ‘qnorm’
    plot.catIrt: no visible global function definition for ‘modifyList’
    plot.catIrt: no visible binding for global variable ‘plot’
    plot.catIrt: no visible global function definition for ‘mtext’
    plot.catIrt: no visible global function definition for ‘segments’
    plot.catIrt: no visible global function definition for ‘abline’
    simIrt: no visible global function definition for ‘runif’
    startCat: no visible binding for global variable ‘dnorm’
    startCat: no visible global function definition for ‘runif’
    summary.catIrt: no visible global function definition for ‘sd’
    summary.catIrt: no visible global function definition for ‘cor’
    termCI: no visible global function definition for ‘qnorm’
    termGLR: no visible global function definition for ‘logLik’
    termSPRT: no visible global function definition for ‘logLik’
    wleEst: no visible global function definition for ‘uniroot’
    Undefined global functions or variables:
     abline axis cor devAskNewPage dnorm lines logLik modifyList mtext
     optimize plot qnorm runif sd segments setTxtProgressBar
     txtProgressBar uniroot
Flavors: r-devel-linux-x86_64-debian-clang, r-devel-linux-x86_64-debian-gcc, r-devel-linux-x86_64-fedora-clang, r-devel-linux-x86_64-fedora-gcc, r-devel-windows-ix86+x86_64