CRAN Package Check Results for Package catIrt

Last updated on 2014-04-24 11:48:42.

Flavor Version Tinstall Tcheck Ttotal Status Flags
r-devel-linux-x86_64-debian-clang 0.4-1 1.40 22.55 23.95 NOTE
r-devel-linux-x86_64-debian-gcc 0.4-1 1.23 22.78 24.01 NOTE
r-devel-linux-x86_64-fedora-clang 0.4-1 47.75 NOTE
r-devel-linux-x86_64-fedora-gcc 0.4-1 44.37 NOTE
r-devel-osx-x86_64-clang 0.4-1 40.75 NOTE
r-devel-osx-x86_64-gcc 0.4-1 NOTE
r-devel-windows-ix86+x86_64 0.4-1 6.00 36.00 42.00 NOTE
r-patched-linux-x86_64 0.4-1 1.29 22.44 23.73 NOTE
r-patched-solaris-sparc 0.4-1 258.40 NOTE
r-patched-solaris-x86 0.4-1 58.60 NOTE
r-release-linux-ix86 0.4-1 2.00 41.00 43.00 NOTE
r-release-linux-x86_64 0.4-1 1.12 23.36 24.48 NOTE
r-release-osx-x86_64-mavericks 0.4-1 WARN
r-release-windows-ix86+x86_64 0.4-1 6.00 39.00 45.00 NOTE
r-oldrel-windows-ix86+x86_64 0.4-1 6.00 39.00 45.00 NOTE

Check Details

Version: 0.4-1
Check: dependencies in R code
Result: NOTE
    'library' or 'require' call to ‘sfsmisc’ which was already attached by Depends.
     Please remove these calls from your code.
    Packages in Depends field not imported from:
     ‘numDeriv’ ‘sfsmisc’
     These packages need to be imported from (in the NAMESPACE file)
     for when this namespace is loaded but not attached.
    See the information on DESCRIPTION files in the chapter ‘Creating R
    packages’ of the ‘Writing R Extensions’ manual.
Flavors: r-devel-linux-x86_64-debian-clang, r-devel-linux-x86_64-debian-gcc, r-devel-linux-x86_64-fedora-clang, r-devel-linux-x86_64-fedora-gcc, r-devel-osx-x86_64-clang, r-devel-osx-x86_64-gcc, r-devel-windows-ix86+x86_64, r-patched-linux-x86_64, r-patched-solaris-sparc, r-patched-solaris-x86, r-release-linux-ix86, r-release-linux-x86_64, r-release-osx-x86_64-mavericks, r-release-windows-ix86+x86_64, r-oldrel-windows-ix86+x86_64

Version: 0.4-1
Check: top-level files
Result: NOTE
    Non-standard file/directory found at top level:
     ‘LICENSE.txt’
Flavors: r-devel-linux-x86_64-fedora-clang, r-devel-linux-x86_64-fedora-gcc

Version: 0.4-1
Check: PDF version of manual
Result: WARNING
    LaTeX errors when creating PDF version.
    This typically indicates Rd problems.
    LaTeX errors found:
    ! LaTeX Error: File `upquote.sty' not found.
    
    Type X to quit or <RETURN> to proceed,
    or enter new name. (Default extension: sty)
    
    53c69e0c/Rd2.tex:8: ==> Fatal error occurred, no output PDF file produced!
Flavor: r-release-osx-x86_64-mavericks