CRAN Package Check Results for Package catR

Last updated on 2015-08-29 15:47:40.

Flavor Version Tinstall Tcheck Ttotal Status Flags
r-devel-linux-x86_64-debian-clang 3.4 0.96 18.89 19.84 NOTE
r-devel-linux-x86_64-debian-gcc 3.4 0.97 18.83 19.80 NOTE
r-devel-linux-x86_64-fedora-clang 3.4 37.86 NOTE
r-devel-linux-x86_64-fedora-gcc 3.4 35.83 NOTE
r-devel-osx-x86_64-clang 3.4 35.83 NOTE
r-devel-windows-ix86+x86_64 3.4 5.00 48.00 53.00 NOTE
r-patched-linux-x86_64 3.4 0.99 19.80 20.79 NOTE
r-patched-solaris-sparc 3.4 256.00 NOTE
r-patched-solaris-x86 3.4 50.50 NOTE
r-release-linux-x86_64 3.4 0.99 22.00 22.99 NOTE
r-release-osx-x86_64-mavericks 3.4 OK
r-release-windows-ix86+x86_64 3.4 3.00 48.00 51.00 OK
r-oldrel-windows-ix86+x86_64 3.4 5.00 34.00 39.00 OK

Check Details

Version: 3.4
Check: S3 generic/method consistency
Result: NOTE
    Found the following apparent S3 methods exported but not registered:
     plot.cat plot.catResult print.cat print.catResult
    See section ‘Registering S3 methods’ in the ‘Writing R Extensions’
    manual.
Flavors: r-devel-linux-x86_64-debian-clang, r-devel-linux-x86_64-debian-gcc, r-devel-linux-x86_64-fedora-clang, r-devel-linux-x86_64-fedora-gcc, r-devel-osx-x86_64-clang, r-patched-linux-x86_64, r-patched-solaris-sparc, r-patched-solaris-x86, r-release-linux-x86_64

Version: 3.4
Check: R code for possible problems
Result: NOTE
    KL: no visible global function definition for ‘dnorm’
    KL: no visible global function definition for ‘dunif’
    MWI: no visible global function definition for ‘dnorm’
    MWI: no visible global function definition for ‘dunif’
    eapEst : g: no visible global function definition for ‘dnorm’
    eapEst : g: no visible global function definition for ‘dunif’
    eapEst : h: no visible global function definition for ‘dnorm’
    eapEst : h: no visible global function definition for ‘dunif’
    eapEst : gg: no visible global function definition for ‘dnorm’
    eapEst : gg: no visible global function definition for ‘dunif’
    eapEst : hh: no visible global function definition for ‘dnorm’
    eapEst : hh: no visible global function definition for ‘dunif’
    eapSem : g: no visible global function definition for ‘dnorm’
    eapSem : g: no visible global function definition for ‘dunif’
    eapSem : h: no visible global function definition for ‘dnorm’
    eapSem : h: no visible global function definition for ‘dunif’
    eapSem : gg: no visible global function definition for ‘dnorm’
    eapSem : gg: no visible global function definition for ‘dunif’
    eapSem : hh: no visible global function definition for ‘dnorm’
    eapSem : hh: no visible global function definition for ‘dunif’
    genDichoMatrix: no visible global function definition for ‘rnorm’
    genDichoMatrix: no visible global function definition for ‘runif’
    genDichoMatrix: no visible global function definition for ‘rlnorm’
    genDichoMatrix: no visible global function definition for ‘rbeta’
    genDichoMatrix : f: no visible global function definition for
     ‘rmultinom’
    genPattern: no visible global function definition for ‘rbinom’
    genPattern: no visible global function definition for ‘rmultinom’
    genPolyMatrix: no visible global function definition for ‘rpois’
    genPolyMatrix: no visible global function definition for ‘rlnorm’
    genPolyMatrix: no visible global function definition for ‘rnorm’
    genPolyMatrix: no visible global function definition for ‘rmultinom’
    nextItem: no visible global function definition for ‘runif’
    plot.cat : internalCAT: no visible global function definition for
     ‘qnorm’
    plot.cat : internalCAT: no visible global function definition for
     ‘plot’
    plot.cat : internalCAT: no visible global function definition for
     ‘lines’
    plot.cat : internalCAT: no visible global function definition for
     ‘abline’
    plot.cat: no visible global function definition for ‘pdf’
    plot.cat: no visible global function definition for ‘dev.off’
    plot.cat: no visible global function definition for ‘jpeg’
    plot.catResult : internalCAT : plot.trueEst: no visible global function
     definition for ‘plot’
    plot.catResult : internalCAT : plot.trueEst: no visible global function
     definition for ‘abline’
    plot.catResult : internalCAT : plot.trueEst: no visible global function
     definition for ‘lm’
    plot.catResult : internalCAT : plot.expRate: no visible global function
     definition for ‘plot’
    plot.catResult : internalCAT : plot.cumExpRate: no visible global
     function definition for ‘plot’
    plot.catResult : internalCAT : plot.cumNumberItems: no visible global
     function definition for ‘plot’
    plot.catResult : internalCAT : plot.expRatePara: no visible global
     function definition for ‘plot’
    plot.catResult : internalCAT : plot.condBias: no visible global
     function definition for ‘plot’
    plot.catResult : internalCAT : plot.condRMSE: no visible global
     function definition for ‘plot’
    plot.catResult : internalCAT : plot.numberItems: no visible global
     function definition for ‘plot’
    plot.catResult : internalCAT : plot.sError: no visible global function
     definition for ‘plot’
    plot.catResult : internalCAT : plot.condThr: no visible global function
     definition for ‘plot’
    plot.catResult : internalCAT: no visible global function definition for
     ‘par’
    plot.catResult: no visible global function definition for ‘pdf’
    plot.catResult: no visible global function definition for ‘dev.off’
    plot.catResult: no visible global function definition for ‘jpeg’
    randomCAT : internalCAT: no visible global function definition for
     ‘qnorm’
    randomCAT: no visible global function definition for ‘capture.output’
    simulateRespondents : internalSR: no visible global function definition
     for ‘runif’
    simulateRespondents : internalSR: no visible global function definition
     for ‘cor’
    simulateRespondents : internalSR: no visible global function definition
     for ‘quantile’
    simulateRespondents: no visible global function definition for
     ‘capture.output’
    simulateRespondents: no visible global function definition for
     ‘write.table’
    thetaEst: no visible global function definition for ‘uniroot’
    Undefined global functions or variables:
     abline capture.output cor dev.off dnorm dunif jpeg lines lm par pdf
     plot qnorm quantile rbeta rbinom rlnorm rmultinom rnorm rpois runif
     uniroot write.table
    Consider adding
     importFrom("grDevices", "dev.off", "jpeg", "pdf")
     importFrom("graphics", "abline", "lines", "par", "plot")
     importFrom("stats", "cor", "dnorm", "dunif", "lm", "qnorm", "quantile",
     "rbeta", "rbinom", "rlnorm", "rmultinom", "rnorm", "rpois",
     "runif", "uniroot")
     importFrom("utils", "capture.output", "write.table")
    to your NAMESPACE.
Flavors: r-devel-linux-x86_64-debian-clang, r-devel-linux-x86_64-debian-gcc, r-devel-linux-x86_64-fedora-clang, r-devel-linux-x86_64-fedora-gcc, r-devel-windows-ix86+x86_64