CRAN Package Check Results for Package catR

Last updated on 2015-01-31 19:51:19.

Flavor Version Tinstall Tcheck Ttotal Status Flags
r-devel-linux-x86_64-debian-clang 3.4 1.38 20.43 21.81 NOTE
r-devel-linux-x86_64-debian-gcc 3.4 1.00 19.33 20.33 NOTE
r-devel-linux-x86_64-fedora-clang 3.4 43.45 NOTE
r-devel-linux-x86_64-fedora-gcc 3.4 40.77 NOTE
r-devel-osx-x86_64-clang 3.4 42.63 NOTE
r-devel-windows-ix86+x86_64 3.4 4.00 32.00 36.00 OK
r-patched-linux-x86_64 3.4 1.19 22.79 23.98 OK
r-patched-solaris-sparc 3.4 246.20 OK
r-patched-solaris-x86 3.4 56.50 OK
r-release-linux-ix86 3.4 1.52 27.56 29.07 OK
r-release-linux-x86_64 3.4 1.10 21.20 22.29 OK
r-release-osx-x86_64-mavericks 3.4 OK
r-release-osx-x86_64-snowleopard 3.4 OK
r-release-windows-ix86+x86_64 3.4 5.00 37.00 42.00 OK
r-oldrel-windows-ix86+x86_64 3.4 4.00 37.00 41.00 OK

Check Details

Version: 3.4
Check: S3 generic/method consistency
Result: NOTE
    Found the following apparent S3 methods exported but not registered:
     print.cat print.catResult plot.cat plot.catResult
    See section ‘Registering S3 methods’ in the ‘Writing R Extensions’
    manual.
Flavors: r-devel-linux-x86_64-debian-clang, r-devel-linux-x86_64-debian-gcc, r-devel-linux-x86_64-fedora-clang, r-devel-linux-x86_64-fedora-gcc, r-devel-osx-x86_64-clang