CRAN Package Check Results for Package catR

Last updated on 2015-05-23 14:46:51.

Flavor Version Tinstall Tcheck Ttotal Status Flags
r-devel-linux-x86_64-debian-clang 3.4 1.00 19.73 20.74 NOTE
r-devel-linux-x86_64-debian-gcc 3.4 0.98 19.96 20.95 NOTE
r-devel-linux-x86_64-fedora-clang 3.4 39.74 NOTE
r-devel-linux-x86_64-fedora-gcc 3.4 38.17 NOTE
r-devel-osx-x86_64-clang 3.4 39.51 NOTE
r-devel-windows-ix86+x86_64 3.4 6.00 30.00 36.00 OK
r-patched-linux-x86_64 3.4 0.99 19.88 20.87 NOTE
r-patched-solaris-sparc 3.4 245.80 NOTE
r-patched-solaris-x86 3.4 50.50 NOTE
r-release-linux-x86_64 3.4 1.00 19.70 20.70 NOTE
r-release-osx-x86_64-mavericks 3.4 OK
r-release-osx-x86_64-snowleopard 3.4 OK
r-release-windows-ix86+x86_64 3.4 3.00 38.00 41.00 OK
r-oldrel-windows-ix86+x86_64 3.4 5.00 34.00 39.00 OK

Check Details

Version: 3.4
Check: S3 generic/method consistency
Result: NOTE
    Found the following apparent S3 methods exported but not registered:
     plot.cat plot.catResult print.cat print.catResult
    See section ‘Registering S3 methods’ in the ‘Writing R Extensions’
    manual.
Flavors: r-devel-linux-x86_64-debian-clang, r-devel-linux-x86_64-debian-gcc, r-devel-linux-x86_64-fedora-clang, r-devel-linux-x86_64-fedora-gcc, r-devel-osx-x86_64-clang, r-patched-linux-x86_64, r-patched-solaris-sparc, r-patched-solaris-x86, r-release-linux-x86_64