CRAN Package Check Results for Package catR

Last updated on 2015-04-19 19:51:43.

Flavor Version Tinstall Tcheck Ttotal Status Flags
r-devel-linux-x86_64-debian-clang 3.4 1.01 20.72 21.73 NOTE
r-devel-linux-x86_64-debian-gcc 3.4 1.00 20.05 21.05 NOTE
r-devel-linux-x86_64-fedora-clang 3.4 39.86 NOTE
r-devel-linux-x86_64-fedora-gcc 3.4 38.52 NOTE
r-devel-osx-x86_64-clang 3.4 41.91 NOTE
r-devel-windows-ix86+x86_64 3.4 4.00 34.00 38.00 OK
r-patched-linux-x86_64 3.4 1.01 20.36 21.37 NOTE
r-patched-solaris-sparc 3.4 270.00 OK
r-patched-solaris-x86 3.4 49.60 OK
r-release-linux-x86_64 3.4 1.56 19.46 21.02 NOTE
r-release-osx-x86_64-mavericks 3.4 OK
r-release-osx-x86_64-snowleopard 3.4 OK
r-release-windows-ix86+x86_64 3.4 3.00 38.00 41.00 OK
r-oldrel-windows-ix86+x86_64 3.4 5.00 34.00 39.00 OK

Check Details

Version: 3.4
Check: S3 generic/method consistency
Result: NOTE
    Found the following apparent S3 methods exported but not registered:
     plot.cat plot.catResult print.cat print.catResult
    See section ‘Registering S3 methods’ in the ‘Writing R Extensions’
    manual.
Flavors: r-devel-linux-x86_64-debian-clang, r-devel-linux-x86_64-debian-gcc, r-devel-linux-x86_64-fedora-clang, r-devel-linux-x86_64-fedora-gcc, r-devel-osx-x86_64-clang, r-patched-linux-x86_64, r-release-linux-x86_64