CRAN Package Check Results for Package catdata

Last updated on 2015-07-03 23:47:26.

Flavor Version Tinstall Tcheck Ttotal Status Flags
r-devel-linux-x86_64-debian-clang 1.2.1 1.06 60.42 61.48 OK
r-devel-linux-x86_64-debian-gcc 1.2.1 0.96 58.60 59.56 OK
r-devel-linux-x86_64-fedora-clang 1.2.1 125.36 OK
r-devel-linux-x86_64-fedora-gcc 1.2.1 123.51 OK
r-devel-osx-x86_64-clang 1.2.1 162.40 OK
r-devel-windows-ix86+x86_64 1.2.1 14.00 96.00 110.00 OK
r-patched-linux-x86_64 1.2.1 1.43 59.45 60.88 OK
r-patched-solaris-sparc 1.2.1 685.40 OK
r-patched-solaris-x86 1.2.1 141.20 OK
r-release-linux-x86_64 1.2.1 1.14 59.04 60.18 OK
r-release-osx-x86_64-mavericks 1.2.1 OK
r-release-windows-ix86+x86_64 1.2.1 11.00 72.00 83.00 NOTE
r-oldrel-windows-ix86+x86_64 1.2.1 8.00 108.00 116.00 OK

Check Details

Version: 1.2.1
Check: re-building of vignette outputs
Result: NOTE
    Error in re-building vignettes:
     ...
    Warning: running command '"D:\compiler\texmf\miktex\bin\texi2dvi.exe" --quiet --pdf "multinomial-travel.tex" --max-iterations=20 -I "D:/RCompile/recent/R-3.2.1/share/texmf/tex/latex" -I "D:/RCompile/recent/R-3.2.1/share/texmf/bibtex/bst"' had status 1
    Error in find_vignette_product(name, by = "texi2pdf", engine = engine) :
     Failed to locate the 'texi2pdf' output file (by engine 'utils::Sweave') for vignette with name 'multinomial-travel'. The following files exist in directory '.': 'altbin-teratology.Rnw', 'altbin-teratology.aux', 'altbin-teratology.log', 'altbin-teratology.pdf', 'altbin-teratology.tex', 'binary-unemployment.Rnw', 'binary-unemployment.aux', 'binary-unemployment.log', 'binary-unemployment.pdf', 'binary-unemployment.tex', 'binary-vaso.Rnw', 'binary-vaso.aux', 'binary-vaso.log', 'binary-vaso.pdf', 'binary-vaso.tex', 'count-children.Rnw', 'count-children.aux', 'count-children.log', 'count-children.pdf', 'count-children.tex', 'count-encephalitis.Rnw', 'count-encephalitis.aux', 'count-encephalitis.log', 'count-encephalitis.pdf', 'count-encephalitis.tex', 'count-insolvency.Rnw', 'count-insolvency.aux', 'count-insolvency.log', 'count-insolvency.pdf', 'count-insolvency.tex', 'count-medcare.Rnw', 'count-medcare.aux', 'count-medcare.log', 'count-medcare.pdf', 'count-medcare.tex', 'disc_com
    Calls: buildVignettes -> find_vignette_product
    Execution halted
Flavor: r-release-windows-ix86+x86_64