CRAN Package Check Results for Package catdata

Last updated on 2018-04-22 00:46:26 CEST.

Flavor Version Tinstall Tcheck Ttotal Status Flags
r-devel-linux-x86_64-debian-clang 1.2.1 1.47 92.07 93.54 OK
r-devel-linux-x86_64-debian-gcc 1.2.1 0.87 74.60 75.47 OK
r-devel-linux-x86_64-fedora-clang 1.2.1 131.89 OK
r-devel-linux-x86_64-fedora-gcc 1.2.1 128.37 OK
r-devel-windows-ix86+x86_64 1.2.1 6.00 194.00 200.00 OK
r-devel-osx-x86_64 1.2.1 OK
r-patched-linux-x86_64 1.2.1 1.15 91.70 92.85 OK
r-patched-solaris-x86 1.2.1 143.90 OK
r-release-linux-x86_64 1.2.1 1.58 90.00 91.58 OK
r-release-windows-ix86+x86_64 1.2.1 9.00 149.00 158.00 OK
r-release-osx-x86_64 1.2.1 OK
r-oldrel-windows-ix86+x86_64 1.2.1 10.00 146.00 156.00 WARN

Check Details

Version: 1.2.1
Check: examples
Result: FAIL
    
Flavor: r-release-osx-x86_64

Version: 1.2.1
Check: re-building of vignette outputs
Result: WARN
    Error in re-building vignettes:
     ...
Flavor: r-oldrel-windows-ix86+x86_64