CRAN Package Check Results for Package catdata

Last updated on 2015-03-06 19:50:13.

Flavor Version Tinstall Tcheck Ttotal Status Flags
r-devel-linux-x86_64-debian-clang 1.2.1 1.05 60.08 61.13 OK
r-devel-linux-x86_64-debian-gcc 1.2.1 1.58 61.16 62.74 OK
r-devel-linux-x86_64-fedora-clang 1.2.1 129.27 OK
r-devel-linux-x86_64-fedora-gcc 1.2.1 125.92 OK
r-devel-osx-x86_64-clang 1.2.1 212.11 OK
r-devel-windows-ix86+x86_64 1.2.1 8.00 100.00 108.00 OK
r-patched-linux-x86_64 1.2.1 1.66 62.19 63.86 OK
r-patched-solaris-sparc 1.2.1 831.20 OK
r-patched-solaris-x86 1.2.1 144.30 OK
r-release-linux-ix86 1.2.1 1.52 119.69 121.21 OK
r-release-linux-x86_64 1.2.1 1.14 59.64 60.77 OK
r-release-osx-x86_64-mavericks 1.2.1 NOTE
r-release-osx-x86_64-snowleopard 1.2.1 OK
r-release-windows-ix86+x86_64 1.2.1 7.00 105.00 112.00 OK
r-oldrel-windows-ix86+x86_64 1.2.1 8.00 103.00 111.00 OK

Check Details

Version: 1.2.1
Check: re-building of vignette outputs
Result: NOTE
    Error in re-building vignettes:
     ...
    Error in texi2dvi(file = file, pdf = TRUE, clean = clean, quiet = quiet, :
     Running 'texi2dvi' on 'regsel-heartdisease4.tex' failed.
    Calls: buildVignettes -> texi2pdf -> texi2dvi
    Execution halted
    
    * checking PDF version of manual ...* elapsed time (check, wall clock): 30:03
Flavor: r-release-osx-x86_64-mavericks