CRAN Package Check Results for Package catdata

Last updated on 2015-05-22 21:46:25.

Flavor Version Tinstall Tcheck Ttotal Status Flags
r-devel-linux-x86_64-debian-clang 1.2.1 1.14 59.28 60.42 OK
r-devel-linux-x86_64-debian-gcc 1.2.1 0.99 58.66 59.65 OK
r-devel-linux-x86_64-fedora-clang 1.2.1 129.85 OK
r-devel-linux-x86_64-fedora-gcc 1.2.1 127.73 OK
r-devel-osx-x86_64-clang 1.2.1 224.22 OK
r-devel-windows-ix86+x86_64 1.2.1 9.00 106.00 115.00 OK
r-patched-linux-x86_64 1.2.1 1.38 59.67 61.05 OK
r-patched-solaris-sparc 1.2.1 685.40 OK
r-patched-solaris-x86 1.2.1 136.40 OK
r-release-linux-x86_64 1.2.1 1.18 59.60 60.78 OK
r-release-osx-x86_64-mavericks 1.2.1 OK
r-release-osx-x86_64-snowleopard 1.2.1 NOTE
r-release-windows-ix86+x86_64 1.2.1 5.00 100.00 105.00 OK
r-oldrel-windows-ix86+x86_64 1.2.1 7.00 114.00 121.00 OK

Check Details

Version: 1.2.1
Check: package dependencies
Result: NOTE
    Packages suggested but not available for checking:
     ‘rms’ ‘mlogit’ ‘Ecdat’ ‘party’ ‘vcdExtra’ ‘mboost’
Flavor: r-release-osx-x86_64-snowleopard