CRAN Package Check Results for Package catdata

Last updated on 2015-04-01 17:48:32.

Flavor Version Tinstall Tcheck Ttotal Status Flags
r-devel-linux-x86_64-debian-clang 1.2.1 1.24 59.50 60.74 OK
r-devel-linux-x86_64-debian-gcc 1.2.1 1.36 59.37 60.72 OK
r-devel-linux-x86_64-fedora-clang 1.2.1 133.17 OK
r-devel-linux-x86_64-fedora-gcc 1.2.1 130.94 OK
r-devel-osx-x86_64-clang 1.2.1 229.59 OK
r-prerel-windows-ix86+x86_64 1.2.1 10.00 103.00 113.00 OK
r-prerel-linux-x86_64 1.2.1 1.00 59.27 60.28 OK
r-prerel-solaris-sparc 1.2.1 783.50 OK
r-prerel-solaris-x86 1.2.1 137.20 OK
r-release-linux-x86_64 1.2.1 1.18 61.54 62.72 OK
r-release-osx-x86_64-mavericks 1.2.1 NOTE
r-release-osx-x86_64-snowleopard 1.2.1 OK
r-release-windows-ix86+x86_64 1.2.1 7.00 101.00 108.00 OK
r-oldrel-windows-ix86+x86_64 1.2.1 7.00 104.00 111.00 OK

Check Details

Version: 1.2.1
Check: re-building of vignette outputs
Result: NOTE
    Error in re-building vignettes:
     ...
    Error in texi2dvi(file = file, pdf = TRUE, clean = clean, quiet = quiet, :
     Running 'texi2dvi' on 'regsel-heartdisease4.tex' failed.
    Calls: buildVignettes -> texi2pdf -> texi2dvi
    Execution halted
    
    * checking PDF version of manual ...* elapsed time (check, wall clock): 30:03
Flavor: r-release-osx-x86_64-mavericks