CRAN Package Check Results for Package catdata

Last updated on 2014-04-21 09:47:57.

Flavor Version Tinstall Tcheck Ttotal Status Flags
r-devel-linux-x86_64-debian-clang 1.2 1.23 43.87 45.10 OK
r-devel-linux-x86_64-debian-gcc 1.2 1.32 43.96 45.28 OK
r-devel-linux-x86_64-fedora-clang 1.2 116.48 OK
r-devel-linux-x86_64-fedora-gcc 1.2 113.83 OK
r-devel-macosx-x86_64-clang 1.2 153.14 OK
r-devel-macosx-x86_64-gcc 1.2 NOTE
r-devel-windows-ix86+x86_64 1.2 4.00 95.00 99.00 OK
r-patched-linux-x86_64 1.2 1.29 43.96 45.25 OK
r-patched-solaris-sparc 1.2 513.40 OK
r-patched-solaris-x86 1.2 179.20 OK
r-release-linux-ix86 OK
r-release-linux-x86_64 1.2 1.20 44.36 45.56 OK
r-release-macosx-x86_64 1.2 OK
r-release-windows-ix86+x86_64 1.2 6.00 94.00 100.00 OK
r-oldrel-windows-ix86+x86_64 1.2 5.00 97.00 102.00 OK

Check Details

Version: 1.2
Check: package dependencies
Result: NOTE
    Packages suggested but not available for checking:
     ‘rms’ ‘pscl’ ‘mlogit’ ‘Ecdat’ ‘party’ ‘lme4’ ‘vcdExtra’ ‘mboost’
Flavor: r-devel-macosx-x86_64-gcc