CRAN Package Check Results for Package catdata

Last updated on 2015-01-27 12:47:24.

Flavor Version Tinstall Tcheck Ttotal Status Flags
r-devel-linux-x86_64-debian-clang 1.2.1 1.04 60.72 61.75 OK
r-devel-linux-x86_64-debian-gcc 1.2.1 1.02 58.77 59.78 OK
r-devel-linux-x86_64-fedora-clang 1.2.1 129.66 OK
r-devel-linux-x86_64-fedora-gcc 1.2.1 132.38 OK
r-devel-osx-x86_64-clang 1.2.1 206.47 OK
r-devel-windows-ix86+x86_64 1.2.1 7.00 105.00 112.00 OK
r-patched-linux-x86_64 1.2.1 1.14 62.24 63.37 OK
r-patched-solaris-sparc 1.2.1 636.00 OK
r-patched-solaris-x86 1.2.1 144.10 OK
r-release-linux-ix86 1.2.1 1.58 87.58 89.15 OK
r-release-linux-x86_64 1.2.1 1.23 60.08 61.31 OK
r-release-osx-x86_64-mavericks 1.2.1 NOTE
r-release-osx-x86_64-snowleopard 1.2.1 OK
r-release-windows-ix86+x86_64 1.2.1 7.00 103.00 110.00 OK
r-oldrel-windows-ix86+x86_64 1.2.1 12.00 104.00 116.00 OK

Check Details

Version: 1.2.1
Check: re-building of vignette outputs
Result: NOTE
    Error in re-building vignettes:
     ...
    Error in texi2dvi(file = file, pdf = TRUE, clean = clean, quiet = quiet, :
     Running 'texi2dvi' on 'regsel-heartdisease4.tex' failed.
    Calls: buildVignettes -> texi2pdf -> texi2dvi
    Execution halted
    
    * checking PDF version of manual ...* elapsed time (check, wall clock): 30:03
Flavor: r-release-osx-x86_64-mavericks