CRAN Package Check Results for Package catdata

Last updated on 2017-11-23 00:46:59 CET.

Flavor Version Tinstall Tcheck Ttotal Status Flags
r-devel-linux-x86_64-debian-clang 1.2.1 1.07 108.24 109.31 OK
r-devel-linux-x86_64-debian-gcc 1.2.1 1.28 305.66 306.94 OK
r-devel-linux-x86_64-fedora-clang 1.2.1 120.32 OK
r-devel-linux-x86_64-fedora-gcc 1.2.1 121.68 OK
r-devel-windows-ix86+x86_64 1.2.1 6.00 145.00 151.00 OK
r-patched-linux-x86_64 1.2.1 1.03 60.01 61.04 OK
r-patched-solaris-x86 1.2.1 137.30 OK
r-release-linux-x86_64 1.2.1 1.07 59.61 60.68 OK
r-release-windows-ix86+x86_64 1.2.1 5.00 130.00 135.00 OK
r-release-osx-x86_64 1.2.1 OK
r-oldrel-windows-ix86+x86_64 1.2.1 5.00 143.00 148.00 OK
r-oldrel-osx-x86_64 1.2.1 OK

Check Details

Version: 1.2.1
Check: examples
Result: FAIL
    
Flavor: r-release-osx-x86_64