CRAN Package Check Results for Package catdata

Last updated on 2017-09-21 19:46:19.

Flavor Version Tinstall Tcheck Ttotal Status Flags
r-devel-linux-x86_64-debian-clang 1.2.1 1.04 61.65 62.69 OK
r-devel-linux-x86_64-debian-gcc 1.2.1 1.05 60.96 62.01 OK
r-devel-linux-x86_64-fedora-clang 1.2.1 133.00 OK
r-devel-linux-x86_64-fedora-gcc 1.2.1 123.27 OK
r-devel-windows-ix86+x86_64 1.2.1 6.00 130.00 136.00 OK
r-patched-linux-x86_64 1.2.1 1.09 60.97 62.06 OK
r-patched-solaris-x86 1.2.1 135.80 OK
r-release-linux-x86_64 1.2.1 1.02 60.63 61.65 OK
r-release-windows-ix86+x86_64 1.2.1 5.00 144.00 149.00 OK
r-release-osx-x86_64 1.2.1 OK
r-oldrel-windows-ix86+x86_64 1.2.1 5.00 128.00 133.00 OK
r-oldrel-osx-x86_64 1.2.1 OK

Check Details

Version: 1.2.1
Check: examples
Result: FAIL
    
Flavor: r-release-osx-x86_64