CRAN Package Check Results for Package catdata

Last updated on 2018-02-23 18:47:25 CET.

Flavor Version Tinstall Tcheck Ttotal Status Flags
r-devel-linux-x86_64-debian-clang 1.2.1 1.43 90.12 91.55 OK
r-devel-linux-x86_64-debian-gcc 1.2.1 1.22 72.42 73.64 OK
r-devel-linux-x86_64-fedora-clang 1.2.1 128.42 OK
r-devel-linux-x86_64-fedora-gcc 1.2.1 127.42 OK
r-devel-windows-ix86+x86_64 1.2.1 8.00 186.00 194.00 OK
r-patched-linux-x86_64 1.2.1 1.32 87.57 88.89 OK
r-patched-solaris-x86 1.2.1 135.40 OK
r-release-linux-x86_64 1.2.1 1.53 87.85 89.38 OK
r-release-windows-ix86+x86_64 1.2.1 5.00 216.00 221.00 OK
r-release-osx-x86_64 1.2.1 OK
r-oldrel-windows-ix86+x86_64 1.2.1 5.00 222.00 227.00 OK
r-oldrel-osx-x86_64 1.2.1 OK

Check Details

Version: 1.2.1
Check: examples
Result: FAIL
    
Flavor: r-release-osx-x86_64