CRAN Package Check Results for Package catdata

Last updated on 2019-05-19 12:46:20 CEST.

Flavor Version Tinstall Tcheck Ttotal Status Flags
r-devel-linux-x86_64-debian-clang 1.2.1 1.92 282.19 284.11 NOTE
r-devel-linux-x86_64-debian-gcc 1.2.1 1.55 217.19 218.74 NOTE
r-devel-linux-x86_64-fedora-clang 1.2.1 401.47 NOTE
r-devel-linux-x86_64-fedora-gcc 1.2.1 361.95 NOTE
r-devel-windows-ix86+x86_64 1.2.1 10.00 391.00 401.00 OK
r-patched-linux-x86_64 1.2.1 1.83 271.81 273.64 NOTE
r-patched-solaris-x86 1.2.1 228.50 NOTE
r-release-linux-x86_64 1.2.1 1.54 269.28 270.82 NOTE
r-release-windows-ix86+x86_64 1.2.1 7.00 329.00 336.00 OK
r-release-osx-x86_64 1.2.1 NOTE
r-oldrel-windows-ix86+x86_64 1.2.1 4.00 221.00 225.00 OK
r-oldrel-osx-x86_64 1.2.1 OK

Check Details

Version: 1.2.1
Check: package dependencies
Result: NOTE
    Package suggested but not available for checking: 'lqa'
Flavors: r-devel-linux-x86_64-debian-clang, r-devel-linux-x86_64-debian-gcc, r-devel-linux-x86_64-fedora-clang, r-devel-linux-x86_64-fedora-gcc, r-patched-linux-x86_64, r-patched-solaris-x86, r-release-linux-x86_64, r-release-osx-x86_64