CRAN Package Check Results for Package catdata

Last updated on 2017-05-26 06:46:32.

Flavor Version Tinstall Tcheck Ttotal Status Flags
r-devel-linux-x86_64-debian-clang 1.2.1 1.10 58.33 59.43 OK
r-devel-linux-x86_64-debian-gcc 1.2.1 1.10 57.70 58.80 OK
r-devel-linux-x86_64-fedora-clang 1.2.1 116.34 OK --no-stop-on-test-error
r-devel-linux-x86_64-fedora-gcc 1.2.1 114.93 OK --no-stop-on-test-error
r-devel-windows-ix86+x86_64 1.2.1 8.00 150.00 158.00 OK
r-patched-linux-x86_64 1.2.1 1.18 59.45 60.63 OK
r-patched-solaris-sparc 1.2.1 551.00 OK
r-patched-solaris-x86 1.2.1 128.50 OK
r-release-linux-x86_64 1.2.1 1.08 57.55 58.63 OK
r-release-windows-ix86+x86_64 1.2.1 16.00 146.00 162.00 OK
r-release-osx-x86_64 1.2.1 OK
r-oldrel-windows-ix86+x86_64 1.2.1 13.00 137.00 150.00 WARN
r-oldrel-osx-x86_64 1.2.1 OK

Check Details

Version: 1.2.1
Check: examples
Result: FAIL
    
Flavor: r-release-osx-x86_64

Version: 1.2.1
Check: re-building of vignette outputs
Result: WARN
    Error in re-building vignettes:
     ...
    Warning: running command '"D:\compiler\texmf\miktex\bin\texify.exe" --quiet --pdf "count-encephalitis.tex" --max-iterations=20 -I "D:/RCompile/recent/R-3.3.3/share/texmf/tex/latex" -I "D:/RCompile/recent/R-3.3.3/share/texmf/bibtex/bst"' had status 1
    Error in find_vignette_product(name, by = "texi2pdf", engine = engine) :
     Failed to locate the 'texi2pdf' output file (by engine 'utils::Sweave') for vignette with name 'count-encephalitis'. The following files exist in directory '.': 'altbin-teratology.Rnw', 'altbin-teratology.aux', 'altbin-teratology.log', 'altbin-teratology.pdf', 'altbin-teratology.tex', 'binary-unemployment.Rnw', 'binary-unemployment.aux', 'binary-unemployment.log', 'binary-unemployment.pdf', 'binary-unemployment.tex', 'binary-vaso.Rnw', 'binary-vaso.aux', 'binary-vaso.log', 'binary-vaso.pdf', 'binary-vaso.tex', 'count-children.Rnw', 'count-children.aux', 'count-children.log', 'count-children.pdf', 'count-children.tex', 'count-encephalitis.Rnw', 'count-encephalitis.tex', 'count-insolvency.Rnw', 'count-medcare.Rnw', 'disc_comp_roc.r', 'gdscode.txt', 'glmOSCAR_101028.r', 'loglinear-birth.Rnw', 'loglinear-leukoplakia.Rnw', 'modbin-dust.Rnw', 'modbin-foodstamp.Rnw', 'modbin-unemployment1.Rnw', 'modbin-unemployment2.Rnw', 'multinomial-addiction1.Rnw', 'multinomial-addiction2.Rnw', '
    Calls: buildVignettes -> find_vignette_product
    Execution halted
Flavor: r-oldrel-windows-ix86+x86_64