CRAN Package Check Results for Package catdata

Last updated on 2019-03-26 07:48:40 CET.

Flavor Version Tinstall Tcheck Ttotal Status Flags
r-devel-linux-x86_64-debian-clang 1.2.1 1.49 275.66 277.15 NOTE
r-devel-linux-x86_64-debian-gcc 1.2.1 1.55 214.80 216.35 NOTE
r-devel-linux-x86_64-fedora-clang 1.2.1 336.88 NOTE
r-devel-linux-x86_64-fedora-gcc 1.2.1 331.92 NOTE
r-devel-windows-ix86+x86_64 1.2.1 9.00 476.00 485.00 OK
r-patched-linux-x86_64 1.2.1 1.55 252.42 253.97 NOTE
r-patched-solaris-x86 1.2.1 178.20 NOTE
r-release-linux-x86_64 1.2.1 1.63 253.59 255.22 NOTE
r-release-windows-ix86+x86_64 1.2.1 8.00 206.00 214.00 OK
r-release-osx-x86_64 1.2.1 OK
r-oldrel-windows-ix86+x86_64 1.2.1 5.00 146.00 151.00 OK
r-oldrel-osx-x86_64 1.2.1 OK

Check Details

Version: 1.2.1
Check: package dependencies
Result: NOTE
    Package suggested but not available for checking: 'lqa'
Flavors: r-devel-linux-x86_64-debian-clang, r-devel-linux-x86_64-debian-gcc, r-devel-linux-x86_64-fedora-clang, r-devel-linux-x86_64-fedora-gcc, r-patched-linux-x86_64, r-patched-solaris-x86, r-release-linux-x86_64

Version: 1.2.1
Check: examples
Result: FAIL
    
Flavor: r-oldrel-osx-x86_64