CRAN Package Check Results for Package catdata

Last updated on 2017-07-25 07:46:36.

Flavor Version Tinstall Tcheck Ttotal Status Flags
r-devel-linux-x86_64-debian-clang 1.2.1 1.08 251.93 253.01 OK
r-devel-linux-x86_64-debian-gcc 1.2.1 1.12 251.84 252.96 OK
r-devel-linux-x86_64-fedora-clang 1.2.1 114.80 OK
r-devel-linux-x86_64-fedora-gcc 1.2.1 118.91 OK
r-devel-windows-ix86+x86_64 1.2.1 11.00 145.00 156.00 OK
r-patched-linux-x86_64 1.2.1 1.16 253.35 254.51 OK
r-patched-solaris-x86 1.2.1 135.30 OK
r-release-linux-x86_64 1.2.1 1.10 252.06 253.16 OK
r-release-windows-ix86+x86_64 1.2.1 7.00 219.00 226.00 OK
r-release-osx-x86_64 1.2.1 OK
r-oldrel-windows-ix86+x86_64 1.2.1 5.00 148.00 153.00 OK
r-oldrel-osx-x86_64 1.2.1 OK

Check Details

Version: 1.2.1
Check: examples
Result: FAIL
    
Flavor: r-release-osx-x86_64