CRAN Package Check Results for Package catenary

Last updated on 2014-07-26 11:52:17.

Flavor Version Tinstall Tcheck Ttotal Status Flags
r-devel-linux-x86_64-debian-clang 1.1 1.76 31.73 33.48 NOTE
r-devel-linux-x86_64-debian-gcc 1.1 1.66 31.70 33.36 NOTE
r-devel-linux-x86_64-fedora-clang 1.1 74.05 NOTE
r-devel-linux-x86_64-fedora-gcc 1.1 66.80 NOTE
r-devel-osx-x86_64-clang 1.1 62.41 NOTE
r-devel-windows-ix86+x86_64 1.1 8.00 49.00 57.00 NOTE
r-patched-linux-x86_64 1.1 1.91 31.36 33.26 NOTE
r-patched-solaris-sparc 1.1 386.10 NOTE
r-patched-solaris-x86 1.1 86.60 NOTE
r-release-linux-ix86 1.1 2.17 41.09 43.26 NOTE
r-release-linux-x86_64 1.1 2.11 31.96 34.07 NOTE
r-release-osx-x86_64-mavericks 1.1 NOTE
r-release-osx-x86_64-snowleopard 1.1 OK
r-release-windows-ix86+x86_64 1.1 7.00 57.00 64.00 NOTE
r-oldrel-windows-ix86+x86_64 1.1 8.00 59.00 67.00 NOTE

Check Details

Version: 1.1
Check: dependencies in R code
Result: NOTE
    Packages in Depends field not imported from:
     ‘boot’ ‘ggplot2’ ‘methods’
     These packages need to be imported from (in the NAMESPACE file)
     for when this namespace is loaded but not attached.
    See the information on DESCRIPTION files in the chapter ‘Creating R
    packages’ of the ‘Writing R Extensions’ manual.
Flavors: r-devel-linux-x86_64-debian-clang, r-devel-linux-x86_64-debian-gcc, r-devel-linux-x86_64-fedora-clang, r-devel-linux-x86_64-fedora-gcc, r-devel-osx-x86_64-clang, r-devel-windows-ix86+x86_64, r-patched-linux-x86_64, r-patched-solaris-sparc, r-patched-solaris-x86, r-release-linux-ix86, r-release-linux-x86_64, r-release-osx-x86_64-mavericks, r-release-windows-ix86+x86_64, r-oldrel-windows-ix86+x86_64