CRAN Package Check Results for Package catenary

Last updated on 2015-07-03 21:46:23.

Flavor Version Tinstall Tcheck Ttotal Status Flags
r-devel-linux-x86_64-debian-clang 1.1 1.40 25.31 26.71 NOTE
r-devel-linux-x86_64-debian-gcc 1.1 1.25 24.59 25.84 NOTE
r-devel-linux-x86_64-fedora-clang 1.1 54.74 NOTE
r-devel-linux-x86_64-fedora-gcc 1.1 50.80 NOTE
r-devel-osx-x86_64-clang 1.1 47.57 NOTE
r-devel-windows-ix86+x86_64 1.1 5.00 46.00 51.00 NOTE
r-patched-linux-x86_64 1.1 1.26 25.27 26.54 NOTE
r-patched-solaris-sparc 1.1 322.70 NOTE
r-patched-solaris-x86 1.1 72.00 NOTE
r-release-linux-x86_64 1.1 1.28 24.52 25.80 NOTE
r-release-osx-x86_64-mavericks 1.1 NOTE
r-release-windows-ix86+x86_64 1.1 8.00 42.00 50.00 NOTE
r-oldrel-windows-ix86+x86_64 1.1 10.00 59.00 69.00 NOTE

Check Details

Version: 1.1
Check: dependencies in R code
Result: NOTE
    Packages in Depends field not imported from:
     ‘boot’ ‘ggplot2’ ‘methods’
     These packages need to be imported from (in the NAMESPACE file)
     for when this namespace is loaded but not attached.
Flavors: r-devel-linux-x86_64-debian-clang, r-devel-linux-x86_64-debian-gcc, r-devel-linux-x86_64-fedora-clang, r-devel-linux-x86_64-fedora-gcc, r-devel-osx-x86_64-clang, r-devel-windows-ix86+x86_64, r-patched-linux-x86_64, r-patched-solaris-sparc, r-patched-solaris-x86, r-release-linux-x86_64, r-release-osx-x86_64-mavericks, r-release-windows-ix86+x86_64, r-oldrel-windows-ix86+x86_64

Version: 1.1
Check: R code for possible problems
Result: NOTE
    catenary: no visible global function definition for ‘new’
    fitCat: no visible global function definition for ‘uniroot’
    fitCatEndPts: no visible global function definition for ‘optim’
    fitMaxCat: no visible global function definition for ‘optim’
    fitNaturalCat: no visible global function definition for ‘optim’
    fittedCatenary: no visible global function definition for ‘lm’
    fittedCatenary: no visible global function definition for ‘predict’
    fittedCatenary: no visible global function definition for ‘nls’
    fittedCatenary: no visible global function definition for ‘resid’
    fittedCatenary: no visible global function definition for ‘new’
    getFunctionEnvelopeCat : fn: no visible global function definition for
     ‘nls’
    getFunctionEnvelopeCat : fn: no visible global function definition for
     ‘predict’
    getFunctionEnvelopeCat: no visible global function definition for
     ‘boot’
    getFunctionEnvelopeCat: no visible binding for global variable
     ‘quantile’
    getFunctionEnvelopePara : fn: no visible global function definition for
     ‘lm’
    getFunctionEnvelopePara : fn: no visible global function definition for
     ‘predict’
    getFunctionEnvelopePara: no visible global function definition for
     ‘boot’
    getFunctionEnvelopePara: no visible binding for global variable
     ‘quantile’
    L,catenary: no visible global function definition for ‘slot’
    Summary,fittedCatenary: no visible global function definition for
     ‘callNextMethod’
    plot,catenary: no visible global function definition for ‘qplot’
    plot,catenary: no visible global function definition for ‘geom_point’
    plot,catenary: no visible global function definition for ‘aes’
    plot,catenary: no visible global function definition for ‘labs’
    Undefined global functions or variables:
     aes boot callNextMethod geom_point labs lm new nls optim predict
     qplot quantile resid slot uniroot
Flavors: r-devel-linux-x86_64-debian-clang, r-devel-linux-x86_64-debian-gcc, r-devel-windows-ix86+x86_64

Version: 1.1
Check: R code for possible problems
Result: NOTE
    catenary: no visible global function definition for ‘new’
    fitCat: no visible global function definition for ‘uniroot’
    fitCatEndPts: no visible global function definition for ‘optim’
    fitMaxCat: no visible global function definition for ‘optim’
    fitNaturalCat: no visible global function definition for ‘optim’
    fittedCatenary: no visible global function definition for ‘lm’
    fittedCatenary: no visible global function definition for ‘predict’
    fittedCatenary: no visible global function definition for ‘nls’
    fittedCatenary: no visible global function definition for ‘resid’
    fittedCatenary: no visible global function definition for ‘new’
    getFunctionEnvelopeCat : fn: no visible global function definition for
     ‘nls’
    getFunctionEnvelopeCat : fn: no visible global function definition for
     ‘predict’
    getFunctionEnvelopeCat: no visible global function definition for
     ‘boot’
    getFunctionEnvelopeCat: no visible binding for global variable
     ‘quantile’
    getFunctionEnvelopePara : fn: no visible global function definition for
     ‘lm’
    getFunctionEnvelopePara : fn: no visible global function definition for
     ‘predict’
    getFunctionEnvelopePara: no visible global function definition for
     ‘boot’
    getFunctionEnvelopePara: no visible binding for global variable
     ‘quantile’
    L,catenary: no visible global function definition for ‘slot’
    Summary,fittedCatenary: no visible global function definition for
     ‘callNextMethod’
    plot,catenary: no visible global function definition for ‘qplot’
    plot,catenary: no visible global function definition for ‘geom_point’
    plot,catenary: no visible global function definition for ‘aes’
    plot,catenary: no visible global function definition for ‘labs’
    plot,fittedCatenary: no visible global function definition for ‘qplot’
    plot,fittedCatenary: no visible global function definition for
     ‘geom_line’
    plot,fittedCatenary: no visible global function definition for ‘aes’
    plot,fittedCatenary: no visible binding for global variable ‘para’
    plot,fittedCatenary: no visible global function definition for
     ‘geom_ribbon’
    plot,fittedCatenary: no visible binding for global variable ‘para_lwr’
    plot,fittedCatenary: no visible binding for global variable ‘para_upr’
    plot,fittedCatenary: no visible binding for global variable ‘cat_lwr’
    plot,fittedCatenary: no visible binding for global variable ‘cat_upr’
    plot,fittedCatenary: no visible global function definition for ‘labs’
    plot,fittedCatenary: no visible global function definition for
     ‘scale_colour_manual’
    plot,fittedCatenary: no visible global function definition for
     ‘scale_fill_manual’
    Undefined global functions or variables:
     aes boot callNextMethod cat_lwr cat_upr geom_line geom_point
     geom_ribbon labs lm new nls optim para para_lwr para_upr predict
     qplot quantile resid scale_colour_manual scale_fill_manual slot
     uniroot
Flavors: r-devel-linux-x86_64-fedora-clang, r-devel-linux-x86_64-fedora-gcc

Version: 1.1
Check: R code for possible problems
Result: NOTE
    getFunctionEnvelopeCat: no visible global function definition for
     ‘boot’
    getFunctionEnvelopePara: no visible global function definition for
     ‘boot’
    plot,catenary: no visible global function definition for ‘qplot’
    plot,catenary: no visible global function definition for ‘geom_point’
    plot,catenary: no visible global function definition for ‘aes’
    plot,catenary: no visible global function definition for ‘labs’
    Undefined global functions or variables:
     aes boot geom_point labs qplot
Flavor: r-devel-osx-x86_64-clang

Version: 1.1
Check: R code for possible problems
Result: NOTE
    getFunctionEnvelopeCat: no visible global function definition for
     ‘boot’
    getFunctionEnvelopePara: no visible global function definition for
     ‘boot’
    plot,catenary: no visible global function definition for ‘qplot’
    plot,catenary: no visible global function definition for ‘geom_point’
    plot,catenary: no visible global function definition for ‘aes’
    plot,catenary: no visible global function definition for ‘labs’
Flavors: r-patched-linux-x86_64, r-patched-solaris-sparc, r-patched-solaris-x86, r-release-linux-x86_64, r-release-osx-x86_64-mavericks, r-release-windows-ix86+x86_64, r-oldrel-windows-ix86+x86_64