CRAN Package Check Results for Package catenary

Last updated on 2014-08-20 21:47:22.

Flavor Version Tinstall Tcheck Ttotal Status Flags
r-devel-linux-x86_64-debian-clang 1.1 1.70 31.73 33.43 NOTE
r-devel-linux-x86_64-debian-gcc 1.1 1.66 31.60 33.26 NOTE
r-devel-linux-x86_64-fedora-clang 1.1 74.25 NOTE
r-devel-linux-x86_64-fedora-gcc 1.1 67.99 NOTE
r-devel-osx-x86_64-clang 1.1 59.07 NOTE
r-devel-windows-ix86+x86_64 1.1 7.00 48.00 55.00 NOTE
r-patched-linux-x86_64 1.1 1.95 31.76 33.71 NOTE
r-patched-solaris-sparc 1.1 389.70 NOTE
r-patched-solaris-x86 1.1 85.20 NOTE
r-release-linux-ix86 1.1 2.15 41.33 43.48 NOTE
r-release-linux-x86_64 1.1 2.51 32.02 34.53 NOTE
r-release-osx-x86_64-mavericks 1.1 NOTE
r-release-osx-x86_64-snowleopard 1.1 OK
r-release-windows-ix86+x86_64 1.1 7.00 53.00 60.00 NOTE
r-oldrel-windows-ix86+x86_64 1.1 7.00 55.00 62.00 NOTE

Check Details

Version: 1.1
Check: dependencies in R code
Result: NOTE
    Packages in Depends field not imported from:
     ‘boot’ ‘ggplot2’ ‘methods’
     These packages need to be imported from (in the NAMESPACE file)
     for when this namespace is loaded but not attached.
    See the information on DESCRIPTION files in the chapter ‘Creating R
    packages’ of the ‘Writing R Extensions’ manual.
Flavors: r-devel-linux-x86_64-debian-clang, r-devel-linux-x86_64-debian-gcc, r-devel-linux-x86_64-fedora-clang, r-devel-linux-x86_64-fedora-gcc, r-devel-osx-x86_64-clang, r-devel-windows-ix86+x86_64, r-patched-linux-x86_64, r-patched-solaris-sparc, r-patched-solaris-x86, r-release-linux-ix86, r-release-linux-x86_64, r-release-osx-x86_64-mavericks, r-release-windows-ix86+x86_64, r-oldrel-windows-ix86+x86_64

Version: 1.1
Check: R code for possible problems
Result: NOTE
    getFunctionEnvelopeCat: no visible global function definition for
     ‘boot’
    getFunctionEnvelopePara: no visible global function definition for
     ‘boot’
    plot,catenary: no visible global function definition for ‘qplot’
    plot,catenary: no visible global function definition for ‘geom_point’
    plot,catenary: no visible global function definition for ‘aes’
    plot,catenary: no visible global function definition for ‘labs’
Flavors: r-devel-linux-x86_64-fedora-clang, r-devel-linux-x86_64-fedora-gcc, r-devel-osx-x86_64-clang