CRAN Package Check Results for Package catenary

Last updated on 2015-05-25 10:47:05.

Flavor Version Tinstall Tcheck Ttotal Status Flags
r-devel-linux-x86_64-debian-clang 1.1 1.48 25.18 26.67 NOTE
r-devel-linux-x86_64-debian-gcc 1.1 1.25 24.93 26.18 NOTE
r-devel-linux-x86_64-fedora-clang 1.1 54.89 NOTE
r-devel-linux-x86_64-fedora-gcc 1.1 52.77 NOTE
r-devel-osx-x86_64-clang 1.1 49.94 NOTE
r-devel-windows-ix86+x86_64 1.1 6.00 45.00 51.00 NOTE
r-patched-linux-x86_64 1.1 1.28 24.74 26.02 NOTE
r-patched-solaris-sparc 1.1 322.70 NOTE
r-patched-solaris-x86 1.1 73.20 NOTE
r-release-linux-x86_64 1.1 1.23 24.74 25.97 NOTE
r-release-osx-x86_64-mavericks 1.1 NOTE
r-release-osx-x86_64-snowleopard 1.1 ERROR
r-release-windows-ix86+x86_64 1.1 5.00 47.00 52.00 NOTE
r-oldrel-windows-ix86+x86_64 1.1 11.00 62.00 73.00 NOTE

Check Details

Version: 1.1
Check: dependencies in R code
Result: NOTE
    Packages in Depends field not imported from:
     ‘boot’ ‘ggplot2’ ‘methods’
     These packages need to be imported from (in the NAMESPACE file)
     for when this namespace is loaded but not attached.
Flavors: r-devel-linux-x86_64-debian-clang, r-devel-linux-x86_64-debian-gcc, r-devel-linux-x86_64-fedora-clang, r-devel-linux-x86_64-fedora-gcc, r-devel-osx-x86_64-clang, r-devel-windows-ix86+x86_64, r-patched-linux-x86_64, r-patched-solaris-sparc, r-patched-solaris-x86, r-release-linux-x86_64, r-release-osx-x86_64-mavericks, r-release-windows-ix86+x86_64, r-oldrel-windows-ix86+x86_64

Version: 1.1
Check: R code for possible problems
Result: NOTE
    getFunctionEnvelopeCat: no visible global function definition for
     ‘boot’
    getFunctionEnvelopePara: no visible global function definition for
     ‘boot’
    plot,catenary: no visible global function definition for ‘qplot’
    plot,catenary: no visible global function definition for ‘geom_point’
    plot,catenary: no visible global function definition for ‘aes’
    plot,catenary: no visible global function definition for ‘labs’
Flavors: r-devel-linux-x86_64-debian-clang, r-devel-linux-x86_64-debian-gcc, r-devel-linux-x86_64-fedora-clang, r-devel-linux-x86_64-fedora-gcc, r-devel-osx-x86_64-clang, r-devel-windows-ix86+x86_64, r-patched-linux-x86_64, r-patched-solaris-sparc, r-patched-solaris-x86, r-release-linux-x86_64, r-release-osx-x86_64-mavericks, r-release-windows-ix86+x86_64, r-oldrel-windows-ix86+x86_64

Version: 1.1
Check: package dependencies
Result: ERROR
    Package required but not available: ‘ggplot2’
    
    See section ‘The DESCRIPTION file’ in the ‘Writing R Extensions’
    manual.
Flavor: r-release-osx-x86_64-snowleopard