CRAN Package Check Results for Package catenary

Last updated on 2015-08-30 23:47:34.

Flavor Version Tinstall Tcheck Ttotal Status Flags
r-devel-linux-x86_64-debian-clang 1.1 1.21 24.60 25.81 NOTE
r-devel-linux-x86_64-debian-gcc 1.1 1.44 24.27 25.70 NOTE
r-devel-linux-x86_64-fedora-clang 1.1 52.79 NOTE
r-devel-linux-x86_64-fedora-gcc 1.1 49.37 NOTE
r-devel-osx-x86_64-clang 1.1 45.18 NOTE
r-devel-windows-ix86+x86_64 1.1 9.00 48.00 57.00 NOTE
r-patched-linux-x86_64 1.1 1.27 26.70 27.97 NOTE
r-patched-solaris-sparc 1.1 337.20 NOTE
r-patched-solaris-x86 1.1 73.10 NOTE
r-release-linux-x86_64 1.1 1.28 25.74 27.03 NOTE
r-release-osx-x86_64-mavericks 1.1 NOTE
r-release-windows-ix86+x86_64 1.1 7.00 44.00 51.00 NOTE
r-oldrel-windows-ix86+x86_64 1.1 14.00 66.00 80.00 NOTE

Check Details

Version: 1.1
Check: whether the namespace can be loaded with stated dependencies
Result: NOTE
    Warning: no function found corresponding to methods exports from ‘catenary’ for: ‘Summary’
    
    A namespace must be able to be loaded with just the base namespace
    loaded: otherwise if the namespace gets loaded by a saved object, the
    session will be unable to start.
    
    Probably some imports need to be declared in the NAMESPACE file.
Flavors: r-devel-linux-x86_64-debian-clang, r-devel-linux-x86_64-debian-gcc, r-devel-linux-x86_64-fedora-clang, r-devel-linux-x86_64-fedora-gcc, r-devel-osx-x86_64-clang, r-devel-windows-ix86+x86_64

Version: 1.1
Check: dependencies in R code
Result: NOTE
    Packages in Depends field not imported from:
     ‘boot’ ‘ggplot2’ ‘methods’
     These packages need to be imported from (in the NAMESPACE file)
     for when this namespace is loaded but not attached.
Flavors: r-devel-linux-x86_64-debian-clang, r-devel-linux-x86_64-debian-gcc, r-devel-linux-x86_64-fedora-clang, r-devel-linux-x86_64-fedora-gcc, r-devel-osx-x86_64-clang, r-devel-windows-ix86+x86_64, r-patched-linux-x86_64, r-patched-solaris-sparc, r-patched-solaris-x86, r-release-linux-x86_64, r-release-osx-x86_64-mavericks, r-release-windows-ix86+x86_64, r-oldrel-windows-ix86+x86_64

Version: 1.1
Check: R code for possible problems
Result: NOTE
    catenary: no visible global function definition for ‘new’
    fitCat: no visible global function definition for ‘uniroot’
    fitCatEndPts: no visible global function definition for ‘optim’
    fitMaxCat: no visible global function definition for ‘optim’
    fitNaturalCat: no visible global function definition for ‘optim’
    fittedCatenary: no visible global function definition for ‘lm’
    fittedCatenary: no visible global function definition for ‘predict’
    fittedCatenary: no visible global function definition for ‘nls’
    fittedCatenary: no visible global function definition for ‘resid’
    fittedCatenary: no visible global function definition for ‘new’
    getFunctionEnvelopeCat : fn: no visible global function definition for
     ‘nls’
    getFunctionEnvelopeCat : fn: no visible global function definition for
     ‘predict’
    getFunctionEnvelopeCat: no visible global function definition for
     ‘boot’
    getFunctionEnvelopeCat: no visible binding for global variable
     ‘quantile’
    getFunctionEnvelopePara : fn: no visible global function definition for
     ‘lm’
    getFunctionEnvelopePara : fn: no visible global function definition for
     ‘predict’
    getFunctionEnvelopePara: no visible global function definition for
     ‘boot’
    getFunctionEnvelopePara: no visible binding for global variable
     ‘quantile’
    L,catenary: no visible global function definition for ‘slot’
    Summary,fittedCatenary: no visible global function definition for
     ‘callNextMethod’
    plot,catenary: no visible global function definition for ‘qplot’
    plot,catenary: no visible global function definition for ‘geom_point’
    plot,catenary: no visible global function definition for ‘aes’
    plot,catenary: no visible global function definition for ‘labs’
    plot,fittedCatenary: no visible global function definition for ‘qplot’
    plot,fittedCatenary: no visible global function definition for
     ‘geom_line’
    plot,fittedCatenary: no visible global function definition for ‘aes’
    plot,fittedCatenary: no visible binding for global variable ‘para’
    plot,fittedCatenary: no visible global function definition for
     ‘geom_ribbon’
    plot,fittedCatenary: no visible binding for global variable ‘para_lwr’
    plot,fittedCatenary: no visible binding for global variable ‘para_upr’
    plot,fittedCatenary: no visible binding for global variable ‘cat_lwr’
    plot,fittedCatenary: no visible binding for global variable ‘cat_upr’
    plot,fittedCatenary: no visible global function definition for ‘labs’
    plot,fittedCatenary: no visible global function definition for
     ‘scale_colour_manual’
    plot,fittedCatenary: no visible global function definition for
     ‘scale_fill_manual’
    Undefined global functions or variables:
     aes boot callNextMethod cat_lwr cat_upr geom_line geom_point
     geom_ribbon labs lm new nls optim para para_lwr para_upr predict
     qplot quantile resid scale_colour_manual scale_fill_manual slot
     uniroot
    Consider adding
     importFrom("methods", "callNextMethod", "new", "slot")
     importFrom("stats", "lm", "nls", "optim", "predict", "quantile",
     "resid", "uniroot")
    to your NAMESPACE (and ensure that your DESCRIPTION Imports field
    contains 'methods').
Flavors: r-devel-linux-x86_64-debian-clang, r-devel-linux-x86_64-debian-gcc, r-devel-linux-x86_64-fedora-clang, r-devel-linux-x86_64-fedora-gcc, r-devel-windows-ix86+x86_64

Version: 1.1
Check: R code for possible problems
Result: NOTE
    getFunctionEnvelopeCat: no visible global function definition for
     ‘boot’
    getFunctionEnvelopePara: no visible global function definition for
     ‘boot’
    plot,catenary: no visible global function definition for ‘qplot’
    plot,catenary: no visible global function definition for ‘geom_point’
    plot,catenary: no visible global function definition for ‘aes’
    plot,catenary: no visible global function definition for ‘labs’
    plot,fittedCatenary: no visible global function definition for ‘qplot’
    plot,fittedCatenary: no visible global function definition for
     ‘geom_line’
    plot,fittedCatenary: no visible global function definition for ‘aes’
    plot,fittedCatenary: no visible binding for global variable ‘para’
    plot,fittedCatenary: no visible global function definition for
     ‘geom_ribbon’
    plot,fittedCatenary: no visible binding for global variable ‘para_lwr’
    plot,fittedCatenary: no visible binding for global variable ‘para_upr’
    plot,fittedCatenary: no visible binding for global variable ‘cat_lwr’
    plot,fittedCatenary: no visible binding for global variable ‘cat_upr’
    plot,fittedCatenary: no visible global function definition for ‘labs’
    plot,fittedCatenary: no visible global function definition for
     ‘scale_colour_manual’
    plot,fittedCatenary: no visible global function definition for
     ‘scale_fill_manual’
    Undefined global functions or variables:
     aes boot cat_lwr cat_upr geom_line geom_point geom_ribbon labs para
     para_lwr para_upr qplot scale_colour_manual scale_fill_manual
Flavor: r-devel-osx-x86_64-clang

Version: 1.1
Check: R code for possible problems
Result: NOTE
    getFunctionEnvelopeCat: no visible global function definition for
     ‘boot’
    getFunctionEnvelopePara: no visible global function definition for
     ‘boot’
    plot,catenary: no visible global function definition for ‘qplot’
    plot,catenary: no visible global function definition for ‘geom_point’
    plot,catenary: no visible global function definition for ‘aes’
    plot,catenary: no visible global function definition for ‘labs’
    plot,fittedCatenary : .local: no visible global function definition for
     ‘qplot’
    plot,fittedCatenary : .local: no visible global function definition for
     ‘geom_line’
    plot,fittedCatenary : .local: no visible global function definition for
     ‘aes’
    plot,fittedCatenary : .local: no visible binding for global variable
     ‘para’
    plot,fittedCatenary : .local: no visible global function definition for
     ‘geom_ribbon’
    plot,fittedCatenary : .local: no visible binding for global variable
     ‘para_lwr’
    plot,fittedCatenary : .local: no visible binding for global variable
     ‘para_upr’
    plot,fittedCatenary : .local: no visible binding for global variable
     ‘cat_lwr’
    plot,fittedCatenary : .local: no visible binding for global variable
     ‘cat_upr’
    plot,fittedCatenary : .local: no visible global function definition for
     ‘labs’
    plot,fittedCatenary : .local: no visible global function definition for
     ‘scale_colour_manual’
    plot,fittedCatenary : .local: no visible global function definition for
     ‘scale_fill_manual’
Flavors: r-patched-linux-x86_64, r-patched-solaris-sparc, r-patched-solaris-x86, r-release-linux-x86_64, r-release-windows-ix86+x86_64, r-oldrel-windows-ix86+x86_64

Version: 1.1
Check: R code for possible problems
Result: NOTE
    getFunctionEnvelopeCat: no visible global function definition for
     ‘boot’
    getFunctionEnvelopePara: no visible global function definition for
     ‘boot’
    plot,catenary: no visible global function definition for ‘qplot’
    plot,catenary: no visible global function definition for ‘geom_point’
    plot,catenary: no visible global function definition for ‘aes’
    plot,catenary: no visible global function definition for ‘labs’
Flavor: r-release-osx-x86_64-mavericks