CRAN Package Check Results for Package catenary

Last updated on 2014-12-21 07:48:19.

Flavor Version Tinstall Tcheck Ttotal Status Flags
r-devel-linux-x86_64-debian-clang 1.1 1.72 30.85 32.56 NOTE
r-devel-linux-x86_64-debian-gcc 1.1 1.64 29.50 31.14 NOTE
r-devel-linux-x86_64-fedora-clang 1.1 70.60 NOTE
r-devel-linux-x86_64-fedora-gcc 1.1 60.70 NOTE
r-devel-osx-x86_64-clang 1.1 62.28 NOTE
r-devel-windows-ix86+x86_64 1.1 8.00 51.00 59.00 NOTE
r-patched-linux-x86_64 1.1 1.84 31.89 33.74 NOTE
r-patched-solaris-sparc 1.1 368.40 NOTE
r-patched-solaris-x86 1.1 89.90 NOTE
r-release-linux-ix86 1.1 2.06 39.26 41.33 NOTE
r-release-linux-x86_64 1.1 1.71 31.71 33.42 NOTE
r-release-osx-x86_64-mavericks 1.1 NOTE
r-release-osx-x86_64-snowleopard 1.1 OK
r-release-windows-ix86+x86_64 1.1 8.00 50.00 58.00 NOTE
r-oldrel-windows-ix86+x86_64 1.1 8.00 56.00 64.00 NOTE

Check Details

Version: 1.1
Check: dependencies in R code
Result: NOTE
    Packages in Depends field not imported from:
     ‘boot’ ‘ggplot2’ ‘methods’
     These packages need to be imported from (in the NAMESPACE file)
     for when this namespace is loaded but not attached.
    See the information on DESCRIPTION files in the chapter ‘Creating R
    packages’ of the ‘Writing R Extensions’ manual.
Flavors: r-devel-linux-x86_64-debian-clang, r-devel-linux-x86_64-debian-gcc, r-devel-linux-x86_64-fedora-clang, r-devel-linux-x86_64-fedora-gcc, r-devel-osx-x86_64-clang, r-devel-windows-ix86+x86_64, r-patched-linux-x86_64, r-patched-solaris-sparc, r-patched-solaris-x86, r-release-linux-ix86, r-release-linux-x86_64, r-release-osx-x86_64-mavericks, r-release-windows-ix86+x86_64, r-oldrel-windows-ix86+x86_64

Version: 1.1
Check: R code for possible problems
Result: NOTE
    getFunctionEnvelopeCat: no visible global function definition for
     ‘boot’
    getFunctionEnvelopePara: no visible global function definition for
     ‘boot’
    plot,catenary: no visible global function definition for ‘qplot’
    plot,catenary: no visible global function definition for ‘geom_point’
    plot,catenary: no visible global function definition for ‘aes’
    plot,catenary: no visible global function definition for ‘labs’
Flavors: r-devel-linux-x86_64-debian-clang, r-devel-linux-x86_64-debian-gcc, r-devel-linux-x86_64-fedora-clang, r-devel-linux-x86_64-fedora-gcc, r-devel-osx-x86_64-clang, r-devel-windows-ix86+x86_64, r-patched-linux-x86_64, r-patched-solaris-sparc, r-patched-solaris-x86, r-release-linux-ix86, r-release-linux-x86_64, r-release-windows-ix86+x86_64