CRAN Package Check Results for Package catenary

Last updated on 2014-10-31 11:47:18.

Flavor Version Tinstall Tcheck Ttotal Status Flags
r-devel-linux-x86_64-debian-clang 1.1 1.64 30.53 32.17 NOTE
r-devel-linux-x86_64-debian-gcc 1.1 1.66 30.42 32.08 NOTE
r-devel-linux-x86_64-fedora-clang 1.1 70.78 NOTE
r-devel-linux-x86_64-fedora-gcc 1.1 68.17 NOTE
r-devel-osx-x86_64-clang 1.1 60.87 NOTE
r-devel-windows-ix86+x86_64 1.1 7.00 51.00 58.00 NOTE
r-patched-linux-x86_64 1.1 1.72 32.45 34.16 NOTE
r-patched-solaris-sparc 1.1 368.40 NOTE
r-patched-solaris-x86 1.1 87.80 NOTE
r-release-linux-ix86 1.1 2.18 41.63 43.81 NOTE
r-release-linux-x86_64 1.1 1.76 32.89 34.65 NOTE
r-release-osx-x86_64-mavericks 1.1 NOTE
r-release-osx-x86_64-snowleopard 1.1 OK
r-release-windows-ix86+x86_64 1.1 7.00 53.00 60.00 NOTE
r-oldrel-windows-ix86+x86_64 1.1 8.00 50.00 58.00 NOTE

Check Details

Version: 1.1
Check: dependencies in R code
Result: NOTE
    Packages in Depends field not imported from:
     ‘boot’ ‘ggplot2’ ‘methods’
     These packages need to be imported from (in the NAMESPACE file)
     for when this namespace is loaded but not attached.
    See the information on DESCRIPTION files in the chapter ‘Creating R
    packages’ of the ‘Writing R Extensions’ manual.
Flavors: r-devel-linux-x86_64-debian-clang, r-devel-linux-x86_64-debian-gcc, r-devel-linux-x86_64-fedora-clang, r-devel-linux-x86_64-fedora-gcc, r-devel-osx-x86_64-clang, r-devel-windows-ix86+x86_64, r-patched-linux-x86_64, r-patched-solaris-sparc, r-patched-solaris-x86, r-release-linux-ix86, r-release-linux-x86_64, r-release-osx-x86_64-mavericks, r-release-windows-ix86+x86_64, r-oldrel-windows-ix86+x86_64

Version: 1.1
Check: R code for possible problems
Result: NOTE
    getFunctionEnvelopeCat: no visible global function definition for
     ‘boot’
    getFunctionEnvelopePara: no visible global function definition for
     ‘boot’
    plot,catenary: no visible global function definition for ‘qplot’
    plot,catenary: no visible global function definition for ‘geom_point’
    plot,catenary: no visible global function definition for ‘aes’
    plot,catenary: no visible global function definition for ‘labs’
Flavors: r-devel-linux-x86_64-debian-clang, r-devel-linux-x86_64-debian-gcc, r-devel-linux-x86_64-fedora-clang, r-devel-linux-x86_64-fedora-gcc, r-devel-osx-x86_64-clang, r-devel-windows-ix86+x86_64, r-patched-linux-x86_64, r-patched-solaris-sparc, r-patched-solaris-x86