CRAN Package Check Results for Package catfun

Last updated on 2020-02-28 18:47:03 CET.

Flavor Version Tinstall Tcheck Ttotal Status Flags
r-devel-linux-x86_64-debian-clang 0.1.4 10.58 86.93 97.51 OK
r-devel-linux-x86_64-debian-gcc 0.1.4 9.45 66.38 75.83 OK
r-devel-linux-x86_64-fedora-clang 0.1.4 116.87 NOTE
r-devel-linux-x86_64-fedora-gcc 0.1.4 118.67 NOTE
r-devel-windows-ix86+x86_64 0.1.4 27.00 98.00 125.00 OK
r-devel-windows-ix86+x86_64-gcc8 0.1.4 26.00 98.00 124.00 OK
r-patched-linux-x86_64 0.1.4 9.61 74.63 84.24 OK
r-patched-solaris-x86 0.1.4 164.20 NOTE
r-release-linux-x86_64 0.1.4 8.42 75.25 83.67 OK
r-release-windows-ix86+x86_64 0.1.4 16.00 117.00 133.00 OK
r-release-osx-x86_64 0.1.4 NOTE
r-oldrel-windows-ix86+x86_64 0.1.4 13.00 88.00 101.00 OK
r-oldrel-osx-x86_64 0.1.4 NOTE

Check Details

Version: 0.1.4
Check: dependencies in R code
Result: NOTE
    Namespaces in Imports field not imported from:
     ‘broom’ ‘epitools’
     All declared Imports should be used.
Flavors: r-devel-linux-x86_64-fedora-clang, r-devel-linux-x86_64-fedora-gcc, r-patched-solaris-x86, r-release-osx-x86_64, r-oldrel-osx-x86_64