CRAN Package Check Results for Package catmap

Last updated on 2023-05-30 16:00:27 CEST.

Flavor Version Tinstall Tcheck Ttotal Status Flags
r-devel-linux-x86_64-debian-clang 1.6.4 3.28 33.79 37.07 NOTE
r-devel-linux-x86_64-debian-gcc 1.6.4 2.49 26.00 28.49 NOTE
r-devel-linux-x86_64-fedora-clang 1.6.4 46.43 NOTE
r-devel-linux-x86_64-fedora-gcc 1.6.4 45.50 NOTE
r-devel-windows-x86_64 1.6.4 4.00 49.00 53.00 OK
r-patched-linux-x86_64 1.6.4 3.21 32.35 35.56 NOTE
r-release-linux-x86_64 1.6.4 2.48 32.59 35.07 NOTE
r-release-macos-arm64 1.6.4 26.00 OK
r-release-macos-x86_64 1.6.4 27.00 OK
r-release-windows-x86_64 1.6.4 4.00 52.00 56.00 OK
r-oldrel-macos-arm64 1.6.4 22.00 OK
r-oldrel-macos-x86_64 1.6.4 25.00 OK
r-oldrel-windows-x86_64 1.6.4 5.00 53.00 58.00 OK

Check Details

Version: 1.6.4
Check: for non-standard things in the check directory
Result: NOTE
    Found the following files/directories:
     ‘catmapdata.fixed.effects.plot.pdf’ ‘catmapdata.funnel.plot.pdf’
     ‘catmapdata.output.txt’ ‘catmapdata.random.effects.plot.pdf’
Flavors: r-devel-linux-x86_64-debian-clang, r-devel-linux-x86_64-debian-gcc, r-devel-linux-x86_64-fedora-clang, r-devel-linux-x86_64-fedora-gcc, r-patched-linux-x86_64, r-release-linux-x86_64