CRAN Package Check Results for Package catnet

Last updated on 2016-02-10 18:49:14.

Flavor Version Tinstall Tcheck Ttotal Status Flags
r-devel-linux-x86_64-debian-gcc 1.14.8 10.43 29.31 39.74 NOTE --no-vignettes
r-devel-linux-x86_64-fedora-clang 1.14.8 87.91 NOTE
r-devel-linux-x86_64-fedora-gcc 1.14.8 94.37 NOTE
r-devel-osx-x86_64-clang 1.14.8 87.84 NOTE
r-devel-windows-ix86+x86_64 1.14.8 65.00 100.00 165.00 WARN
r-patched-linux-x86_64 1.14.8 10.48 29.81 40.29 OK --no-vignettes
r-patched-solaris-sparc 1.14.8 983.40 OK
r-patched-solaris-x86 1.14.8 396.70 OK
r-release-linux-x86_64 1.14.8 10.45 29.42 39.87 OK --no-vignettes
r-release-osx-x86_64-mavericks 1.14.8 OK
r-release-windows-ix86+x86_64 1.14.8 44.00 147.00 191.00 OK
r-oldrel-windows-ix86+x86_64 1.14.8 55.00 237.00 292.00 OK

Check Details

Version: 1.14.8
Flags: --no-vignettes
Check: R code for possible problems
Result: NOTE
    cnCatnetFromSif: no visible global function definition for ‘read.table’
    cnCatnetFromSif: no visible global function definition for ‘read.csv’
    cnDiscretize: no visible global function definition for ‘quantile’
    cnGMM: no visible global function definition for ‘quantile’
    cnQMM: no visible global function definition for ‘quantile’
    graph2catnet: no visible global function definition for ‘slotNames’
    listGraphEdges: no visible global function definition for ‘setNames’
    cnParents,catNetwork-vector: no visible global function definition for
     ‘setNames’
    cnPearsonTest,catNetwork: no visible global function definition for
     ‘rbinom’
    cnPlot,catNetworkEvaluate: no visible global function definition for
     ‘par’
    cnPlot,catNetworkEvaluate: no visible global function definition for
     ‘plot’
    Undefined global functions or variables:
     par plot quantile rbinom read.csv read.table setNames slotNames
    Consider adding
     importFrom("graphics", "par", "plot")
     importFrom("methods", "slotNames")
     importFrom("stats", "quantile", "rbinom", "setNames")
     importFrom("utils", "read.csv", "read.table")
    to your NAMESPACE file (and ensure that your DESCRIPTION Imports field
    contains 'methods').
Flavor: r-devel-linux-x86_64-debian-gcc

Version: 1.14.8
Check: R code for possible problems
Result: NOTE
    cnCatnetFromSif: no visible global function definition for ‘read.table’
    cnCatnetFromSif: no visible global function definition for ‘read.csv’
    cnDiscretize: no visible global function definition for ‘quantile’
    cnGMM: no visible global function definition for ‘quantile’
    cnQMM: no visible global function definition for ‘quantile’
    graph2catnet: no visible global function definition for ‘slotNames’
    listGraphEdges: no visible global function definition for ‘setNames’
    cnParents,catNetwork-vector: no visible global function definition for
     ‘setNames’
    cnPearsonTest,catNetwork: no visible global function definition for
     ‘rbinom’
    cnPlot,catNetworkEvaluate: no visible global function definition for
     ‘par’
    cnPlot,catNetworkEvaluate: no visible global function definition for
     ‘plot’
    Undefined global functions or variables:
     par plot quantile rbinom read.csv read.table setNames slotNames
    Consider adding
     importFrom("graphics", "par", "plot")
     importFrom("methods", "slotNames")
     importFrom("stats", "quantile", "rbinom", "setNames")
     importFrom("utils", "read.csv", "read.table")
    to your NAMESPACE file (and ensure that your DESCRIPTION Imports field
    contains 'methods').
Flavors: r-devel-linux-x86_64-fedora-clang, r-devel-linux-x86_64-fedora-gcc, r-devel-osx-x86_64-clang, r-devel-windows-ix86+x86_64

Version: 1.14.8
Check: re-building of vignette outputs
Result: WARN
    Error in re-building vignettes:
     ...
    
    This application has requested the Runtime to terminate it in an unusual way.
    Please contact the application's support team for more information.
Flavor: r-devel-windows-ix86+x86_64