CRAN Package Check Results for Package catnet

Last updated on 2014-12-22 16:49:38.

Flavor Version Tinstall Tcheck Ttotal Status Flags
r-devel-linux-x86_64-debian-clang 1.14.5 5.83 46.01 51.84 OK
r-devel-linux-x86_64-debian-gcc 1.14.5 10.47 44.88 55.36 OK
r-devel-linux-x86_64-fedora-clang 1.14.5 118.53 OK
r-devel-linux-x86_64-fedora-gcc 1.14.5 122.46 OK
r-devel-osx-x86_64-clang 1.14.5 1966.35 NOTE
r-devel-windows-ix86+x86_64 1.14.5 67.00 91.00 158.00 OK --no-vignettes
r-patched-linux-x86_64 1.14.5 10.66 47.27 57.93 OK
r-patched-solaris-sparc 1.14.5 1201.40 OK
r-patched-solaris-x86 1.14.5 480.60 OK
r-release-linux-ix86 1.14.5 13.10 65.18 78.29 OK
r-release-linux-x86_64 1.14.5 10.56 47.40 57.96 OK
r-release-osx-x86_64-mavericks 1.14.5 OK
r-release-osx-x86_64-snowleopard 1.14.5 OK
r-release-windows-ix86+x86_64 1.14.5 32.00 71.00 103.00 OK --no-vignettes
r-oldrel-windows-ix86+x86_64 1.14.5 41.00 69.00 110.00 OK --no-vignettes

Check Details

Version: 1.14.5
Check: re-building of vignette outputs
Result: NOTE
    Error in re-building vignettes:
     ...
    Warning: stack imbalance in '.Call', 76 then 77
    Warning: stack imbalance in '<-', 74 then 75
Flavor: r-devel-osx-x86_64-clang