CRAN Package Check Results for Package catnet

Last updated on 2014-04-23 17:47:41.

Flavor Version Tinstall Tcheck Ttotal Status Flags
r-devel-linux-x86_64-debian-clang 1.14.3 5.15 46.89 52.04 OK
r-devel-linux-x86_64-debian-gcc 1.14.3 9.81 47.13 56.94 OK
r-devel-linux-x86_64-fedora-clang 1.14.3 116.51 OK
r-devel-linux-x86_64-fedora-gcc 1.14.3 121.42 OK
r-devel-osx-x86_64-clang 1.14.3 91.12 OK
r-devel-osx-x86_64-gcc 1.14.3 NOTE
r-devel-windows-ix86+x86_64 1.14.3 38.00 81.00 119.00 OK --no-vignettes
r-patched-linux-x86_64 1.14.3 9.70 46.53 56.23 OK
r-patched-solaris-sparc 1.14.3 1063.20 OK
r-patched-solaris-x86 1.14.3 398.10 OK
r-release-linux-ix86 1.14.3 15.00 89.00 104.00 OK
r-release-linux-x86_64 1.14.3 9.92 49.35 59.26 OK
r-release-osx-x86_64-mavericks 1.14.3 WARN
r-release-osx-x86_64-snowleopard 1.14.3 OK
r-release-windows-ix86+x86_64 1.14.3 37.00 83.00 120.00 OK --no-vignettes
r-oldrel-windows-ix86+x86_64 1.14.3 38.00 81.00 119.00 OK --no-vignettes

Check Details

Version: 1.14.3
Check: package dependencies
Result: NOTE
    Package suggested but not available for checking: ‘igraph’
Flavor: r-devel-osx-x86_64-gcc

Version: 1.14.3
Check: R code for possible problems
Result: NOTE
    as.igraph,catNetwork: no visible global function definition for
     ‘graph.edgelist’
    cnPlot,catNetwork: no visible global function definition for
     ‘graph.edgelist’
    cnPlot,catNetwork: no visible global function definition for
     ‘get.vertex.attribute’
    cnPlot,catNetwork: no visible global function definition for ‘tkplot’
Flavor: r-devel-osx-x86_64-gcc

Version: 1.14.3
Check: PDF version of manual
Result: WARNING
    LaTeX errors when creating PDF version.
    This typically indicates Rd problems.
    LaTeX errors found:
    ! LaTeX Error: File `upquote.sty' not found.
    
    Type X to quit or <RETURN> to proceed,
    or enter new name. (Default extension: sty)
    
    49ee91f0/Rd2.tex:8: ==> Fatal error occurred, no output PDF file produced!
Flavor: r-release-osx-x86_64-mavericks