CRAN Package Check Results for Package catnet

Last updated on 2016-07-28 06:47:13.

Flavor Version Tinstall Tcheck Ttotal Status Flags
r-devel-linux-x86_64-debian-clang 1.15.0 10.75 37.21 47.96 OK --no-vignettes
r-devel-linux-x86_64-debian-gcc 1.15.0 13.15 36.00 49.15 OK --no-vignettes
r-devel-linux-x86_64-fedora-clang 1.15.0 89.53 OK
r-devel-linux-x86_64-fedora-gcc 1.15.0 89.64 OK
r-devel-osx-x86_64-clang 1.15.0 82.28 OK
r-devel-windows-ix86+x86_64 1.15.0 55.00 0.00 55.00 FAIL
r-patched-linux-x86_64 1.15.0 12.15 36.42 48.57 OK --no-vignettes
r-patched-solaris-sparc 1.15.0 707.50 OK
r-patched-solaris-x86 1.15.0 254.10 OK
r-release-linux-x86_64 1.15.0 12.16 35.22 47.38 OK --no-vignettes
r-release-osx-x86_64-mavericks 1.15.0 OK
r-release-windows-ix86+x86_64 1.15.0 57.00 249.00 306.00 OK
r-oldrel-windows-ix86+x86_64 1.15.0 34.00 342.00 376.00 OK

Check Details

Version: 1.15.0
Check: re-building of vignette outputs
Result: FAIL
    Check process probably crashed or hung up for 20 minutes ... killed
    Most likely this happened in the example checks (?),
    if not, ignore the following last lines of example output:
    
    ======== End of example output (where/before crash/hang up occured ?) ========
Flavor: r-devel-windows-ix86+x86_64