CRAN Package Check Results for Package catnet

Last updated on 2017-03-31 01:48:51.

Flavor Version Tinstall Tcheck Ttotal Status Flags
r-devel-linux-x86_64-debian-clang 1.15.0 9.66 32.15 41.81 NOTE --no-examples --no-tests --no-vignettes
r-devel-linux-x86_64-debian-gcc 1.15.0 11.41 31.63 43.04 NOTE --no-examples --no-tests --no-vignettes
r-devel-linux-x86_64-fedora-clang 1.15.0 100.90 NOTE --no-stop-on-test-error
r-devel-linux-x86_64-fedora-gcc 1.15.0 102.11 NOTE --no-stop-on-test-error
r-devel-macos-x86_64-clang 1.15.0 86.22 NOTE --no-stop-on-test-error
r-devel-windows-ix86+x86_64 1.15.0 62.00 122.00 184.00 OK
r-patched-linux-x86_64 1.15.0 10.63 31.32 41.95 NOTE --no-examples --no-tests --no-vignettes
r-patched-solaris-sparc 1.15.0 793.70 OK
r-patched-solaris-x86 1.15.0 286.60 OK
r-release-linux-x86_64 1.15.0 10.30 28.80 39.10 OK --no-examples --no-tests --no-vignettes
r-release-osx-x86_64-mavericks 1.15.0 OK
r-release-windows-ix86+x86_64 1.15.0 57.00 119.00 176.00 OK
r-oldrel-windows-ix86+x86_64 1.15.0 41.00 221.00 262.00 OK

Check Details

Version: 1.15.0
Flags: --no-examples --no-tests --no-vignettes
Check: compiled code
Result: NOTE
    File ‘catnet/libs/catnet.so’:
     Found no call to: ‘R_useDynamicSymbols’
    
    It is good practice to register native routines and to disable symbol
    search.
    
    See ‘Writing portable packages’ in the ‘Writing R Extensions’ manual.
Flavors: r-devel-linux-x86_64-debian-clang, r-devel-linux-x86_64-debian-gcc, r-patched-linux-x86_64

Version: 1.15.0
Flags: --no-stop-on-test-error
Check: compiled code
Result: NOTE
    File ‘catnet/libs/catnet.so’:
     Found no call to: ‘R_useDynamicSymbols’
    
    It is good practice to register native routines and to disable symbol
    search.
    
    See ‘Writing portable packages’ in the ‘Writing R Extensions’ manual.
Flavors: r-devel-linux-x86_64-fedora-clang, r-devel-linux-x86_64-fedora-gcc, r-devel-macos-x86_64-clang