CRAN Package Check Results for Package catnet

Last updated on 2014-09-03 08:53:25.

Flavor Version Tinstall Tcheck Ttotal Status Flags
r-devel-linux-x86_64-debian-clang 1.14.3 5.04 43.17 48.21 NOTE
r-devel-linux-x86_64-debian-gcc 1.14.3 10.25 42.43 52.68 NOTE
r-devel-linux-x86_64-fedora-clang 1.14.3 115.99 NOTE
r-devel-linux-x86_64-fedora-gcc 1.14.3 119.07 NOTE
r-devel-osx-x86_64-clang 1.14.3 94.41 NOTE
r-devel-windows-ix86+x86_64 1.14.3 40.00 83.00 123.00 NOTE --no-vignettes
r-patched-linux-x86_64 1.14.3 10.36 45.02 55.38 OK
r-patched-solaris-sparc 1.14.3 1067.80 OK
r-patched-solaris-x86 1.14.3 405.10 OK
r-release-linux-ix86 1.14.3 13.36 65.19 78.54 OK
r-release-linux-x86_64 1.14.3 10.27 45.56 55.83 OK
r-release-osx-x86_64-mavericks 1.14.3 OK
r-release-osx-x86_64-snowleopard 1.14.3 OK
r-release-windows-ix86+x86_64 1.14.3 39.00 86.00 125.00 OK --no-vignettes
r-oldrel-windows-ix86+x86_64 1.14.3 43.00 87.00 130.00 OK --no-vignettes

Check Details

Version: 1.14.3
Check: R code for possible problems
Result: NOTE
    as.igraph,catNetwork: no visible global function definition for
     ‘graph.edgelist’
    cnPlot,catNetwork: no visible global function definition for
     ‘graph.edgelist’
    cnPlot,catNetwork: no visible global function definition for
     ‘get.vertex.attribute’
    cnPlot,catNetwork: no visible global function definition for ‘tkplot’
Flavors: r-devel-linux-x86_64-debian-clang, r-devel-linux-x86_64-debian-gcc, r-devel-linux-x86_64-fedora-clang, r-devel-linux-x86_64-fedora-gcc, r-devel-osx-x86_64-clang

Version: 1.14.3
Check: compiled code
Result: NOTE
    File ‘/home/hornik/tmp/R.check/r-devel-clang/Work/build/Packages/catnet/libs/catnet.so’:
     Found ‘rand’, possibly from ‘rand’ (C)
     Objects: ‘rcatnet.o’, ‘rcatnet_hist.o’, ‘rcatnet_sa.o’,
     ‘rcatnet_search.o’
     Found ‘srand’, possibly from ‘srand’ (C)
     Object: ‘catnet_rexport.o’
    
    Compiled code should not call entry points which might terminate R nor
    write to stdout/stderr instead of to the console, nor the C RNG.
    
    See ‘Writing portable packages’ in the ‘Writing R Extensions’ manual.
Flavor: r-devel-linux-x86_64-debian-clang

Version: 1.14.3
Check: compiled code
Result: NOTE
    File ‘/home/hornik/tmp/R.check/r-devel-gcc/Work/build/Packages/catnet/libs/catnet.so’:
     Found ‘rand’, possibly from ‘rand’ (C)
     Objects: ‘rcatnet.o’, ‘rcatnet_hist.o’, ‘rcatnet_sa.o’,
     ‘rcatnet_search.o’
     Found ‘srand’, possibly from ‘srand’ (C)
     Object: ‘catnet_rexport.o’
    
    Compiled code should not call entry points which might terminate R nor
    write to stdout/stderr instead of to the console, nor the C RNG.
    
    See ‘Writing portable packages’ in the ‘Writing R Extensions’ manual.
Flavor: r-devel-linux-x86_64-debian-gcc

Version: 1.14.3
Check: compiled code
Result: NOTE
    File ‘/data/gannet/ripley/R/packages/tests-clang/catnet.Rcheck/catnet/libs/catnet.so’:
     Found ‘rand’, possibly from ‘rand’ (C)
     Objects: ‘rcatnet.o’, ‘rcatnet_hist.o’, ‘rcatnet_sa.o’,
     ‘rcatnet_search.o’
     Found ‘srand’, possibly from ‘srand’ (C)
     Object: ‘catnet_rexport.o’
    
    Compiled code should not call entry points which might terminate R nor
    write to stdout/stderr instead of to the console, nor the C RNG.
    
    See ‘Writing portable packages’ in the ‘Writing R Extensions’ manual.
Flavor: r-devel-linux-x86_64-fedora-clang

Version: 1.14.3
Check: compiled code
Result: NOTE
    File ‘/data/gannet/ripley/R/packages/tests-devel/catnet.Rcheck/catnet/libs/catnet.so’:
     Found ‘rand’, possibly from ‘rand’ (C)
     Objects: ‘rcatnet.o’, ‘rcatnet_hist.o’, ‘rcatnet_sa.o’,
     ‘rcatnet_search.o’
     Found ‘srand’, possibly from ‘srand’ (C)
     Object: ‘catnet_rexport.o’
    
    Compiled code should not call entry points which might terminate R nor
    write to stdout/stderr instead of to the console, nor the C RNG.
    
    See ‘Writing portable packages’ in the ‘Writing R Extensions’ manual.
Flavor: r-devel-linux-x86_64-fedora-gcc

Version: 1.14.3
Check: compiled code
Result: NOTE
    File ‘/Users/ripley/R/packages/tests-devel/catnet.Rcheck/catnet/libs/catnet.so’:
     Found ‘_rand’, possibly from ‘rand’ (C)
     Objects: ‘rcatnet.o’, ‘rcatnet_hist.o’, ‘rcatnet_sa.o’,
     ‘rcatnet_search.o’
     Found ‘_srand’, possibly from ‘srand’ (C)
     Object: ‘catnet_rexport.o’
    
    Compiled code should not call entry points which might terminate R nor
    write to stdout/stderr instead of to the console, nor the C RNG.
    
    See ‘Writing portable packages’ in the ‘Writing R Extensions’ manual.
Flavor: r-devel-osx-x86_64-clang

Version: 1.14.3
Flags: --no-vignettes
Check: R code for possible problems
Result: NOTE
    as.igraph,catNetwork: no visible global function definition for
     'graph.edgelist'
    cnPlot,catNetwork: no visible global function definition for
     'graph.edgelist'
    cnPlot,catNetwork: no visible global function definition for
     'get.vertex.attribute'
    cnPlot,catNetwork: no visible global function definition for 'tkplot'
Flavor: r-devel-windows-ix86+x86_64

Version: 1.14.3
Flags: --no-vignettes
Check: compiled code
Result: NOTE
    File 'd:/Rcompile/CRANpkg/lib/3.2/catnet/libs/i386/catnet.dll':
     Found 'rand', possibly from 'rand' (C)
     Objects: 'rcatnet.o', 'rcatnet_hist.o', 'rcatnet_sa.o',
     'rcatnet_search.o'
     Found 'srand', possibly from 'srand' (C)
     Object: 'catnet_rexport.o'
    File 'd:/Rcompile/CRANpkg/lib/3.2/catnet/libs/x64/catnet.dll':
     Found 'rand', possibly from 'rand' (C)
     Objects: 'rcatnet.o', 'rcatnet_hist.o', 'rcatnet_sa.o',
     'rcatnet_search.o'
     Found 'srand', possibly from 'srand' (C)
     Object: 'catnet_rexport.o'
    
    Compiled code should not call entry points which might terminate R nor
    write to stdout/stderr instead of to the console, nor the C RNG.
    
    See 'Writing portable packages' in the 'Writing R Extensions' manual.
Flavor: r-devel-windows-ix86+x86_64