CRAN Package Check Results for Package catnet

Last updated on 2015-04-19 23:49:09.

Flavor Version Tinstall Tcheck Ttotal Status Flags
r-devel-linux-x86_64-debian-clang 1.14.8 6.23 30.02 36.25 OK --no-vignettes
r-devel-linux-x86_64-debian-gcc 1.14.8 11.30 29.38 40.68 OK --no-vignettes
r-devel-linux-x86_64-fedora-clang 1.14.8 105.09 OK
r-devel-linux-x86_64-fedora-gcc 1.14.8 113.14 OK
r-devel-osx-x86_64-clang 1.14.8 92.71 OK
r-devel-windows-ix86+x86_64 1.14.8 40.00 0.00 40.00 ERROR
r-patched-linux-x86_64 1.14.8 10.46 29.06 39.52 OK --no-vignettes
r-patched-solaris-sparc 1.14.8 1010.70 OK
r-patched-solaris-x86 1.14.8 394.20 OK
r-release-linux-x86_64 1.14.8 10.61 30.35 40.96 OK --no-vignettes
r-release-osx-x86_64-mavericks 1.14.8 OK
r-release-osx-x86_64-snowleopard 1.14.8 OK
r-release-windows-ix86+x86_64 1.14.8 36.00 174.00 210.00 OK
r-oldrel-windows-ix86+x86_64 1.14.8 55.00 237.00 292.00 OK

Check Details

Version: 1.14.8
Check: running R code from vignettes
Result: ERROR
    Check process probably crashed or hung up for 20 minutes ... killed
    Most likely this happened in the example checks (?),
    if not, ignore the following last lines of example output:
    
    ======== End of example output (where/before crash/hang up occured ?) ========
Flavor: r-devel-windows-ix86+x86_64