CRAN Package Check Results for Package catnet

Last updated on 2017-02-23 05:48:50.

Flavor Version Tinstall Tcheck Ttotal Status Flags
r-devel-linux-x86_64-debian-clang 1.15.0 9.28 32.34 41.62 NOTE --no-examples --no-tests --no-vignettes
r-devel-linux-x86_64-debian-gcc 1.15.0 11.59 31.64 43.23 NOTE --no-examples --no-tests --no-vignettes
r-devel-linux-x86_64-fedora-clang 1.15.0 97.79 NOTE --no-stop-on-test-error
r-devel-linux-x86_64-fedora-gcc 1.15.0 102.33 NOTE --no-stop-on-test-error
r-devel-macos-x86_64-clang 1.15.0 86.61 NOTE --no-stop-on-test-error
r-devel-windows-ix86+x86_64 1.15.0 64.00 152.00 216.00 OK
r-patched-linux-x86_64 1.15.0 10.56 29.71 40.27 OK --no-examples --no-tests --no-vignettes
r-patched-solaris-sparc 1.15.0 730.40 OK
r-patched-solaris-x86 1.15.0 246.00 OK
r-release-linux-x86_64 1.15.0 10.37 29.70 40.07 OK --no-examples --no-tests --no-vignettes
r-release-osx-x86_64-mavericks 1.15.0 OK
r-release-windows-ix86+x86_64 1.15.0 57.00 119.00 176.00 OK
r-oldrel-windows-ix86+x86_64 1.15.0 41.00 221.00 262.00 OK

Check Details

Version: 1.15.0
Flags: --no-examples --no-tests --no-vignettes
Check: compiled code
Result: NOTE
    File ‘catnet/libs/catnet.so’:
     Found no call to: ‘R_useDynamicSymbols’
    
    It is good practice to register native routines and to disable symbol
    search.
    
    See ‘Writing portable packages’ in the ‘Writing R Extensions’ manual.
Flavors: r-devel-linux-x86_64-debian-clang, r-devel-linux-x86_64-debian-gcc

Version: 1.15.0
Flags: --no-stop-on-test-error
Check: compiled code
Result: NOTE
    File ‘catnet/libs/catnet.so’:
     Found no call to: ‘R_useDynamicSymbols’
    
    It is good practice to register native routines and to disable symbol
    search.
    
    See ‘Writing portable packages’ in the ‘Writing R Extensions’ manual.
Flavors: r-devel-linux-x86_64-fedora-clang, r-devel-linux-x86_64-fedora-gcc, r-devel-macos-x86_64-clang