CRAN Package Check Results for Package catnet

Last updated on 2017-07-25 07:46:36.

Flavor Version Tinstall Tcheck Ttotal Status Flags
r-devel-linux-x86_64-debian-clang 1.15.0 9.71 42.34 52.05 NOTE --no-examples --no-tests --no-vignettes
r-devel-linux-x86_64-debian-gcc 1.15.0 11.45 42.31 53.76 NOTE --no-examples --no-tests --no-vignettes
r-devel-linux-x86_64-fedora-clang 1.15.0 99.12 NOTE
r-devel-linux-x86_64-fedora-gcc 1.15.0 109.68 NOTE
r-devel-windows-ix86+x86_64 1.15.0 81.00 257.00 338.00 ERROR
r-patched-linux-x86_64 1.15.0 11.16 43.13 54.30 NOTE --no-examples --no-tests --no-vignettes
r-patched-solaris-x86 1.15.0 277.00 OK
r-release-linux-x86_64 1.15.0 11.40 42.34 53.74 NOTE --no-examples --no-tests --no-vignettes
r-release-windows-ix86+x86_64 1.15.0 61.00 105.00 166.00 WARN
r-release-osx-x86_64 1.15.0 OK
r-oldrel-windows-ix86+x86_64 1.15.0 57.00 119.00 176.00 OK
r-oldrel-osx-x86_64 1.15.0 OK

Additional issues

rchk

Check Details

Version: 1.15.0
Flags: --no-examples --no-tests --no-vignettes
Check: compiled code
Result: NOTE
    File ‘catnet/libs/catnet.so’:
     Found no call to: ‘R_useDynamicSymbols’
    
    It is good practice to register native routines and to disable symbol
    search.
    
    See ‘Writing portable packages’ in the ‘Writing R Extensions’ manual.
Flavors: r-devel-linux-x86_64-debian-clang, r-devel-linux-x86_64-debian-gcc, r-patched-linux-x86_64, r-release-linux-x86_64

Version: 1.15.0
Check: compiled code
Result: NOTE
    File ‘catnet/libs/catnet.so’:
     Found no call to: ‘R_useDynamicSymbols’
    
    It is good practice to register native routines and to disable symbol
    search.
    
    See ‘Writing portable packages’ in the ‘Writing R Extensions’ manual.
Flavors: r-devel-linux-x86_64-fedora-clang, r-devel-linux-x86_64-fedora-gcc

Version: 1.15.0
Check: running examples for arch ‘i386’
Result: ERROR
    Running examples in 'catnet-Ex.R' failed
    The error most likely occurred in:
    
    > ### Name: cnSetProb-method
    > ### Title: Set Probability from Data
    > ### Aliases: cnSetProb cnSetProb,catNetwork-method
    > ### cnSetProb,catSampleNetwork-method
    > ### Keywords: methods graphs
    >
    > ### ** Examples
    >
    > library(catnet)
    > cnet <- cnRandomCatnet(numnodes=10, maxParents=3, numCategories=3)
    > psamples <- matrix(as.integer(1+rbinom(10*100, 2, 0.4)), nrow=10)
    > rownames(psamples) <- cnet@nodes
    > newcnet <- cnSetProb(object=cnet, data=psamples)
    
    This application has requested the Runtime to terminate it in an unusual way.
    Please contact the application's support team for more information.
Flavor: r-devel-windows-ix86+x86_64

Version: 1.15.0
Check: re-building of vignette outputs
Result: WARN
    Error in re-building vignettes:
     ...
Flavor: r-release-windows-ix86+x86_64