CRAN Package Check Results for Package catnet

Last updated on 2014-10-23 17:47:38.

Flavor Version Tinstall Tcheck Ttotal Status Flags
r-devel-linux-x86_64-debian-clang 1.14.3 5.78 43.91 49.69 NOTE
r-devel-linux-x86_64-debian-gcc 1.14.3 10.40 43.65 54.05 NOTE
r-devel-linux-x86_64-fedora-clang 1.14.3 111.51 NOTE
r-devel-linux-x86_64-fedora-gcc 1.14.3 121.05 NOTE
r-devel-osx-x86_64-clang 1.14.3 96.89 NOTE
r-devel-windows-ix86+x86_64 1.14.3 40.00 80.00 120.00 NOTE --no-vignettes
r-patched-linux-x86_64 1.14.3 10.60 46.70 57.30 NOTE
r-patched-solaris-sparc 1.14.3 1047.30 NOTE
r-patched-solaris-x86 1.14.3 393.20 NOTE
r-release-linux-ix86 1.14.3 13.37 65.43 78.80 OK
r-release-linux-x86_64 1.14.3 10.32 47.00 57.32 OK
r-release-osx-x86_64-mavericks 1.14.3 OK
r-release-osx-x86_64-snowleopard 1.14.3 OK
r-release-windows-ix86+x86_64 1.14.3 42.00 83.00 125.00 OK --no-vignettes
r-oldrel-windows-ix86+x86_64 1.14.3 40.00 87.00 127.00 OK --no-vignettes

Memtest notes: UBSAN-gcc UBSAN-gcc

Check Details

Version: 1.14.3
Check: R code for possible problems
Result: NOTE
    as.igraph,catNetwork: no visible global function definition for
     ‘graph.edgelist’
    cnPlot,catNetwork: no visible global function definition for
     ‘graph.edgelist’
    cnPlot,catNetwork: no visible global function definition for
     ‘get.vertex.attribute’
    cnPlot,catNetwork: no visible global function definition for ‘tkplot’
Flavors: r-devel-linux-x86_64-debian-clang, r-devel-linux-x86_64-debian-gcc, r-devel-linux-x86_64-fedora-clang, r-devel-linux-x86_64-fedora-gcc, r-devel-osx-x86_64-clang, r-patched-linux-x86_64, r-patched-solaris-sparc, r-patched-solaris-x86

Version: 1.14.3
Check: compiled code
Result: NOTE
    File ‘catnet/libs/catnet.so’:
     Found ‘rand’, possibly from ‘rand’ (C)
     Objects: ‘rcatnet.o’, ‘rcatnet_hist.o’, ‘rcatnet_sa.o’,
     ‘rcatnet_search.o’
     Found ‘srand’, possibly from ‘srand’ (C)
     Object: ‘catnet_rexport.o’
    
    Compiled code should not call entry points which might terminate R nor
    write to stdout/stderr instead of to the console, nor the C RNG.
    
    See ‘Writing portable packages’ in the ‘Writing R Extensions’ manual.
Flavors: r-devel-linux-x86_64-debian-clang, r-devel-linux-x86_64-debian-gcc, r-devel-linux-x86_64-fedora-clang, r-devel-linux-x86_64-fedora-gcc, r-patched-linux-x86_64, r-patched-solaris-sparc, r-patched-solaris-x86

Version: 1.14.3
Check: compiled code
Result: NOTE
    File ‘catnet/libs/catnet.so’:
     Found ‘_rand’, possibly from ‘rand’ (C)
     Objects: ‘rcatnet.o’, ‘rcatnet_hist.o’, ‘rcatnet_sa.o’,
     ‘rcatnet_search.o’
     Found ‘_srand’, possibly from ‘srand’ (C)
     Object: ‘catnet_rexport.o’
    
    Compiled code should not call entry points which might terminate R nor
    write to stdout/stderr instead of to the console, nor the C RNG.
    
    See ‘Writing portable packages’ in the ‘Writing R Extensions’ manual.
Flavor: r-devel-osx-x86_64-clang

Version: 1.14.3
Flags: --no-vignettes
Check: R code for possible problems
Result: NOTE
    as.igraph,catNetwork: no visible global function definition for
     'graph.edgelist'
    cnPlot,catNetwork: no visible global function definition for
     'graph.edgelist'
    cnPlot,catNetwork: no visible global function definition for
     'get.vertex.attribute'
    cnPlot,catNetwork: no visible global function definition for 'tkplot'
Flavor: r-devel-windows-ix86+x86_64

Version: 1.14.3
Flags: --no-vignettes
Check: compiled code
Result: NOTE
    File 'catnet/libs/i386/catnet.dll':
     Found 'rand', possibly from 'rand' (C)
     Objects: 'rcatnet.o', 'rcatnet_hist.o', 'rcatnet_sa.o',
     'rcatnet_search.o'
     Found 'srand', possibly from 'srand' (C)
     Object: 'catnet_rexport.o'
    File 'catnet/libs/x64/catnet.dll':
     Found 'rand', possibly from 'rand' (C)
     Objects: 'rcatnet.o', 'rcatnet_hist.o', 'rcatnet_sa.o',
     'rcatnet_search.o'
     Found 'srand', possibly from 'srand' (C)
     Object: 'catnet_rexport.o'
    
    Compiled code should not call entry points which might terminate R nor
    write to stdout/stderr instead of to the console, nor the C RNG.
    
    See 'Writing portable packages' in the 'Writing R Extensions' manual.
Flavor: r-devel-windows-ix86+x86_64