CRAN Package Check Results for Package catnet

Last updated on 2014-08-23 20:46:49.

Flavor Version Tinstall Tcheck Ttotal Status Flags
r-devel-linux-x86_64-debian-clang 1.14.3 5.03 43.34 48.37 NOTE
r-devel-linux-x86_64-debian-gcc 1.14.3 10.16 43.57 53.72 NOTE
r-devel-linux-x86_64-fedora-clang 1.14.3 113.28 NOTE
r-devel-linux-x86_64-fedora-gcc 1.14.3 115.86 NOTE
r-devel-osx-x86_64-clang 1.14.3 99.18 NOTE
r-devel-windows-ix86+x86_64 1.14.3 40.00 84.00 124.00 OK --no-vignettes
r-patched-linux-x86_64 1.14.3 10.51 45.31 55.82 OK
r-patched-solaris-sparc 1.14.3 1067.80 OK
r-patched-solaris-x86 1.14.3 399.80 OK
r-release-linux-ix86 1.14.3 13.50 64.89 78.39 OK
r-release-linux-x86_64 1.14.3 10.51 45.59 56.10 OK
r-release-osx-x86_64-mavericks 1.14.3 OK
r-release-osx-x86_64-snowleopard 1.14.3 OK
r-release-windows-ix86+x86_64 1.14.3 47.00 86.00 133.00 OK --no-vignettes
r-oldrel-windows-ix86+x86_64 1.14.3 43.00 87.00 130.00 OK --no-vignettes

Check Details

Version: 1.14.3
Check: R code for possible problems
Result: NOTE
    as.igraph,catNetwork: no visible global function definition for
     ‘graph.edgelist’
    cnPlot,catNetwork: no visible global function definition for
     ‘graph.edgelist’
    cnPlot,catNetwork: no visible global function definition for
     ‘get.vertex.attribute’
    cnPlot,catNetwork: no visible global function definition for ‘tkplot’
Flavors: r-devel-linux-x86_64-debian-clang, r-devel-linux-x86_64-debian-gcc, r-devel-linux-x86_64-fedora-clang, r-devel-linux-x86_64-fedora-gcc, r-devel-osx-x86_64-clang