CRAN Package Check Results for Package catnet

Last updated on 2017-09-21 18:46:56.

Flavor Version Tinstall Tcheck Ttotal Status Flags
r-devel-linux-x86_64-debian-clang 1.15.0 8.98 32.16 41.13 NOTE --no-examples --no-tests --no-vignettes
r-devel-linux-x86_64-debian-gcc 1.15.0 11.27 31.86 43.13 NOTE --no-examples --no-tests --no-vignettes
r-devel-linux-x86_64-fedora-clang 1.15.0 99.62 NOTE
r-devel-linux-x86_64-fedora-gcc 1.15.0 109.77 NOTE
r-devel-windows-ix86+x86_64 1.15.0 66.00 0.00 66.00 FAIL
r-patched-linux-x86_64 1.15.0 11.33 32.38 43.71 NOTE --no-examples --no-tests --no-vignettes
r-patched-solaris-x86 1.15.0 277.00 OK
r-release-linux-x86_64 1.15.0 11.49 32.26 43.74 NOTE --no-examples --no-tests --no-vignettes
r-release-windows-ix86+x86_64 1.15.0 62.00 125.00 187.00 OK
r-release-osx-x86_64 1.15.0 OK
r-oldrel-windows-ix86+x86_64 1.15.0 57.00 119.00 176.00 OK
r-oldrel-osx-x86_64 1.15.0 OK

Additional issues

rchk

Check Details

Version: 1.15.0
Flags: --no-examples --no-tests --no-vignettes
Check: compiled code
Result: NOTE
    File ‘catnet/libs/catnet.so’:
     Found no call to: ‘R_useDynamicSymbols’
    
    It is good practice to register native routines and to disable symbol
    search.
    
    See ‘Writing portable packages’ in the ‘Writing R Extensions’ manual.
Flavors: r-devel-linux-x86_64-debian-clang, r-devel-linux-x86_64-debian-gcc, r-patched-linux-x86_64, r-release-linux-x86_64

Version: 1.15.0
Check: compiled code
Result: NOTE
    File ‘catnet/libs/catnet.so’:
     Found no call to: ‘R_useDynamicSymbols’
    
    It is good practice to register native routines and to disable symbol
    search.
    
    See ‘Writing portable packages’ in the ‘Writing R Extensions’ manual.
Flavors: r-devel-linux-x86_64-fedora-clang, r-devel-linux-x86_64-fedora-gcc

Version: 1.15.0
Check: re-building of vignette outputs
Result: FAIL
    Check process probably crashed or hung up for 20 minutes ... killed
    Most likely this happened in the example checks (?),
    if not, ignore the following last lines of example output:
    
    ======== End of example output (where/before crash/hang up occured ?) ========
Flavor: r-devel-windows-ix86+x86_64