CRAN Package Check Results for Package catnet

Last updated on 2015-05-28 19:47:13.

Flavor Version Tinstall Tcheck Ttotal Status Flags
r-devel-linux-x86_64-debian-clang 1.14.8 6.11 29.69 35.80 OK --no-vignettes
r-devel-linux-x86_64-debian-gcc 1.14.8 10.72 28.94 39.67 OK --no-vignettes
r-devel-linux-x86_64-fedora-clang 1.14.8 1882.14 ERROR
r-devel-linux-x86_64-fedora-gcc 1.14.8 110.76 OK
r-devel-osx-x86_64-clang 1.14.8 73.42 OK
r-devel-windows-ix86+x86_64 1.14.8 44.00 354.00 398.00 OK
r-patched-linux-x86_64 1.14.8 10.33 28.76 39.10 OK --no-vignettes
r-patched-solaris-sparc 1.14.8 1002.40 OK
r-patched-solaris-x86 1.14.8 389.50 OK
r-release-linux-x86_64 1.14.8 10.62 30.04 40.66 OK --no-vignettes
r-release-osx-x86_64-mavericks 1.14.8 OK
r-release-osx-x86_64-snowleopard 1.14.8 OK
r-release-windows-ix86+x86_64 1.14.8 36.00 174.00 210.00 OK
r-oldrel-windows-ix86+x86_64 1.14.8 55.00 237.00 292.00 OK

Check Details

Version: 1.14.8
Check: running R code from vignettes
Result: ERROR
    Errors in running code in vignettes:
    when running code in ‘catnet.Rnw’
     ...
    > fscore1 <- NULL
    
    > fscore2 <- NULL
    
    > for (ntrials in 1:5) {
    + numiter <- 60
    + sares1 <- cnSearchSA(data = ps, perturbations = pert, maxParentSet = 2,
    + parentSizes = NU .... [TRUNCATED]
    
    ... incomplete output. Crash?
Flavor: r-devel-linux-x86_64-fedora-clang