CRAN Package Check Results for Package catnet

Last updated on 2015-03-30 07:48:22.

Flavor Version Tinstall Tcheck Ttotal Status Flags
r-devel-linux-x86_64-debian-clang 1.14.8 6.32 29.45 35.77 OK --no-vignettes
r-devel-linux-x86_64-debian-gcc 1.14.8 10.35 29.52 39.87 OK --no-vignettes
r-devel-linux-x86_64-fedora-clang 1.14.8 59.61 OK
r-devel-linux-x86_64-fedora-gcc 1.14.8 113.50 OK
r-devel-osx-x86_64-clang 1.14.8 1994.89 ERROR
r-prerel-windows-ix86+x86_64 1.14.8 60.00 158.00 218.00 OK
r-prerel-linux-x86_64 1.14.8 10.37 29.84 40.21 OK --no-vignettes
r-prerel-solaris-sparc 1.14.8 1010.70 OK
r-prerel-solaris-x86 1.14.8 386.30 OK
r-release-linux-x86_64 1.14.8 10.56 31.20 41.76 OK --no-vignettes
r-release-osx-x86_64-mavericks 1.14.8 OK
r-release-osx-x86_64-snowleopard 1.14.8 OK
r-release-windows-ix86+x86_64 1.14.8 55.00 237.00 292.00 OK
r-oldrel-windows-ix86+x86_64 1.14.8 49.00 157.00 206.00 NOTE

Check Details

Version: 1.14.8
Check: running R code from vignettes
Result: ERROR
    Errors in running code in vignettes:
    when running code in ‘catnet.Rnw’
     ...
    > fscore1 <- NULL
    
    > fscore2 <- NULL
    
    > for (ntrials in 1:5) {
    + numiter <- 60
    + sares1 <- cnSearchSA(data = ps, perturbations = pert, maxParentSet = 2,
    + parentSizes = NU .... [TRUNCATED]
    
    ... incomplete output. Crash?
Flavor: r-devel-osx-x86_64-clang

Version: 1.14.8
Check: re-building of vignette outputs
Result: NOTE
    Error in re-building vignettes:
     ...
Flavor: r-oldrel-windows-ix86+x86_64