CRAN Package Check Results for Package catnet

Last updated on 2016-10-01 23:47:05.

Flavor Version Tinstall Tcheck Ttotal Status Flags
r-devel-linux-x86_64-debian-clang 1.15.0 9.43 31.10 40.53 OK --no-examples --no-tests --no-vignettes
r-devel-linux-x86_64-debian-gcc 1.15.0 11.43 30.92 42.35 OK --no-examples --no-tests --no-vignettes
r-devel-linux-x86_64-fedora-clang 1.15.0 98.17 OK
r-devel-linux-x86_64-fedora-gcc 1.15.0 96.68 OK
r-devel-macos-x86_64-clang 1.15.0 80.27 OK
r-devel-windows-ix86+x86_64 1.15.0 85.00 150.00 235.00 OK
r-patched-linux-x86_64 1.15.0 10.35 29.83 40.18 OK --no-examples --no-tests --no-vignettes
r-patched-solaris-sparc 1.15.0 707.50 OK
r-patched-solaris-x86 1.15.0 254.30 OK
r-release-linux-x86_64 1.15.0 10.68 31.58 42.25 OK --no-examples --no-tests --no-vignettes
r-release-osx-x86_64-mavericks 1.15.0 OK
r-release-windows-ix86+x86_64 1.15.0 56.00 119.00 175.00 OK
r-oldrel-windows-ix86+x86_64 1.15.0 42.00 124.00 166.00 ERROR

Check Details

Version: 1.15.0
Check: running R code from vignettes
Result: ERROR
    Errors in running code in vignettes:
    when running code in 'catnet.Rnw'
     ...
    
    
    > edgeHisto <- 0.5 + mpars/4
    
    > res9 <- cnSearchSA(data = ps, perturbations = NULL,
    + maxParentSet = 1, parentSizes = NULL, maxComplexity = 0,
    + parentsPool = NULL, fixed .... [TRUNCATED]
    search
    
    ... incomplete output. Crash?
Flavor: r-oldrel-windows-ix86+x86_64