CRAN Package Check Results for Package catnet

Last updated on 2017-05-26 03:48:12.

Flavor Version Tinstall Tcheck Ttotal Status Flags
r-devel-linux-x86_64-debian-clang 1.15.0 9.75 32.66 42.41 NOTE --no-examples --no-tests --no-vignettes
r-devel-linux-x86_64-debian-gcc 1.15.0 11.19 31.80 42.99 NOTE --no-examples --no-tests --no-vignettes
r-devel-linux-x86_64-fedora-clang 1.15.0 101.70 NOTE --no-stop-on-test-error
r-devel-linux-x86_64-fedora-gcc 1.15.0 101.36 NOTE --no-stop-on-test-error
r-devel-windows-ix86+x86_64 1.15.0 96.00 157.00 253.00 ERROR
r-patched-linux-x86_64 1.15.0 10.85 32.14 42.99 NOTE --no-examples --no-tests --no-vignettes
r-patched-solaris-sparc 1.15.0 793.70 OK
r-patched-solaris-x86 1.15.0 282.50 OK
r-release-linux-x86_64 1.15.0 11.26 32.38 43.64 NOTE --no-examples --no-tests --no-vignettes
r-release-windows-ix86+x86_64 1.15.0 61.00 105.00 166.00 WARN
r-release-osx-x86_64 1.15.0 OK
r-oldrel-windows-ix86+x86_64 1.15.0 57.00 119.00 176.00 OK
r-oldrel-osx-x86_64 1.15.0 OK

Additional issues

rchk

Check Details

Version: 1.15.0
Flags: --no-examples --no-tests --no-vignettes
Check: compiled code
Result: NOTE
    File ‘catnet/libs/catnet.so’:
     Found no call to: ‘R_useDynamicSymbols’
    
    It is good practice to register native routines and to disable symbol
    search.
    
    See ‘Writing portable packages’ in the ‘Writing R Extensions’ manual.
Flavors: r-devel-linux-x86_64-debian-clang, r-devel-linux-x86_64-debian-gcc, r-patched-linux-x86_64, r-release-linux-x86_64

Version: 1.15.0
Flags: --no-stop-on-test-error
Check: compiled code
Result: NOTE
    File ‘catnet/libs/catnet.so’:
     Found no call to: ‘R_useDynamicSymbols’
    
    It is good practice to register native routines and to disable symbol
    search.
    
    See ‘Writing portable packages’ in the ‘Writing R Extensions’ manual.
Flavors: r-devel-linux-x86_64-fedora-clang, r-devel-linux-x86_64-fedora-gcc

Version: 1.15.0
Check: running examples for arch ‘i386’
Result: ERROR
    Running examples in 'catnet-Ex.R' failed
    The error most likely occurred in:
    
    > ### Name: cnSetProb-method
    > ### Title: Set Probability from Data
    > ### Aliases: cnSetProb cnSetProb,catNetwork-method
    > ### cnSetProb,catSampleNetwork-method
    > ### Keywords: methods graphs
    >
    > ### ** Examples
    >
    > library(catnet)
    > cnet <- cnRandomCatnet(numnodes=10, maxParents=3, numCategories=3)
    > psamples <- matrix(as.integer(1+rbinom(10*100, 2, 0.4)), nrow=10)
    > rownames(psamples) <- cnet@nodes
    > newcnet <- cnSetProb(object=cnet, data=psamples)
    
    This application has requested the Runtime to terminate it in an unusual way.
    Please contact the application's support team for more information.
Flavor: r-devel-windows-ix86+x86_64

Version: 1.15.0
Check: re-building of vignette outputs
Result: WARN
    Error in re-building vignettes:
     ...
Flavor: r-release-windows-ix86+x86_64