CRAN Package Check Results for Package catnet

Last updated on 2015-02-01 20:48:30.

Flavor Version Tinstall Tcheck Ttotal Status Flags
r-devel-linux-x86_64-debian-clang 1.14.5 5.77 45.18 50.96 OK
r-devel-linux-x86_64-debian-gcc 1.14.5 10.53 636.14 646.67 ERROR
r-devel-linux-x86_64-fedora-clang 1.14.5 115.32 OK
r-devel-linux-x86_64-fedora-gcc 1.14.5 115.68 OK
r-devel-osx-x86_64-clang 1.14.5 1992.33 ERROR
r-devel-windows-ix86+x86_64 1.14.5 46.00 418.00 464.00 OK
r-patched-linux-x86_64 1.14.5 10.78 51.78 62.56 OK
r-patched-solaris-sparc 1.14.5 1201.40 OK
r-patched-solaris-x86 1.14.5 491.70 OK
r-release-linux-ix86 1.14.5 13.16 67.85 81.02 OK
r-release-linux-x86_64 1.14.5 10.48 48.01 58.49 OK
r-release-osx-x86_64-mavericks 1.14.5 OK
r-release-osx-x86_64-snowleopard 1.14.5 OK
r-release-windows-ix86+x86_64 1.14.5 32.00 71.00 103.00 OK --no-vignettes
r-oldrel-windows-ix86+x86_64 1.14.5 41.00 69.00 110.00 OK --no-vignettes

Check Details

Version: 1.14.5
Check: running R code from vignettes
Result: ERROR
    Errors in running code in vignettes:
    when running code in ‘catnet.Rnw’
     ...
    
    > fscore2 <- NULL
    
    > for (ntrials in 1:5) {
    + numiter <- 60
    + sares1 <- cnSearchSA(data = ps, perturbations = pert, maxParentSet = 2,
    + parentSizes = NU .... [TRUNCATED]
    Killed
    
    ... incomplete output. Crash?
Flavor: r-devel-linux-x86_64-debian-gcc

Version: 1.14.5
Check: running R code from vignettes
Result: ERROR
    Errors in running code in vignettes:
    when running code in ‘catnet.Rnw’
     ...
    > fscore1 <- NULL
    
    > fscore2 <- NULL
    
    > for (ntrials in 1:5) {
    + numiter <- 60
    + sares1 <- cnSearchSA(data = ps, perturbations = pert, maxParentSet = 2,
    + parentSizes = NU .... [TRUNCATED]
    
    ... incomplete output. Crash?
Flavor: r-devel-osx-x86_64-clang