CRAN Package Check Results for Package catseyes

Last updated on 2025-01-20 10:54:08 CET.

Flavor Version Tinstall Tcheck Ttotal Status Flags
r-devel-linux-x86_64-debian-clang 0.2.5 1.66 17.38 19.04 OK
r-devel-linux-x86_64-debian-gcc 0.2.5 1.38 14.17 15.55 OK
r-devel-linux-x86_64-fedora-clang 0.2.5 30.97 OK
r-devel-linux-x86_64-fedora-gcc 0.2.5 33.01 OK
r-devel-windows-x86_64 0.2.5 3.00 41.00 44.00 OK
r-patched-linux-x86_64 0.2.5 1.82 16.69 18.51 NOTE
r-release-linux-x86_64 0.2.5 1.49 16.79 18.28 NOTE
r-release-macos-arm64 0.2.5 17.00 NOTE
r-release-macos-x86_64 0.2.5 27.00 NOTE
r-release-windows-x86_64 0.2.5 4.00 44.00 48.00 NOTE
r-oldrel-macos-arm64 0.2.5 16.00 NOTE
r-oldrel-macos-x86_64 0.2.5 22.00 NOTE
r-oldrel-windows-x86_64 0.2.5 2.00 46.00 48.00 NOTE

Check Details

Version: 0.2.5
Check: LazyData
Result: NOTE 'LazyData' is specified without a 'data' directory Flavors: r-patched-linux-x86_64, r-release-linux-x86_64, r-release-macos-arm64, r-release-macos-x86_64, r-release-windows-x86_64, r-oldrel-macos-arm64, r-oldrel-macos-x86_64, r-oldrel-windows-x86_64