CRAN Package Check Results for Package catseyes

Last updated on 2024-02-22 14:48:12 CET.

Flavor Version Tinstall Tcheck Ttotal Status Flags
r-devel-linux-x86_64-debian-clang 0.2.5 NOTE
r-devel-linux-x86_64-debian-gcc 0.2.5 1.66 17.19 18.85 NOTE
r-devel-linux-x86_64-fedora-clang 0.2.5 29.45 NOTE
r-devel-linux-x86_64-fedora-gcc 0.2.5 31.00 NOTE
r-devel-windows-x86_64 0.2.5 2.00 40.00 42.00 NOTE
r-patched-linux-x86_64 0.2.5 2.08 21.52 23.60 NOTE
r-release-linux-x86_64 0.2.5 2.18 21.57 23.75 NOTE
r-release-macos-arm64 0.2.5 16.00 NOTE
r-release-macos-x86_64 0.2.5 22.00 NOTE
r-release-windows-x86_64 0.2.5 3.00 39.00 42.00 NOTE
r-oldrel-macos-arm64 0.2.5 18.00 NOTE
r-oldrel-windows-x86_64 0.2.5 4.00 42.00 46.00 NOTE

Check Details

Version: 0.2.5
Check: LazyData
Result: NOTE 'LazyData' is specified without a 'data' directory Flavors: r-devel-linux-x86_64-debian-clang, r-devel-linux-x86_64-debian-gcc, r-devel-linux-x86_64-fedora-clang, r-devel-linux-x86_64-fedora-gcc, r-devel-windows-x86_64, r-patched-linux-x86_64, r-release-linux-x86_64, r-release-macos-arm64, r-release-macos-x86_64, r-release-windows-x86_64, r-oldrel-macos-arm64, r-oldrel-windows-x86_64