CRAN Package Check Results for Package catspec

Last updated on 2014-09-01 19:46:20.

Flavor Version Tinstall Tcheck Ttotal Status Flags
r-devel-linux-x86_64-debian-clang 0.97 0.48 9.75 10.22 OK
r-devel-linux-x86_64-debian-gcc 0.97 0.47 9.36 9.83 OK
r-devel-linux-x86_64-fedora-clang 0.97 22.47 NOTE
r-devel-linux-x86_64-fedora-gcc 0.97 19.88 NOTE
r-devel-osx-x86_64-clang 0.97 22.50 OK
r-devel-windows-ix86+x86_64 0.97 2.00 18.00 20.00 OK
r-patched-linux-x86_64 0.97 0.50 10.32 10.82 OK
r-patched-solaris-sparc 0.97 136.80 OK
r-patched-solaris-x86 0.97 32.40 OK
r-release-linux-ix86 0.97 0.80 16.44 17.24 OK
r-release-linux-x86_64 0.97 0.51 10.34 10.85 OK
r-release-osx-x86_64-mavericks 0.97 OK
r-release-windows-ix86+x86_64 0.97 2.00 18.00 20.00 OK
r-oldrel-windows-ix86+x86_64 0.97 2.00 19.00 21.00 OK

Check Details

Version: 0.97
Check: Rd line widths
Result: NOTE
    Rd file 'ctab.Rd':
     \usage lines wider than 90 characters:
     ctab(...,dec.places=NULL,digits=NULL,type=NULL,style=NULL,row.vars=NULL,col.vars=NULL,percentages=NULL,addmargins=NULL)
    
    Rd file 'sqtab.Rd':
     \examples lines wider than 100 characters:
     OccFather<-gl(5,5,labels=c("Upper nonmanual","Lower nonmanual","Upper manual","Lower manual","Farm"))
     glm.q0<-glm(Freq~OccFather+OccSon+mob.qi(OccFather,OccSon,constrained=TRUE),family=poisson(),data=FHtab)
     glm.hrc1<-glm(Freq~OccFather+OccSon+mob.rc1(OccFather,OccSon,equal=TRUE),family=poisson(),data=FHtab)
     m2 <- mlogit(occupation ~ mob.qi(focc,alt)+mob.unif(focc,alt) | education+race,data=pc, reflevel = "farm")
    
    These lines will be truncated in the PDF manual.
Flavors: r-devel-linux-x86_64-fedora-clang, r-devel-linux-x86_64-fedora-gcc