CRAN Package Check Results for Package catspec

Last updated on 2014-10-23 21:46:33.

Flavor Version Tinstall Tcheck Ttotal Status Flags
r-devel-linux-x86_64-debian-clang 0.97 0.64 10.61 11.25 NOTE
r-devel-linux-x86_64-debian-gcc 0.97 0.54 10.56 11.10 NOTE
r-devel-linux-x86_64-fedora-clang 0.97 23.49 NOTE
r-devel-linux-x86_64-fedora-gcc 0.97 22.05 NOTE
r-devel-osx-x86_64-clang 0.97 27.42 OK
r-devel-windows-ix86+x86_64 0.97 2.00 17.00 19.00 OK
r-patched-linux-x86_64 0.97 0.56 10.47 11.04 NOTE
r-patched-solaris-sparc 0.97 136.80 OK
r-patched-solaris-x86 0.97 33.30 OK
r-release-linux-ix86 0.97 0.80 16.43 17.23 OK
r-release-linux-x86_64 0.97 0.53 11.24 11.77 NOTE
r-release-osx-x86_64-mavericks 0.97 OK
r-release-windows-ix86+x86_64 0.97 2.00 18.00 20.00 OK
r-oldrel-windows-ix86+x86_64 0.97 1.00 18.00 19.00 OK

Check Details

Version: 0.97
Check: Rd line widths
Result: NOTE
    Rd file 'ctab.Rd':
     \usage lines wider than 90 characters:
     ctab(...,dec.places=NULL,digits=NULL,type=NULL,style=NULL,row.vars=NULL,col.vars=NULL,percentages=NULL,addmargins=NULL)
    
    Rd file 'sqtab.Rd':
     \examples lines wider than 100 characters:
     OccFather<-gl(5,5,labels=c("Upper nonmanual","Lower nonmanual","Upper manual","Lower manual","Farm"))
     glm.q0<-glm(Freq~OccFather+OccSon+mob.qi(OccFather,OccSon,constrained=TRUE),family=poisson(),data=FHtab)
     glm.hrc1<-glm(Freq~OccFather+OccSon+mob.rc1(OccFather,OccSon,equal=TRUE),family=poisson(),data=FHtab)
     m2 <- mlogit(occupation ~ mob.qi(focc,alt)+mob.unif(focc,alt) | education+race,data=pc, reflevel = "farm")
    
    These lines will be truncated in the PDF manual.
Flavors: r-devel-linux-x86_64-debian-clang, r-devel-linux-x86_64-debian-gcc, r-devel-linux-x86_64-fedora-clang, r-devel-linux-x86_64-fedora-gcc, r-patched-linux-x86_64, r-release-linux-x86_64