CRAN Package Check Results for Package catspec

Last updated on 2014-07-22 10:47:16.

Flavor Version Tinstall Tcheck Ttotal Status Flags
r-devel-linux-x86_64-debian-clang 0.97 0.50 10.02 10.51 OK
r-devel-linux-x86_64-debian-gcc 0.97 0.50 10.01 10.50 OK
r-devel-linux-x86_64-fedora-clang 0.97 22.79 NOTE
r-devel-linux-x86_64-fedora-gcc 0.97 21.41 NOTE
r-devel-osx-x86_64-clang 0.97 24.41 OK
r-devel-windows-ix86+x86_64 0.97 2.00 17.00 19.00 OK
r-patched-linux-x86_64 0.97 0.58 10.20 10.77 OK
r-patched-solaris-sparc 0.97 125.20 OK
r-patched-solaris-x86 0.97 31.40 OK
r-release-linux-ix86 0.97 0.80 17.90 18.70 OK
r-release-linux-x86_64 0.97 0.52 10.92 11.44 OK
r-release-osx-x86_64-mavericks 0.97 OK
r-release-windows-ix86+x86_64 0.97 2.00 20.00 22.00 OK
r-oldrel-windows-ix86+x86_64 0.97 2.00 17.00 19.00 OK

Check Details

Version: 0.97
Check: Rd line widths
Result: NOTE
    Rd file 'ctab.Rd':
     \usage lines wider than 90 characters:
     ctab(...,dec.places=NULL,digits=NULL,type=NULL,style=NULL,row.vars=NULL,col.vars=NULL,percentages=NULL,addmargins=NULL)
    
    Rd file 'sqtab.Rd':
     \examples lines wider than 100 characters:
     OccFather<-gl(5,5,labels=c("Upper nonmanual","Lower nonmanual","Upper manual","Lower manual","Farm"))
     glm.q0<-glm(Freq~OccFather+OccSon+mob.qi(OccFather,OccSon,constrained=TRUE),family=poisson(),data=FHtab)
     glm.hrc1<-glm(Freq~OccFather+OccSon+mob.rc1(OccFather,OccSon,equal=TRUE),family=poisson(),data=FHtab)
     m2 <- mlogit(occupation ~ mob.qi(focc,alt)+mob.unif(focc,alt) | education+race,data=pc, reflevel = "farm")
    
    These lines will be truncated in the PDF manual.
Flavors: r-devel-linux-x86_64-fedora-clang, r-devel-linux-x86_64-fedora-gcc