CRAN Package Check Results for Package catspec

Last updated on 2015-03-31 19:50:59.

Flavor Version Tinstall Tcheck Ttotal Status Flags
r-devel-linux-x86_64-debian-clang 0.97 0.56 9.86 10.42 NOTE
r-devel-linux-x86_64-debian-gcc 0.97 0.51 10.12 10.64 NOTE
r-devel-linux-x86_64-fedora-clang 0.97 20.66 NOTE
r-devel-linux-x86_64-fedora-gcc 0.97 21.10 NOTE
r-devel-osx-x86_64-clang 0.97 28.19 NOTE
r-prerel-windows-ix86+x86_64 0.97 3.00 19.00 22.00 NOTE
r-prerel-linux-x86_64 0.97 0.63 10.04 10.67 NOTE
r-prerel-solaris-sparc 0.97 143.90 NOTE
r-prerel-solaris-x86 0.97 29.60 NOTE
r-release-linux-x86_64 0.97 0.54 11.38 11.92 NOTE
r-release-osx-x86_64-mavericks 0.97 OK
r-release-windows-ix86+x86_64 0.97 2.00 20.00 22.00 OK
r-oldrel-windows-ix86+x86_64 0.97 2.00 22.00 24.00 OK

Check Details

Version: 0.97
Check: DESCRIPTION meta-information
Result: NOTE
    Malformed Description field: should contain one or more complete sentences.
Flavors: r-devel-linux-x86_64-debian-clang, r-devel-linux-x86_64-debian-gcc, r-devel-linux-x86_64-fedora-clang, r-devel-linux-x86_64-fedora-gcc, r-devel-osx-x86_64-clang, r-prerel-windows-ix86+x86_64, r-prerel-linux-x86_64, r-prerel-solaris-sparc, r-prerel-solaris-x86

Version: 0.97
Check: Rd line widths
Result: NOTE
    Rd file 'ctab.Rd':
     \usage lines wider than 90 characters:
     ctab(...,dec.places=NULL,digits=NULL,type=NULL,style=NULL,row.vars=NULL,col.vars=NULL,percentages=NULL,addmargins=NULL)
    
    Rd file 'sqtab.Rd':
     \examples lines wider than 100 characters:
     OccFather<-gl(5,5,labels=c("Upper nonmanual","Lower nonmanual","Upper manual","Lower manual","Farm"))
     glm.q0<-glm(Freq~OccFather+OccSon+mob.qi(OccFather,OccSon,constrained=TRUE),family=poisson(),data=FHtab)
     glm.hrc1<-glm(Freq~OccFather+OccSon+mob.rc1(OccFather,OccSon,equal=TRUE),family=poisson(),data=FHtab)
     m2 <- mlogit(occupation ~ mob.qi(focc,alt)+mob.unif(focc,alt) | education+race,data=pc, reflevel = "farm")
    
    These lines will be truncated in the PDF manual.
Flavors: r-devel-linux-x86_64-debian-clang, r-devel-linux-x86_64-debian-gcc, r-devel-linux-x86_64-fedora-clang, r-devel-linux-x86_64-fedora-gcc, r-prerel-linux-x86_64, r-release-linux-x86_64