CRAN Package Check Results for Package causalOT

Last updated on 2022-09-30 04:59:05 CEST.

Flavor Version Tinstall Tcheck Ttotal Status Flags
r-devel-linux-x86_64-debian-clang 0.1.2 142.70 109.38 252.08 OK
r-devel-linux-x86_64-debian-gcc 0.1.2 110.48 82.67 193.15 OK
r-devel-linux-x86_64-fedora-clang 0.1.2 354.96 OK
r-devel-linux-x86_64-fedora-gcc 0.1.2 335.03 OK
r-devel-windows-x86_64 0.1.2 170.00 154.00 324.00 OK
r-patched-linux-x86_64 0.1.2 127.67 107.65 235.32 OK
r-release-linux-x86_64 0.1.2 121.17 105.99 227.16 OK
r-release-macos-arm64 0.1.2 76.00 NOTE
r-release-macos-x86_64 0.1.2 101.00 NOTE
r-release-windows-x86_64 0.1.2 172.00 149.00 321.00 OK
r-oldrel-macos-arm64 0.1.2 72.00 NOTE
r-oldrel-macos-x86_64 0.1.2 112.00 NOTE
r-oldrel-windows-ix86+x86_64 0.1.2 261.00 170.00 431.00 OK

Check Details

Version: 0.1.2
Check: installed package size
Result: NOTE
     installed size is 29.5Mb
     sub-directories of 1Mb or more:
     R 2.2Mb
     libs 27.0Mb
Flavors: r-release-macos-arm64, r-release-macos-x86_64, r-oldrel-macos-arm64, r-oldrel-macos-x86_64