CRAN Package Check Results for Package causalsens

Last updated on 2017-05-27 14:46:54.

Flavor Version Tinstall Tcheck Ttotal Status Flags
r-devel-linux-x86_64-debian-clang 0.1.1 0.64 17.66 18.29 OK
r-devel-linux-x86_64-debian-gcc 0.1.1 0.70 17.22 17.92 OK
r-devel-linux-x86_64-fedora-clang 0.1.1 29.74 OK
r-devel-linux-x86_64-fedora-gcc 0.1.1 28.27 OK
r-devel-windows-ix86+x86_64 0.1.1 3.00 41.00 44.00 OK
r-patched-linux-x86_64 0.1.1 0.70 17.74 18.44 OK
r-patched-solaris-sparc 0.1.1 172.60 OK
r-patched-solaris-x86 0.1.1 42.30 OK
r-release-linux-x86_64 0.1.1 0.70 17.77 18.47 OK
r-release-windows-ix86+x86_64 0.1.1 3.00 43.00 46.00 OK
r-release-osx-x86_64 0.1.1 WARN
r-oldrel-windows-ix86+x86_64 0.1.1 5.00 38.00 43.00 OK
r-oldrel-osx-x86_64 0.1.1 OK

Check Details

Version: 0.1.1
Check: re-building of vignette outputs
Result: WARN
    Error in re-building vignettes:
     ...
    Warning: running command 'kpsewhich framed.sty' had status 1
    Warning in test_latex_pkg("framed", system.file("misc", "framed.sty", package = "knitr")) :
     unable to find LaTeX package 'framed'; will use a copy from knitr
    Error in texi2dvi(file = file, pdf = TRUE, clean = clean, quiet = quiet, :
     Running 'texi2dvi' on 'causalsens.tex' failed.
    LaTeX errors:
    ! LaTeX Error: File `fullpage.sty' not found.
    
    Type X to quit or <RETURN> to proceed,
    or enter new name. (Default extension: sty)
    
    ! Emergency stop.
    <read *>
    
    l.67 \usepackage
     {caption}^^M
    ! ==> Fatal error occurred, no output PDF file produced!
    Calls: buildVignettes -> texi2pdf -> texi2dvi
    Execution halted
Flavor: r-release-osx-x86_64