CRAN Package Check Results for Package causalsens

Last updated on 2015-05-04 22:46:39.

Flavor Version Tinstall Tcheck Ttotal Status Flags
r-devel-linux-x86_64-debian-clang 0.1 0.56 11.66 12.21 OK
r-devel-linux-x86_64-debian-gcc 0.1 0.54 11.65 12.20 OK
r-devel-linux-x86_64-fedora-clang 0.1 24.98 OK
r-devel-linux-x86_64-fedora-gcc 0.1 23.05 OK
r-devel-osx-x86_64-clang 0.1 32.94 OK
r-devel-windows-ix86+x86_64 0.1 2.00 24.00 26.00 OK
r-patched-linux-x86_64 0.1 0.55 11.79 12.34 OK
r-patched-solaris-sparc 0.1 163.60 OK
r-patched-solaris-x86 0.1 34.50 OK
r-release-linux-x86_64 0.1 0.55 12.13 12.68 OK
r-release-osx-x86_64-mavericks 0.1 OK
r-release-osx-x86_64-snowleopard 0.1 ERROR
r-release-windows-ix86+x86_64 0.1 3.00 22.00 25.00 OK
r-oldrel-windows-ix86+x86_64 0.1 3.00 22.00 25.00 OK

Check Details

Version: 0.1
Check: package dependencies
Result: ERROR
    Package suggested but not available for checking: ‘knitr’
    
    VignetteBuilder package required for checking but installed: ‘knitr’
    
    Files named as vignettes but with no recognized vignette engine:
     ‘inst/doc/causalsens.Rnw’
    (Is a VignetteBuilder field missing?)
    
    See section ‘The DESCRIPTION file’ in the ‘Writing R Extensions’
    manual.
Flavor: r-release-osx-x86_64-snowleopard