CRAN Package Check Results for Package causalsens

Last updated on 2014-12-18 00:48:45.

Flavor Version Tinstall Tcheck Ttotal Status Flags
r-devel-linux-x86_64-debian-clang 0.1 0.61 13.10 13.71 OK
r-devel-linux-x86_64-debian-gcc 0.1 0.57 13.48 14.05 OK
r-devel-linux-x86_64-fedora-clang 0.1 29.54 OK
r-devel-linux-x86_64-fedora-gcc 0.1 26.96 OK
r-devel-osx-x86_64-clang 0.1 37.27 OK
r-devel-windows-ix86+x86_64 0.1 5.00 24.00 29.00 OK
r-patched-linux-x86_64 0.1 0.64 13.03 13.67 OK
r-patched-solaris-sparc 0.1 159.00 OK
r-patched-solaris-x86 0.1 39.30 OK
r-release-linux-ix86 0.1 0.89 19.56 20.45 OK
r-release-linux-x86_64 0.1 0.61 12.81 13.42 OK
r-release-osx-x86_64-mavericks 0.1 WARN
r-release-windows-ix86+x86_64 0.1 4.00 25.00 29.00 OK
r-oldrel-windows-ix86+x86_64 0.1 3.00 25.00 28.00 OK

Check Details

Version: 0.1
Check: whether package can be installed
Result: WARN
    Found the following significant warnings:
     Warning: running command 'kpsewhich framed.sty' had status 1
Flavor: r-release-osx-x86_64-mavericks

Version: 0.1
Check: installed files from ‘inst/doc’
Result: NOTE
    The following files should probably not be installed:
     ‘framed.sty’
    
    Consider the use of a .Rinstignore file: see ‘Writing R Extensions’,
    or move the vignette sources from ‘inst/doc’ to ‘vignettes’.
Flavor: r-release-osx-x86_64-mavericks

Version: 0.1
Check: re-building of vignette outputs
Result: NOTE
    Error in re-building vignettes:
     ...
    Warning: running command 'kpsewhich framed.sty' had status 1
    Warning in test_latex_pkg("framed", system.file("misc", "framed.sty", package = "knitr")) :
     unable to find LaTeX package 'framed'; will use a copy from knitr
    Error in texi2dvi(file = file, pdf = TRUE, clean = clean, quiet = quiet, :
     Running 'texi2dvi' on 'causalsens.tex' failed.
    LaTeX errors:
    ! LaTeX Error: File `fullpage.sty' not found.
    
    Type X to quit or <RETURN> to proceed,
    or enter new name. (Default extension: sty)
    
    ign_test/causalsens/vignettes/causalsens.tex:66: ==> Fatal error occurred, no
    output PDF file produced!
    Calls: buildVignettes -> texi2pdf -> texi2dvi
    Execution halted
Flavor: r-release-osx-x86_64-mavericks