CRAN Package Check Results for Package causalsens

Last updated on 2015-06-30 22:47:11.

Flavor Version Tinstall Tcheck Ttotal Status Flags
r-devel-linux-x86_64-debian-clang 0.1 0.53 11.59 12.12 NOTE
r-devel-linux-x86_64-debian-gcc 0.1 0.57 11.73 12.30 NOTE
r-devel-linux-x86_64-fedora-clang 0.1 23.38 NOTE
r-devel-linux-x86_64-fedora-gcc 0.1 22.04 NOTE
r-devel-osx-x86_64-clang 0.1 26.43 OK
r-devel-windows-ix86+x86_64 0.1 4.00 23.00 27.00 NOTE
r-patched-linux-x86_64 0.1 0.58 11.58 12.16 OK
r-patched-solaris-sparc 0.1 148.50 OK
r-patched-solaris-x86 0.1 35.20 OK
r-release-linux-x86_64 0.1 0.54 11.57 12.10 OK
r-release-osx-x86_64-mavericks 0.1 OK
r-release-windows-ix86+x86_64 0.1 4.00 25.00 29.00 OK
r-oldrel-windows-ix86+x86_64 0.1 5.00 40.00 45.00 OK

Check Details

Version: 0.1
Check: R code for possible problems
Result: NOTE
    causalsens: no visible global function definition for ‘model.frame’
    causalsens: no visible global function definition for ‘fitted’
    causalsens: no visible global function definition for ‘quantile’
    causalsens: no visible global function definition for ‘as.formula’
    causalsens: no visible global function definition for ‘update’
    causalsens: no visible global function definition for ‘confint’
    causalsens: no visible global function definition for ‘coef’
    causalsens: no visible global function definition for ‘var’
    causalsens: no visible global function definition for ‘residuals’
    causalsens: no visible global function definition for ‘lm’
    causalsens: no visible global function definition for ‘drop1’
    plot.causalsens: no visible binding for global variable ‘plot’
    plot.causalsens: no visible global function definition for ‘abline’
    plot.causalsens: no visible global function definition for ‘polygon’
    plot.causalsens: no visible global function definition for ‘rgb’
    plot.causalsens: no visible global function definition for ‘points’
Flavors: r-devel-linux-x86_64-debian-clang, r-devel-linux-x86_64-debian-gcc, r-devel-linux-x86_64-fedora-clang, r-devel-linux-x86_64-fedora-gcc, r-devel-windows-ix86+x86_64