CRAN Package Check Results for Package causalsens

Last updated on 2014-04-20 01:47:53.

Flavor Version Tinstall Tcheck Ttotal Status Flags
r-devel-linux-x86_64-debian-clang 0.1 0.58 12.35 12.93 OK
r-devel-linux-x86_64-debian-gcc 0.1 0.60 12.47 13.07 OK
r-devel-linux-x86_64-fedora-clang 0.1 27.31 OK
r-devel-linux-x86_64-fedora-gcc 0.1 25.67 OK
r-devel-macosx-x86_64-clang 0.1 32.39 OK
r-devel-macosx-x86_64-gcc 0.1 NOTE
r-devel-windows-ix86+x86_64 0.1 3.00 24.00 27.00 OK
r-patched-linux-x86_64 0.1 0.58 12.60 13.18 OK
r-patched-solaris-sparc 0.1 148.70 OK
r-patched-solaris-x86 0.1 39.00 OK
r-release-linux-ix86 OK
r-release-linux-x86_64 0.1 0.60 12.53 13.13 OK
r-release-windows-ix86+x86_64 0.1 3.00 22.00 25.00 OK
r-oldrel-windows-ix86+x86_64 0.1 3.00 23.00 26.00 OK

Check Details

Version: 0.1
Check: package dependencies
Result: NOTE
    Package suggested but not available for checking: ‘knitr’
    
    Files named as vignettes but with no recognized vignette engine:
     ‘inst/doc/causalsens.Rnw’
    (Is a VignetteBuilder field missing?)
Flavor: r-devel-macosx-x86_64-gcc