CRAN Package Check Results for Package caviarpd

Last updated on 2024-02-26 16:56:19 CET.

Flavor Version Tinstall Tcheck Ttotal Status Flags
r-devel-linux-x86_64-debian-clang 0.3.9 138.15 21.88 160.03 OK
r-devel-linux-x86_64-debian-gcc 0.3.9 108.54 17.56 126.10 OK
r-devel-linux-x86_64-fedora-clang 0.3.9 222.42 OK
r-devel-linux-x86_64-fedora-gcc 0.3.9 220.83 OK
r-devel-windows-x86_64 0.3.9 91.00 70.00 161.00 OK
r-patched-linux-x86_64 0.3.9 139.34 22.08 161.42 OK
r-release-linux-x86_64 0.3.9 138.14 21.95 160.09 OK
r-release-macos-arm64 0.3.9 53.00 NOTE
r-release-macos-x86_64 0.3.9 106.00 NOTE
r-release-windows-x86_64 0.3.9 83.00 74.00 157.00 OK
r-oldrel-macos-arm64 0.3.9 57.00 NOTE
r-oldrel-windows-x86_64 0.3.9 96.00 76.00 172.00 OK

Check Details

Version: 0.3.9
Check: installed package size
Result: NOTE installed size is 7.4Mb sub-directories of 1Mb or more: libs 7.3Mb Flavors: r-release-macos-arm64, r-release-macos-x86_64, r-oldrel-macos-arm64