CRAN Package Check Results for Package cba

Last updated on 2014-04-23 07:54:56.

Flavor Version Tinstall Tcheck Ttotal Status Flags
r-devel-linux-x86_64-debian-clang 0.2-14 2.71 16.58 19.29 OK
r-devel-linux-x86_64-debian-gcc 0.2-14 3.56 16.51 20.07 OK
r-devel-linux-x86_64-fedora-clang 0.2-14 37.65 OK
r-devel-linux-x86_64-fedora-gcc 0.2-14 36.60 OK
r-devel-osx-x86_64-clang 0.2-14 35.71 OK
r-devel-osx-x86_64-gcc 0.2-14 ERROR
r-devel-windows-ix86+x86_64 0.2-14 19.00 31.00 50.00 OK
r-patched-linux-x86_64 0.2-14 3.48 16.34 19.82 OK
r-patched-solaris-sparc 0.2-14 217.30 OK
r-patched-solaris-x86 0.2-14 53.30 OK
r-release-linux-ix86 0.2-14 6.00 33.00 39.00 OK
r-release-linux-x86_64 0.2-14 3.50 16.79 20.29 OK
r-release-osx-x86_64-mavericks 0.2-14 WARN
r-release-osx-x86_64-snowleopard 0.2-14 OK
r-release-windows-ix86+x86_64 0.2-14 18.00 31.00 49.00 OK
r-oldrel-windows-ix86+x86_64 0.2-14 19.00 33.00 52.00 OK

Check Details

Version: 0.2-14
Check: package dependencies
Result: ERROR
    Package required but not available: ‘proxy’
    
    See the information on DESCRIPTION files in the chapter ‘Creating R
    packages’ of the ‘Writing R Extensions’ manual.
Flavor: r-devel-osx-x86_64-gcc

Version: 0.2-14
Check: PDF version of manual
Result: WARNING
    LaTeX errors when creating PDF version.
    This typically indicates Rd problems.
    LaTeX errors found:
    ! LaTeX Error: File `upquote.sty' not found.
    
    Type X to quit or <RETURN> to proceed,
    or enter new name. (Default extension: sty)
    
    4aeacae6/Rd2.tex:8: ==> Fatal error occurred, no output PDF file produced!
Flavor: r-release-osx-x86_64-mavericks