CRAN Package Check Results for Package cba

Last updated on 2015-05-23 02:46:42.

Flavor Version Tinstall Tcheck Ttotal Status Flags
r-devel-linux-x86_64-debian-clang 0.2-14 2.76 14.40 17.16 OK
r-devel-linux-x86_64-debian-gcc 0.2-14 3.48 14.44 17.92 OK
r-devel-linux-x86_64-fedora-clang 0.2-14 34.08 OK
r-devel-linux-x86_64-fedora-gcc 0.2-14 33.19 OK
r-devel-osx-x86_64-clang 0.2-14 35.52 OK
r-devel-windows-ix86+x86_64 0.2-14 20.00 30.00 50.00 OK
r-patched-linux-x86_64 0.2-14 3.42 14.25 17.66 OK
r-patched-solaris-sparc 0.2-14 208.80 OK
r-patched-solaris-x86 0.2-14 48.80 OK
r-release-linux-x86_64 0.2-14 3.60 14.47 18.07 OK
r-release-osx-x86_64-mavericks 0.2-14 OK
r-release-osx-x86_64-snowleopard 0.2-14 ERROR
r-release-windows-ix86+x86_64 0.2-14 19.00 29.00 48.00 OK
r-oldrel-windows-ix86+x86_64 0.2-14 19.00 54.00 73.00 OK

Check Details

Version: 0.2-14
Check: package dependencies
Result: ERROR
    Package required but not available: ‘proxy’
    
    See section ‘The DESCRIPTION file’ in the ‘Writing R Extensions’
    manual.
Flavor: r-release-osx-x86_64-snowleopard