CRAN Package Check Results for Package cba

Last updated on 2015-04-27 23:47:20.

Flavor Version Tinstall Tcheck Ttotal Status Flags
r-devel-linux-x86_64-debian-clang 0.2-14 2.83 14.59 17.42 OK
r-devel-linux-x86_64-debian-gcc 0.2-14 3.36 14.77 18.13 OK
r-devel-linux-x86_64-fedora-clang 0.2-14 33.72 OK
r-devel-linux-x86_64-fedora-gcc 0.2-14 33.59 OK
r-devel-osx-x86_64-clang 0.2-14 34.43 OK
r-devel-windows-ix86+x86_64 0.2-14 21.00 47.00 68.00 OK
r-patched-linux-x86_64 0.2-14 3.45 14.49 17.94 OK
r-patched-solaris-sparc 0.2-14 220.00 OK
r-patched-solaris-x86 0.2-14 49.00 OK
r-release-linux-x86_64 0.2-14 3.45 14.72 18.17 OK
r-release-osx-x86_64-mavericks 0.2-14 OK
r-release-osx-x86_64-snowleopard 0.2-14 ERROR
r-release-windows-ix86+x86_64 0.2-14 28.00 37.00 65.00 OK
r-oldrel-windows-ix86+x86_64 0.2-14 16.00 30.00 46.00 OK

Check Details

Version: 0.2-14
Check: package dependencies
Result: ERROR
    Package required but not available: ‘proxy’
    
    See section ‘The DESCRIPTION file’ in the ‘Writing R Extensions’
    manual.
Flavor: r-release-osx-x86_64-snowleopard