CRAN Package Check Results for Package cba

Last updated on 2015-07-04 16:46:16.

Flavor Version Tinstall Tcheck Ttotal Status Flags
r-devel-linux-x86_64-debian-clang 0.2-14 2.89 14.38 17.27 NOTE
r-devel-linux-x86_64-debian-gcc 0.2-14 3.53 13.87 17.40 NOTE
r-devel-linux-x86_64-fedora-clang 0.2-14 31.84 NOTE
r-devel-linux-x86_64-fedora-gcc 0.2-14 31.32 NOTE
r-devel-osx-x86_64-clang 0.2-14 30.16 OK
r-devel-windows-ix86+x86_64 0.2-14 27.00 30.00 57.00 NOTE
r-patched-linux-x86_64 0.2-14 3.68 14.20 17.88 OK
r-patched-solaris-sparc 0.2-14 208.80 OK
r-patched-solaris-x86 0.2-14 49.40 OK
r-release-linux-x86_64 0.2-14 3.44 14.85 18.30 OK
r-release-osx-x86_64-mavericks 0.2-14 OK
r-release-windows-ix86+x86_64 0.2-14 26.00 34.00 60.00 OK
r-oldrel-windows-ix86+x86_64 0.2-14 28.00 54.00 82.00 OK

Check Details

Version: 0.2-14
Check: R code for possible problems
Result: NOTE
    ccfkms: no visible global function definition for ‘as’
    ccfkms_sample: no visible global function definition for ‘as’
    circleplot.dist: no visible global function definition for ‘plot’
    circleplot.dist: no visible global function definition for ‘lines’
    circleplot.dist: no visible global function definition for ‘text’
    circleplot.dist: no visible global function definition for ‘segments’
    clmplot: no visible global function definition for ‘hclust’
    clmplot: no visible global function definition for ‘heat.colors’
    implot: no visible global function definition for ‘image.default’
    implot: no visible global function definition for ‘axis’
    lmplot: no visible global function definition for ‘gray.colors’
    predict.ccfkms: no visible global function definition for ‘as’
    rlbmat : rlmat: no visible global function definition for ‘runif’
    Undefined global functions or variables:
     as axis gray.colors hclust heat.colors image.default lines plot runif
     segments text
Flavors: r-devel-linux-x86_64-debian-clang, r-devel-linux-x86_64-debian-gcc, r-devel-linux-x86_64-fedora-clang, r-devel-linux-x86_64-fedora-gcc, r-devel-windows-ix86+x86_64