CRAN Package Check Results for Package ccChooser

Last updated on 2015-01-30 11:49:07.

Flavor Version Tinstall Tcheck Ttotal Status Flags
r-devel-linux-x86_64-debian-clang 0.2.6 0.60 11.86 12.47 NOTE
r-devel-linux-x86_64-debian-gcc 0.2.6 0.59 11.29 11.88 NOTE
r-devel-linux-x86_64-fedora-clang 0.2.6 24.61 NOTE
r-devel-linux-x86_64-fedora-gcc 0.2.6 24.73 NOTE
r-devel-osx-x86_64-clang 0.2.6 26.87 OK
r-devel-windows-ix86+x86_64 0.2.6 4.00 19.00 23.00 OK
r-patched-linux-x86_64 0.2.6 0.75 12.62 13.38 NOTE
r-patched-solaris-sparc 0.2.6 153.50 OK
r-patched-solaris-x86 0.2.6 37.20 OK
r-release-linux-ix86 0.2.6 0.91 18.80 19.71 OK
r-release-linux-x86_64 0.2.6 0.63 12.38 13.01 NOTE
r-release-osx-x86_64-mavericks 0.2.6 OK
r-release-windows-ix86+x86_64 0.2.6 4.00 21.00 25.00 OK
r-oldrel-windows-ix86+x86_64 0.2.6 3.00 22.00 25.00 OK

Check Details

Version: 0.2.6
Check: Rd line widths
Result: NOTE
    Rd file 'stratcc.Rd':
     \usage lines wider than 90 characters:
     stratcc(x, groups, alloc = "Pro", fraction = 0.1, clustering = FALSE, cluster_method = "ward")
    
    These lines will be truncated in the PDF manual.
Flavors: r-devel-linux-x86_64-debian-clang, r-devel-linux-x86_64-debian-gcc, r-devel-linux-x86_64-fedora-clang, r-devel-linux-x86_64-fedora-gcc, r-patched-linux-x86_64, r-release-linux-x86_64