CRAN Package Check Results for Package ccChooser

Last updated on 2016-07-28 00:47:49.

Flavor Version Tinstall Tcheck Ttotal Status Flags
r-devel-linux-x86_64-debian-clang 0.2.6 0.62 12.86 13.49 NOTE
r-devel-linux-x86_64-debian-gcc 0.2.6 0.72 12.74 13.45 NOTE
r-devel-linux-x86_64-fedora-clang 0.2.6 18.69 NOTE
r-devel-linux-x86_64-fedora-gcc 0.2.6 17.29 NOTE
r-devel-osx-x86_64-clang 0.2.6 17.39 NOTE
r-devel-windows-ix86+x86_64 0.2.6 4.00 35.00 39.00 NOTE
r-patched-linux-x86_64 0.2.6 0.93 12.94 13.87 NOTE
r-patched-solaris-sparc 0.2.6 121.60 NOTE
r-patched-solaris-x86 0.2.6 28.50 NOTE
r-release-linux-x86_64 0.2.6 0.81 12.94 13.75 NOTE
r-release-osx-x86_64-mavericks 0.2.6 NOTE
r-release-windows-ix86+x86_64 0.2.6 4.00 36.00 40.00 NOTE
r-oldrel-windows-ix86+x86_64 0.2.6 5.00 37.00 42.00 OK

Check Details

Version: 0.2.6
Check: R code for possible problems
Result: NOTE
    VD: no visible binding for global variable ‘var’
    stratcc : <anonymous>: no visible global function definition for
     ‘hclust’
    stratcc : <anonymous>: no visible global function definition for
     ‘cutree’
    Undefined global functions or variables:
     cutree hclust var
    Consider adding
     importFrom("stats", "cutree", "hclust", "var")
    to your NAMESPACE file.
Flavors: r-devel-linux-x86_64-debian-clang, r-devel-linux-x86_64-debian-gcc, r-devel-linux-x86_64-fedora-clang, r-devel-linux-x86_64-fedora-gcc, r-devel-osx-x86_64-clang, r-devel-windows-ix86+x86_64, r-patched-linux-x86_64, r-patched-solaris-sparc, r-patched-solaris-x86, r-release-linux-x86_64, r-release-osx-x86_64-mavericks, r-release-windows-ix86+x86_64

Version: 0.2.6
Check: Rd line widths
Result: NOTE
    Rd file 'stratcc.Rd':
     \usage lines wider than 90 characters:
     stratcc(x, groups, alloc = "Pro", fraction = 0.1, clustering = FALSE, cluster_method = "ward")
    
    These lines will be truncated in the PDF manual.
Flavors: r-devel-linux-x86_64-debian-clang, r-devel-linux-x86_64-debian-gcc, r-devel-linux-x86_64-fedora-clang, r-devel-linux-x86_64-fedora-gcc, r-patched-linux-x86_64, r-release-linux-x86_64