CRAN Package Check Results for Package ccChooser

Last updated on 2014-10-24 19:47:36.

Flavor Version Tinstall Tcheck Ttotal Status Flags
r-devel-linux-x86_64-debian-clang 0.2.6 0.70 12.29 12.99 NOTE
r-devel-linux-x86_64-debian-gcc 0.2.6 0.61 12.45 13.06 NOTE
r-devel-linux-x86_64-fedora-clang 0.2.6 25.46 NOTE
r-devel-linux-x86_64-fedora-gcc 0.2.6 25.21 NOTE
r-devel-osx-x86_64-clang 0.2.6 27.61 OK
r-devel-windows-ix86+x86_64 0.2.6 3.00 21.00 24.00 OK
r-patched-linux-x86_64 0.2.6 0.68 12.94 13.62 NOTE
r-patched-solaris-sparc 0.2.6 142.60 OK
r-patched-solaris-x86 0.2.6 37.50 OK
r-release-linux-ix86 0.2.6 0.89 19.18 20.07 OK
r-release-linux-x86_64 0.2.6 0.60 12.16 12.76 NOTE
r-release-osx-x86_64-mavericks 0.2.6 OK
r-release-windows-ix86+x86_64 0.2.6 3.00 21.00 24.00 OK
r-oldrel-windows-ix86+x86_64 0.2.6 3.00 23.00 26.00 OK

Check Details

Version: 0.2.6
Check: Rd line widths
Result: NOTE
    Rd file 'stratcc.Rd':
     \usage lines wider than 90 characters:
     stratcc(x, groups, alloc = "Pro", fraction = 0.1, clustering = FALSE, cluster_method = "ward")
    
    These lines will be truncated in the PDF manual.
Flavors: r-devel-linux-x86_64-debian-clang, r-devel-linux-x86_64-debian-gcc, r-devel-linux-x86_64-fedora-clang, r-devel-linux-x86_64-fedora-gcc, r-patched-linux-x86_64, r-release-linux-x86_64