CRAN Package Check Results for Package ccChooser

Last updated on 2015-04-25 03:47:40.

Flavor Version Tinstall Tcheck Ttotal Status Flags
r-devel-linux-x86_64-debian-clang 0.2.6 0.58 11.15 11.73 NOTE
r-devel-linux-x86_64-debian-gcc 0.2.6 0.58 10.95 11.52 NOTE
r-devel-linux-x86_64-fedora-clang 0.2.6 22.22 NOTE
r-devel-linux-x86_64-fedora-gcc 0.2.6 24.04 NOTE
r-devel-osx-x86_64-clang 0.2.6 25.57 OK
r-devel-windows-ix86+x86_64 0.2.6 3.00 19.00 22.00 OK
r-patched-linux-x86_64 0.2.6 0.57 11.40 11.98 NOTE
r-patched-solaris-sparc 0.2.6 142.00 OK
r-patched-solaris-x86 0.2.6 34.20 OK
r-release-linux-x86_64 0.2.6 0.62 10.88 11.50 NOTE
r-release-osx-x86_64-mavericks 0.2.6 OK
r-release-osx-x86_64-snowleopard 0.2.6 OK
r-release-windows-ix86+x86_64 0.2.6 2.00 21.00 23.00 OK
r-oldrel-windows-ix86+x86_64 0.2.6 2.00 19.00 21.00 OK

Check Details

Version: 0.2.6
Check: Rd line widths
Result: NOTE
    Rd file 'stratcc.Rd':
     \usage lines wider than 90 characters:
     stratcc(x, groups, alloc = "Pro", fraction = 0.1, clustering = FALSE, cluster_method = "ward")
    
    These lines will be truncated in the PDF manual.
Flavor: r-patched-linux-x86_64