CRAN Package Check Results for Package ccChooser

Last updated on 2016-06-25 16:47:43.

Flavor Version Tinstall Tcheck Ttotal Status Flags
r-devel-linux-x86_64-debian-gcc 0.2.6 0.68 11.86 12.53 NOTE
r-devel-linux-x86_64-fedora-clang 0.2.6 18.83 NOTE
r-devel-linux-x86_64-fedora-gcc 0.2.6 18.11 NOTE
r-devel-osx-x86_64-clang 0.2.6 17.06 NOTE
r-devel-windows-ix86+x86_64 0.2.6 3.00 38.00 41.00 NOTE
r-patched-linux-x86_64 0.2.6 0.74 11.48 12.22 NOTE
r-patched-solaris-sparc 0.2.6 121.60 NOTE
r-patched-solaris-x86 0.2.6 29.40 NOTE
r-release-linux-x86_64 0.2.6 0.69 11.71 12.40 NOTE
r-release-osx-x86_64-mavericks 0.2.6 NOTE
r-release-windows-ix86+x86_64 0.2.6 5.00 28.00 33.00 NOTE
r-oldrel-windows-ix86+x86_64 0.2.6 3.00 34.00 37.00 OK

Check Details

Version: 0.2.6
Check: R code for possible problems
Result: NOTE
    VD: no visible binding for global variable ‘var’
    stratcc : <anonymous>: no visible global function definition for
     ‘hclust’
    stratcc : <anonymous>: no visible global function definition for
     ‘cutree’
    Undefined global functions or variables:
     cutree hclust var
    Consider adding
     importFrom("stats", "cutree", "hclust", "var")
    to your NAMESPACE file.
Flavors: r-devel-linux-x86_64-debian-gcc, r-devel-linux-x86_64-fedora-clang, r-devel-linux-x86_64-fedora-gcc, r-devel-osx-x86_64-clang, r-devel-windows-ix86+x86_64, r-patched-linux-x86_64, r-patched-solaris-sparc, r-patched-solaris-x86, r-release-linux-x86_64, r-release-osx-x86_64-mavericks, r-release-windows-ix86+x86_64

Version: 0.2.6
Check: Rd line widths
Result: NOTE
    Rd file 'stratcc.Rd':
     \usage lines wider than 90 characters:
     stratcc(x, groups, alloc = "Pro", fraction = 0.1, clustering = FALSE, cluster_method = "ward")
    
    These lines will be truncated in the PDF manual.
Flavors: r-devel-linux-x86_64-debian-gcc, r-devel-linux-x86_64-fedora-clang, r-devel-linux-x86_64-fedora-gcc, r-patched-linux-x86_64, r-release-linux-x86_64