CRAN Package Check Results for Package ccChooser

Last updated on 2015-03-06 21:48:16.

Flavor Version Tinstall Tcheck Ttotal Status Flags
r-devel-linux-x86_64-debian-clang 0.2.6 0.58 11.14 11.72 NOTE
r-devel-linux-x86_64-debian-gcc 0.2.6 0.57 11.40 11.96 NOTE
r-devel-linux-x86_64-fedora-clang 0.2.6 22.11 NOTE
r-devel-linux-x86_64-fedora-gcc 0.2.6 22.13 NOTE
r-devel-osx-x86_64-clang 0.2.6 25.30 OK
r-devel-windows-ix86+x86_64 0.2.6 4.00 19.00 23.00 OK
r-patched-linux-x86_64 0.2.6 0.71 12.86 13.58 NOTE
r-patched-solaris-sparc 0.2.6 176.40 OK
r-patched-solaris-x86 0.2.6 36.90 OK
r-release-linux-ix86 0.2.6 0.88 19.58 20.46 NOTE
r-release-linux-x86_64 0.2.6 0.61 12.78 13.39 NOTE
r-release-osx-x86_64-mavericks 0.2.6 OK
r-release-windows-ix86+x86_64 0.2.6 4.00 24.00 28.00 OK
r-oldrel-windows-ix86+x86_64 0.2.6 3.00 37.00 40.00 OK

Check Details

Version: 0.2.6
Check: Rd line widths
Result: NOTE
    Rd file 'stratcc.Rd':
     \usage lines wider than 90 characters:
     stratcc(x, groups, alloc = "Pro", fraction = 0.1, clustering = FALSE, cluster_method = "ward")
    
    These lines will be truncated in the PDF manual.
Flavors: r-devel-linux-x86_64-debian-clang, r-devel-linux-x86_64-debian-gcc, r-devel-linux-x86_64-fedora-clang, r-devel-linux-x86_64-fedora-gcc, r-patched-linux-x86_64, r-release-linux-ix86, r-release-linux-x86_64