CRAN Package Check Results for Package ccChooser

Last updated on 2014-08-28 14:47:24.

Flavor Version Tinstall Tcheck Ttotal Status Flags
r-devel-linux-x86_64-debian-clang 0.2.6 0.56 11.43 11.99 OK
r-devel-linux-x86_64-debian-gcc 0.2.6 0.55 11.28 11.84 OK
r-devel-linux-x86_64-fedora-clang 0.2.6 25.34 NOTE
r-devel-linux-x86_64-fedora-gcc 0.2.6 22.40 NOTE
r-devel-osx-x86_64-clang 0.2.6 26.33 OK
r-devel-windows-ix86+x86_64 0.2.6 3.00 19.00 22.00 OK
r-patched-linux-x86_64 0.2.6 0.58 11.84 12.42 OK
r-patched-solaris-sparc 0.2.6 142.60 OK
r-patched-solaris-x86 0.2.6 35.30 OK
r-release-linux-ix86 0.2.6 0.88 19.16 20.04 OK
r-release-linux-x86_64 0.2.6 0.60 12.05 12.65 OK
r-release-osx-x86_64-mavericks 0.2.6 OK
r-release-windows-ix86+x86_64 0.2.6 2.00 22.00 24.00 OK
r-oldrel-windows-ix86+x86_64 0.2.6 3.00 22.00 25.00 OK

Check Details

Version: 0.2.6
Check: Rd line widths
Result: NOTE
    Rd file 'stratcc.Rd':
     \usage lines wider than 90 characters:
     stratcc(x, groups, alloc = "Pro", fraction = 0.1, clustering = FALSE, cluster_method = "ward")
    
    These lines will be truncated in the PDF manual.
Flavors: r-devel-linux-x86_64-fedora-clang, r-devel-linux-x86_64-fedora-gcc