CRAN Package Check Results for Package ccChooser

Last updated on 2014-04-24 09:48:57.

Flavor Version Tinstall Tcheck Ttotal Status Flags
r-devel-linux-x86_64-debian-clang 0.2.6 0.66 12.30 12.96 OK
r-devel-linux-x86_64-debian-gcc 0.2.6 0.65 12.21 12.86 OK
r-devel-linux-x86_64-fedora-clang 0.2.6 23.98 NOTE
r-devel-linux-x86_64-fedora-gcc 0.2.6 23.09 NOTE
r-devel-osx-x86_64-clang 0.2.6 25.39 OK
r-devel-osx-x86_64-gcc 0.2.6 OK
r-devel-windows-ix86+x86_64 0.2.6 2.00 20.00 22.00 OK
r-patched-linux-x86_64 0.2.6 0.60 12.31 12.92 OK
r-patched-solaris-sparc 0.2.6 136.80 OK
r-patched-solaris-x86 0.2.6 34.60 OK
r-release-linux-ix86 0.2.6 2.00 27.00 29.00 OK
r-release-linux-x86_64 0.2.6 0.77 12.13 12.90 OK
r-release-osx-x86_64-mavericks 0.2.6 WARN
r-release-windows-ix86+x86_64 0.2.6 2.00 23.00 25.00 OK
r-oldrel-windows-ix86+x86_64 0.2.6 3.00 22.00 25.00 OK

Check Details

Version: 0.2.6
Check: Rd line widths
Result: NOTE
    Rd file 'stratcc.Rd':
     \usage lines wider than 90 characters:
     stratcc(x, groups, alloc = "Pro", fraction = 0.1, clustering = FALSE, cluster_method = "ward")
    
    These lines will be truncated in the PDF manual.
Flavors: r-devel-linux-x86_64-fedora-clang, r-devel-linux-x86_64-fedora-gcc

Version: 0.2.6
Check: PDF version of manual
Result: WARNING
    LaTeX errors when creating PDF version.
    This typically indicates Rd problems.
    LaTeX errors found:
    ! LaTeX Error: File `upquote.sty' not found.
    
    Type X to quit or <RETURN> to proceed,
    or enter new name. (Default extension: sty)
    
    f5662a6/Rd2.tex:8: ==> Fatal error occurred, no output PDF file produced!
Flavor: r-release-osx-x86_64-mavericks