CRAN Package Check Results for Package ccChooser

Last updated on 2014-07-23 15:47:42.

Flavor Version Tinstall Tcheck Ttotal Status Flags
r-devel-linux-x86_64-debian-clang 0.2.6 0.56 11.43 11.99 OK
r-devel-linux-x86_64-debian-gcc 0.2.6 0.55 11.73 12.28 OK
r-devel-linux-x86_64-fedora-clang 0.2.6 25.14 NOTE
r-devel-linux-x86_64-fedora-gcc 0.2.6 24.56 NOTE
r-devel-osx-x86_64-clang 0.2.6 27.38 OK
r-devel-windows-ix86+x86_64 0.2.6 2.00 21.00 23.00 OK
r-patched-linux-x86_64 0.2.6 0.58 11.46 12.04 OK
r-patched-solaris-sparc 0.2.6 136.80 OK
r-patched-solaris-x86 0.2.6 35.10 OK
r-release-linux-ix86 0.2.6 0.89 19.12 20.01 OK
r-release-linux-x86_64 0.2.6 0.75 12.02 12.76 OK
r-release-osx-x86_64-mavericks 0.2.6 OK
r-release-windows-ix86+x86_64 0.2.6 2.00 21.00 23.00 OK
r-oldrel-windows-ix86+x86_64 0.2.6 2.00 20.00 22.00 OK

Check Details

Version: 0.2.6
Check: Rd line widths
Result: NOTE
    Rd file 'stratcc.Rd':
     \usage lines wider than 90 characters:
     stratcc(x, groups, alloc = "Pro", fraction = 0.1, clustering = FALSE, cluster_method = "ward")
    
    These lines will be truncated in the PDF manual.
Flavors: r-devel-linux-x86_64-fedora-clang, r-devel-linux-x86_64-fedora-gcc