CRAN Package Check Results for Package ccChooser

Last updated on 2014-12-21 01:46:55.

Flavor Version Tinstall Tcheck Ttotal Status Flags
r-devel-linux-x86_64-debian-clang 0.2.6 0.62 12.76 13.38 NOTE
r-devel-linux-x86_64-debian-gcc 0.2.6 0.60 12.22 12.82 NOTE
r-devel-linux-x86_64-fedora-clang 0.2.6 26.80 NOTE
r-devel-linux-x86_64-fedora-gcc 0.2.6 24.41 NOTE
r-devel-osx-x86_64-clang 0.2.6 27.89 OK
r-devel-windows-ix86+x86_64 0.2.6 3.00 24.00 27.00 OK
r-patched-linux-x86_64 0.2.6 0.63 12.86 13.49 NOTE
r-patched-solaris-sparc 0.2.6 142.60 OK
r-patched-solaris-x86 0.2.6 39.40 OK
r-release-linux-ix86 0.2.6 0.90 18.17 19.07 OK
r-release-linux-x86_64 0.2.6 0.63 12.24 12.87 NOTE
r-release-osx-x86_64-mavericks 0.2.6 OK
r-release-windows-ix86+x86_64 0.2.6 3.00 22.00 25.00 OK
r-oldrel-windows-ix86+x86_64 0.2.6 3.00 24.00 27.00 OK

Check Details

Version: 0.2.6
Check: Rd line widths
Result: NOTE
    Rd file 'stratcc.Rd':
     \usage lines wider than 90 characters:
     stratcc(x, groups, alloc = "Pro", fraction = 0.1, clustering = FALSE, cluster_method = "ward")
    
    These lines will be truncated in the PDF manual.
Flavors: r-devel-linux-x86_64-debian-clang, r-devel-linux-x86_64-debian-gcc, r-devel-linux-x86_64-fedora-clang, r-devel-linux-x86_64-fedora-gcc, r-patched-linux-x86_64, r-release-linux-x86_64