CRAN Package Check Results for Package ccChooser

Last updated on 2015-05-25 03:47:33.

Flavor Version Tinstall Tcheck Ttotal Status Flags
r-devel-linux-x86_64-debian-clang 0.2.6 0.58 11.00 11.58 NOTE
r-devel-linux-x86_64-debian-gcc 0.2.6 0.57 11.30 11.86 NOTE
r-devel-linux-x86_64-fedora-clang 0.2.6 22.21 NOTE
r-devel-linux-x86_64-fedora-gcc 0.2.6 22.11 NOTE
r-devel-osx-x86_64-clang 0.2.6 24.52 OK
r-devel-windows-ix86+x86_64 0.2.6 3.00 21.00 24.00 OK
r-patched-linux-x86_64 0.2.6 0.68 10.92 11.60 NOTE
r-patched-solaris-sparc 0.2.6 142.90 OK
r-patched-solaris-x86 0.2.6 32.80 OK
r-release-linux-x86_64 0.2.6 0.57 10.89 11.46 NOTE
r-release-osx-x86_64-mavericks 0.2.6 OK
r-release-osx-x86_64-snowleopard 0.2.6 OK
r-release-windows-ix86+x86_64 0.2.6 3.00 20.00 23.00 OK
r-oldrel-windows-ix86+x86_64 0.2.6 3.00 37.00 40.00 OK

Check Details

Version: 0.2.6
Check: Rd line widths
Result: NOTE
    Rd file 'stratcc.Rd':
     \usage lines wider than 90 characters:
     stratcc(x, groups, alloc = "Pro", fraction = 0.1, clustering = FALSE, cluster_method = "ward")
    
    These lines will be truncated in the PDF manual.
Flavors: r-devel-linux-x86_64-debian-clang, r-devel-linux-x86_64-debian-gcc, r-devel-linux-x86_64-fedora-clang, r-devel-linux-x86_64-fedora-gcc, r-patched-linux-x86_64, r-release-linux-x86_64