CRAN Package Check Results for Package ccChooser

Last updated on 2015-08-30 23:47:35.

Flavor Version Tinstall Tcheck Ttotal Status Flags
r-devel-linux-x86_64-debian-clang 0.2.6 0.53 10.26 10.78 NOTE
r-devel-linux-x86_64-debian-gcc 0.2.6 0.65 10.54 11.20 NOTE
r-devel-linux-x86_64-fedora-clang 0.2.6 20.82 NOTE
r-devel-linux-x86_64-fedora-gcc 0.2.6 19.56 NOTE
r-devel-osx-x86_64-clang 0.2.6 21.22 OK
r-devel-windows-ix86+x86_64 0.2.6 5.00 23.00 28.00 NOTE
r-patched-linux-x86_64 0.2.6 0.57 10.80 11.37 NOTE
r-patched-solaris-sparc 0.2.6 139.80 OK
r-patched-solaris-x86 0.2.6 32.50 OK
r-release-linux-x86_64 0.2.6 0.58 11.70 12.27 NOTE
r-release-osx-x86_64-mavericks 0.2.6 OK
r-release-windows-ix86+x86_64 0.2.6 4.00 28.00 32.00 OK
r-oldrel-windows-ix86+x86_64 0.2.6 5.00 24.00 29.00 OK

Check Details

Version: 0.2.6
Check: R code for possible problems
Result: NOTE
    VD: no visible binding for global variable ‘var’
    stratcc : <anonymous>: no visible global function definition for
     ‘hclust’
    stratcc : <anonymous>: no visible global function definition for
     ‘cutree’
    Undefined global functions or variables:
     cutree hclust var
    Consider adding
     importFrom("stats", "cutree", "hclust", "var")
    to your NAMESPACE.
Flavors: r-devel-linux-x86_64-debian-clang, r-devel-linux-x86_64-debian-gcc, r-devel-linux-x86_64-fedora-clang, r-devel-linux-x86_64-fedora-gcc, r-devel-windows-ix86+x86_64

Version: 0.2.6
Check: Rd line widths
Result: NOTE
    Rd file 'stratcc.Rd':
     \usage lines wider than 90 characters:
     stratcc(x, groups, alloc = "Pro", fraction = 0.1, clustering = FALSE, cluster_method = "ward")
    
    These lines will be truncated in the PDF manual.
Flavors: r-devel-linux-x86_64-debian-clang, r-devel-linux-x86_64-debian-gcc, r-devel-linux-x86_64-fedora-clang, r-devel-linux-x86_64-fedora-gcc, r-patched-linux-x86_64, r-release-linux-x86_64