CRAN Package Check Results for Package ccaPP

Last updated on 2017-05-30 14:47:03.

Flavor Version Tinstall Tcheck Ttotal Status Flags
r-devel-linux-x86_64-debian-clang 0.3.2 38.27 36.04 74.31 NOTE
r-devel-linux-x86_64-debian-gcc 0.3.2 36.60 3775.48 3812.08 FAIL
r-devel-linux-x86_64-fedora-clang 0.3.2 151.73 NOTE
r-devel-linux-x86_64-fedora-gcc 0.3.2 140.58 NOTE
r-devel-windows-ix86+x86_64 0.3.2 104.00 131.00 235.00 OK
r-patched-linux-x86_64 0.3.2 30.16 34.35 64.51 NOTE
r-patched-solaris-sparc 0.3.2 881.40 OK
r-patched-solaris-x86 0.3.2 157.50 OK
r-release-linux-x86_64 0.3.2 30.07 34.60 64.67 NOTE
r-release-windows-ix86+x86_64 0.3.2 142.00 126.00 268.00 OK
r-release-osx-x86_64 0.3.2 WARN
r-oldrel-windows-ix86+x86_64 0.3.2 104.00 88.00 192.00 OK
r-oldrel-osx-x86_64 0.3.2 OK

Check Details

Version: 0.3.2
Check: compiled code
Result: NOTE
    File ‘ccaPP/libs/ccaPP.so’:
     Found no calls to: ‘R_registerRoutines’, ‘R_useDynamicSymbols’
    
    It is good practice to register native routines and to disable symbol
    search.
    
    See ‘Writing portable packages’ in the ‘Writing R Extensions’ manual.
Flavors: r-devel-linux-x86_64-debian-clang, r-devel-linux-x86_64-debian-gcc, r-devel-linux-x86_64-fedora-clang, r-devel-linux-x86_64-fedora-gcc, r-patched-linux-x86_64, r-release-linux-x86_64

Version: 0.3.2
Check: re-building of vignette outputs
Result: FAIL
    
Flavor: r-devel-linux-x86_64-debian-gcc

Version: 0.3.2
Check: re-building of vignette outputs
Result: WARN
    Error in re-building vignettes:
     ...
    Warning: running command 'kpsewhich framed.sty' had status 1
    Warning in test_latex_pkg("framed", system.file("misc", "framed.sty", package = "knitr")) :
     unable to find LaTeX package 'framed'; will use a copy from knitr
    Loading required package: parallel
    Loading required package: pcaPP
    Loading required package: robustbase
    Error in texi2dvi(file = file, pdf = TRUE, clean = clean, quiet = quiet, :
     Running 'texi2dvi' on 'ccaPP-intro.tex' failed.
    LaTeX errors:
    ! LaTeX Error: File `algorithm.sty' not found.
    
    Type X to quit or <RETURN> to proceed,
    or enter new name. (Default extension: sty)
    
    ! Emergency stop.
    <read *>
    
    l.126 \usepackage
     {amsmath}^^M
    ! ==> Fatal error occurred, no output PDF file produced!
    Calls: buildVignettes -> texi2pdf -> texi2dvi
    Execution halted
Flavor: r-release-osx-x86_64