CRAN Package Check Results for Package ccaPP

Last updated on 2016-06-28 14:48:18.

Flavor Version Tinstall Tcheck Ttotal Status Flags
r-devel-linux-x86_64-debian-gcc 0.3.2 37.62 30.93 68.55 OK
r-devel-linux-x86_64-fedora-clang 0.3.2 148.85 OK
r-devel-linux-x86_64-fedora-gcc 0.3.2 126.92 OK
r-devel-osx-x86_64-clang 0.3.2 109.83 OK
r-devel-windows-ix86+x86_64 0.3.2 125.00 111.00 236.00 OK
r-patched-linux-x86_64 0.3.2 29.70 32.38 62.07 OK
r-patched-solaris-sparc 0.3.2 842.50 NOTE
r-patched-solaris-x86 0.3.2 149.60 NOTE
r-release-linux-x86_64 0.3.2 27.72 30.99 58.72 OK
r-release-osx-x86_64-mavericks 0.3.2 OK
r-release-windows-ix86+x86_64 0.3.2 130.00 132.00 262.00 OK
r-oldrel-windows-ix86+x86_64 0.3.2 118.00 116.00 234.00 OK

Check Details

Version: 0.3.2
Check: installed package size
Result: NOTE
     installed size is 5.7Mb
     sub-directories of 1Mb or more:
     libs 5.3Mb
Flavors: r-patched-solaris-sparc, r-patched-solaris-x86