CRAN Package Check Results for Package ccaPP

Last updated on 2020-06-07 03:46:49 CEST.

Flavor Version Tinstall Tcheck Ttotal Status Flags
r-devel-linux-x86_64-debian-clang 0.3.3 82.66 35.13 117.79 OK --no-vignettes
r-devel-linux-x86_64-debian-gcc 0.3.3 57.06 28.94 86.00 OK --no-vignettes
r-devel-linux-x86_64-fedora-clang 0.3.3 207.17 NOTE
r-devel-linux-x86_64-fedora-gcc 0.3.3 177.87 OK
r-devel-windows-ix86+x86_64 0.3.3 195.00 143.00 338.00 OK
r-patched-linux-x86_64 0.3.3 57.11 36.16 93.27 OK --no-vignettes
r-patched-solaris-x86 0.3.3 138.50 OK --no-vignettes
r-release-linux-x86_64 0.3.3 56.66 35.91 92.57 OK --no-vignettes
r-release-osx-x86_64 0.3.3 NOTE
r-release-windows-ix86+x86_64 0.3.3 137.00 138.00 275.00 OK
r-oldrel-osx-x86_64 0.3.3 OK
r-oldrel-windows-ix86+x86_64 0.3.3 172.00 112.00 284.00 OK

Check Details

Version: 0.3.3
Check: installed package size
Result: NOTE
     installed size is 5.5Mb
     sub-directories of 1Mb or more:
     libs 5.1Mb
Flavors: r-devel-linux-x86_64-fedora-clang, r-release-osx-x86_64