CRAN Package Check Results for Package ccaPP

Last updated on 2019-07-21 16:47:27 CEST.

Flavor Version Tinstall Tcheck Ttotal Status Flags
r-devel-linux-x86_64-debian-clang 0.3.2 60.16 33.28 93.44 OK --no-vignettes
r-devel-linux-x86_64-debian-gcc 0.3.2 47.17 27.79 74.96 OK --no-vignettes
r-devel-linux-x86_64-fedora-clang 0.3.2 179.32 NOTE
r-devel-linux-x86_64-fedora-gcc 0.3.2 168.47 NOTE
r-devel-windows-ix86+x86_64 0.3.2 110.00 141.00 251.00 OK
r-patched-linux-x86_64 0.3.2 54.89 33.92 88.81 OK --no-vignettes
r-patched-solaris-x86 0.3.2 145.90 OK --no-vignettes
r-release-linux-x86_64 0.3.2 59.01 33.92 92.93 OK --no-vignettes
r-release-windows-ix86+x86_64 0.3.2 110.00 109.00 219.00 OK
r-release-osx-x86_64 0.3.2 NOTE
r-oldrel-windows-ix86+x86_64 0.3.2 147.00 106.00 253.00 OK
r-oldrel-osx-x86_64 0.3.2 OK

Check Details

Version: 0.3.2
Check: compiled code
Result: NOTE
    File ‘ccaPP/libs/ccaPP.so’:
     Found no calls to: ‘R_registerRoutines’, ‘R_useDynamicSymbols’
    
    It is good practice to register native routines and to disable symbol
    search.
    
    See ‘Writing portable packages’ in the ‘Writing R Extensions’ manual.
Flavors: r-devel-linux-x86_64-fedora-clang, r-devel-linux-x86_64-fedora-gcc

Version: 0.3.2
Check: installed package size
Result: NOTE
     installed size is 5.1Mb
     sub-directories of 1Mb or more:
     libs 4.6Mb
Flavor: r-release-osx-x86_64