CRAN Package Check Results for Package ccaPP

Last updated on 2017-02-27 09:47:28.

Flavor Version Tinstall Tcheck Ttotal Status Flags
r-devel-linux-x86_64-debian-clang 0.3.2 38.16 35.74 73.90 NOTE
r-devel-linux-x86_64-debian-gcc 0.3.2 35.22 34.69 69.91 NOTE
r-devel-linux-x86_64-fedora-clang 0.3.2 134.50 NOTE --no-stop-on-test-error
r-devel-linux-x86_64-fedora-gcc 0.3.2 136.65 NOTE --no-stop-on-test-error
r-devel-macos-x86_64-clang 0.3.2 114.12 NOTE --no-stop-on-test-error
r-devel-windows-ix86+x86_64 0.3.2 101.00 207.00 308.00 OK
r-patched-linux-x86_64 0.3.2 28.05 30.74 58.79 OK
r-patched-solaris-sparc 0.3.2 851.30 OK
r-patched-solaris-x86 0.3.2 149.30 OK
r-release-linux-x86_64 0.3.2 28.10 31.19 59.30 OK
r-release-osx-x86_64-mavericks 0.3.2 OK
r-release-windows-ix86+x86_64 0.3.2 176.00 186.00 362.00 OK
r-oldrel-windows-ix86+x86_64 0.3.2 124.00 115.00 239.00 OK

Check Details

Version: 0.3.2
Check: compiled code
Result: NOTE
    File ‘ccaPP/libs/ccaPP.so’:
     Found no calls to: ‘R_registerRoutines’, ‘R_useDynamicSymbols’
    
    It is good practice to register native routines and to disable symbol
    search.
    
    See ‘Writing portable packages’ in the ‘Writing R Extensions’ manual.
Flavors: r-devel-linux-x86_64-debian-clang, r-devel-linux-x86_64-debian-gcc

Version: 0.3.2
Flags: --no-stop-on-test-error
Check: compiled code
Result: NOTE
    File ‘ccaPP/libs/ccaPP.so’:
     Found no calls to: ‘R_registerRoutines’, ‘R_useDynamicSymbols’
    
    It is good practice to register native routines and to disable symbol
    search.
    
    See ‘Writing portable packages’ in the ‘Writing R Extensions’ manual.
Flavors: r-devel-linux-x86_64-fedora-clang, r-devel-linux-x86_64-fedora-gcc, r-devel-macos-x86_64-clang