CRAN Package Check Results for Package ccaPP

Last updated on 2017-11-23 11:52:03 CET.

Flavor Version Tinstall Tcheck Ttotal Status Flags
r-devel-linux-x86_64-debian-clang 0.3.2 38.41 52.39 90.80 NOTE
r-devel-linux-x86_64-debian-gcc 0.3.2 40.60 81.76 122.36 NOTE
r-devel-linux-x86_64-fedora-clang 0.3.2 115.48 NOTE --no-vignettes
r-devel-linux-x86_64-fedora-gcc 0.3.2 106.40 NOTE --no-vignettes
r-devel-windows-ix86+x86_64 0.3.2 107.00 137.00 244.00 OK
r-patched-linux-x86_64 0.3.2 49.67 86.18 135.86 NOTE
r-patched-solaris-x86 0.3.2 124.10 OK --no-vignettes
r-release-linux-x86_64 0.3.2 37.21 35.04 72.25 NOTE
r-release-windows-ix86+x86_64 0.3.2 110.00 97.00 207.00 OK
r-release-osx-x86_64 0.3.2 WARN
r-oldrel-windows-ix86+x86_64 0.3.2 114.00 96.00 210.00 OK
r-oldrel-osx-x86_64 0.3.2 OK

Check Details

Version: 0.3.2
Check: compiled code
Result: NOTE
    File ‘ccaPP/libs/ccaPP.so’:
     Found no calls to: ‘R_registerRoutines’, ‘R_useDynamicSymbols’
    
    It is good practice to register native routines and to disable symbol
    search.
    
    See ‘Writing portable packages’ in the ‘Writing R Extensions’ manual.
Flavors: r-devel-linux-x86_64-debian-clang, r-devel-linux-x86_64-debian-gcc, r-patched-linux-x86_64, r-release-linux-x86_64

Version: 0.3.2
Flags: --no-vignettes
Check: compiled code
Result: NOTE
    File ‘ccaPP/libs/ccaPP.so’:
     Found no calls to: ‘R_registerRoutines’, ‘R_useDynamicSymbols’
    
    It is good practice to register native routines and to disable symbol
    search.
    
    See ‘Writing portable packages’ in the ‘Writing R Extensions’ manual.
Flavors: r-devel-linux-x86_64-fedora-clang, r-devel-linux-x86_64-fedora-gcc

Version: 0.3.2
Check: re-building of vignette outputs
Result: WARN
    Error in re-building vignettes:
     ...
    Warning: running command 'kpsewhich framed.sty' had status 1
    Warning in test_latex_pkg("framed", system.file("misc", "framed.sty", package = "knitr")) :
     unable to find LaTeX package 'framed'; will use a copy from knitr
    Loading required package: parallel
    Loading required package: pcaPP
    Loading required package: robustbase
    Error in texi2dvi(file = file, pdf = TRUE, clean = clean, quiet = quiet, :
     Running 'texi2dvi' on 'ccaPP-intro.tex' failed.
    LaTeX errors:
    ! LaTeX Error: File `algorithm.sty' not found.
    
    Type X to quit or <RETURN> to proceed,
    or enter new name. (Default extension: sty)
    
    ! Emergency stop.
    <read *>
    
    l.126 \usepackage
     {amsmath}^^M
    ! ==> Fatal error occurred, no output PDF file produced!
    Calls: buildVignettes -> texi2pdf -> texi2dvi
    Execution halted
Flavor: r-release-osx-x86_64