CRAN Package Check Results for Package ccaPP

Last updated on 2017-09-24 00:50:56.

Flavor Version Tinstall Tcheck Ttotal Status Flags
r-devel-linux-x86_64-debian-clang 0.3.2 51.32 34.87 86.19 NOTE
r-devel-linux-x86_64-debian-gcc 0.3.2 37.90 33.54 71.44 NOTE
r-devel-linux-x86_64-fedora-clang 0.3.2 121.49 NOTE --no-vignettes
r-devel-linux-x86_64-fedora-gcc 0.3.2 114.02 NOTE --no-vignettes
r-devel-windows-ix86+x86_64 0.3.2 95.00 103.00 198.00 OK
r-patched-linux-x86_64 0.3.2 38.05 34.44 72.48 NOTE
r-patched-solaris-x86 0.3.2 115.90 OK --no-vignettes
r-release-linux-x86_64 0.3.2 36.81 34.46 71.27 NOTE
r-release-windows-ix86+x86_64 0.3.2 98.00 101.00 199.00 OK
r-release-osx-x86_64 0.3.2 WARN
r-oldrel-windows-ix86+x86_64 0.3.2 109.00 91.00 200.00 OK
r-oldrel-osx-x86_64 0.3.2 OK

Check Details

Version: 0.3.2
Check: compiled code
Result: NOTE
    File ‘ccaPP/libs/ccaPP.so’:
     Found no calls to: ‘R_registerRoutines’, ‘R_useDynamicSymbols’
    
    It is good practice to register native routines and to disable symbol
    search.
    
    See ‘Writing portable packages’ in the ‘Writing R Extensions’ manual.
Flavors: r-devel-linux-x86_64-debian-clang, r-devel-linux-x86_64-debian-gcc, r-patched-linux-x86_64, r-release-linux-x86_64

Version: 0.3.2
Flags: --no-vignettes
Check: compiled code
Result: NOTE
    File ‘ccaPP/libs/ccaPP.so’:
     Found no calls to: ‘R_registerRoutines’, ‘R_useDynamicSymbols’
    
    It is good practice to register native routines and to disable symbol
    search.
    
    See ‘Writing portable packages’ in the ‘Writing R Extensions’ manual.
Flavors: r-devel-linux-x86_64-fedora-clang, r-devel-linux-x86_64-fedora-gcc

Version: 0.3.2
Check: re-building of vignette outputs
Result: WARN
    Error in re-building vignettes:
     ...
    Warning: running command 'kpsewhich framed.sty' had status 1
    Warning in test_latex_pkg("framed", system.file("misc", "framed.sty", package = "knitr")) :
     unable to find LaTeX package 'framed'; will use a copy from knitr
    Loading required package: parallel
    Loading required package: pcaPP
    Loading required package: robustbase
    Error in texi2dvi(file = file, pdf = TRUE, clean = clean, quiet = quiet, :
     Running 'texi2dvi' on 'ccaPP-intro.tex' failed.
    LaTeX errors:
    ! LaTeX Error: File `algorithm.sty' not found.
    
    Type X to quit or <RETURN> to proceed,
    or enter new name. (Default extension: sty)
    
    ! Emergency stop.
    <read *>
    
    l.126 \usepackage
     {amsmath}^^M
    ! ==> Fatal error occurred, no output PDF file produced!
    Calls: buildVignettes -> texi2pdf -> texi2dvi
    Execution halted
Flavor: r-release-osx-x86_64