CRAN Package Check Results for Package ccaPP

Last updated on 2015-08-05 08:48:22.

Flavor Version Tinstall Tcheck Ttotal Status Flags
r-devel-linux-x86_64-debian-clang 0.3.0 29.56 19.04 48.60 NOTE
r-devel-linux-x86_64-debian-gcc 0.3.0 29.20 19.85 49.06 NOTE
r-devel-linux-x86_64-fedora-clang 0.3.0 102.47 NOTE
r-devel-linux-x86_64-fedora-gcc 0.3.0 91.64 NOTE
r-devel-osx-x86_64-clang 0.3.0 62.37 OK
r-devel-windows-ix86+x86_64 0.3.0 106.00 61.00 167.00 NOTE
r-patched-linux-x86_64 0.3.0 29.02 19.24 48.26 OK
r-patched-solaris-sparc 0.3.0 589.00 OK
r-patched-solaris-x86 0.3.0 109.20 OK
r-release-linux-x86_64 0.3.0 30.13 20.82 50.95 OK
r-release-osx-x86_64-mavericks 0.3.0 OK
r-release-windows-ix86+x86_64 0.3.0 117.00 56.00 173.00 OK
r-oldrel-windows-ix86+x86_64 0.3.0 105.00 63.00 168.00 OK

Check Details

Version: 0.3.0
Check: R code for possible problems
Result: NOTE
    permTest: no visible global function definition for ‘runif’
    Undefined global functions or variables:
     runif
    Consider adding
     importFrom("stats", "runif")
    to your NAMESPACE.
Flavors: r-devel-linux-x86_64-debian-clang, r-devel-linux-x86_64-debian-gcc, r-devel-linux-x86_64-fedora-clang, r-devel-linux-x86_64-fedora-gcc, r-devel-windows-ix86+x86_64