CRAN Package Check Results for Package ccaPP

Last updated on 2014-04-16 15:49:24.

Flavor Version Tinstall Tcheck Ttotal Status Flags
r-devel-linux-x86_64-debian-clang 0.3.0 25.99 22.85 48.84 OK
r-devel-linux-x86_64-debian-gcc 0.3.0 28.11 23.64 51.74 OK
r-devel-linux-x86_64-fedora-clang 0.3.0 101.05 OK
r-devel-linux-x86_64-fedora-gcc 0.3.0 98.13 OK
r-devel-macosx-x86_64-clang 0.3.0 75.71 OK
r-devel-macosx-x86_64-gcc 0.3.0 ERROR
r-devel-windows-ix86+x86_64 0.3.0 80.00 59.00 139.00 OK
r-patched-linux-x86_64 0.3.0 28.56 23.52 52.08 OK
r-patched-solaris-sparc 0.3.0 687.30 OK
r-patched-solaris-x86 0.3.0 130.60 OK
r-release-linux-ix86 0.3.0 58.00 47.00 105.00 OK
r-release-linux-x86_64 0.3.0 28.34 23.69 52.03 OK
r-release-macosx-x86_64 0.3.0 OK
r-release-windows-ix86+x86_64 0.3.0 81.00 57.00 138.00 OK
r-oldrel-windows-ix86+x86_64 0.3.0 83.00 61.00 144.00 OK

Check Details

Version: 0.3.0
Check: package dependencies
Result: ERROR
    Package required but not available: ‘robustbase’
    
    See the information on DESCRIPTION files in the chapter ‘Creating R
    packages’ of the ‘Writing R Extensions’ manual.
Flavor: r-devel-macosx-x86_64-gcc