CRAN Package Check Results for Package ccaPP

Last updated on 2019-05-21 02:46:59 CEST.

Flavor Version Tinstall Tcheck Ttotal Status Flags
r-devel-linux-x86_64-debian-clang 0.3.2 67.81 33.56 101.37 OK --no-vignettes
r-devel-linux-x86_64-debian-gcc 0.3.2 45.00 27.76 72.76 OK --no-vignettes
r-devel-linux-x86_64-fedora-clang 0.3.2 184.15 NOTE
r-devel-linux-x86_64-fedora-gcc 0.3.2 160.47 NOTE
r-devel-windows-ix86+x86_64 0.3.2 144.00 145.00 289.00 OK
r-patched-linux-x86_64 0.3.2 57.11 33.99 91.10 OK --no-vignettes
r-patched-solaris-x86 0.3.2 148.40 OK --no-vignettes
r-release-linux-x86_64 0.3.2 50.93 34.11 85.04 OK --no-vignettes
r-release-windows-ix86+x86_64 0.3.2 157.00 139.00 296.00 OK
r-release-osx-x86_64 0.3.2 NOTE
r-oldrel-windows-ix86+x86_64 0.3.2 106.00 95.00 201.00 OK
r-oldrel-osx-x86_64 0.3.2 OK

Check Details

Version: 0.3.2
Check: compiled code
Result: NOTE
    File ‘ccaPP/libs/ccaPP.so’:
     Found no calls to: ‘R_registerRoutines’, ‘R_useDynamicSymbols’
    
    It is good practice to register native routines and to disable symbol
    search.
    
    See ‘Writing portable packages’ in the ‘Writing R Extensions’ manual.
Flavors: r-devel-linux-x86_64-fedora-clang, r-devel-linux-x86_64-fedora-gcc

Version: 0.3.2
Check: installed package size
Result: NOTE
     installed size is 5.1Mb
     sub-directories of 1Mb or more:
     libs 4.6Mb
Flavor: r-release-osx-x86_64