CRAN Package Check Results for Package ccaPP

Last updated on 2015-09-03 14:48:12.

Flavor Version Tinstall Tcheck Ttotal Status Flags
r-devel-linux-x86_64-debian-clang 0.3.0 29.40 17.76 47.17 NOTE
r-devel-linux-x86_64-debian-gcc 0.3.0 29.13 18.79 47.92 NOTE
r-devel-linux-x86_64-fedora-clang 0.3.0 96.28 NOTE
r-devel-linux-x86_64-fedora-gcc 0.3.0 88.99 NOTE
r-devel-osx-x86_64-clang 0.3.0 62.19 OK
r-devel-windows-ix86+x86_64 0.3.0 109.00 56.00 165.00 NOTE
r-patched-linux-x86_64 0.3.0 29.34 19.69 49.03 OK
r-patched-solaris-sparc 0.3.0 589.00 OK
r-patched-solaris-x86 0.3.0 111.10 OK
r-release-linux-x86_64 0.3.0 29.88 20.03 49.90 OK
r-release-osx-x86_64-mavericks 0.3.0 OK
r-release-windows-ix86+x86_64 0.3.0 106.00 56.00 162.00 OK
r-oldrel-windows-ix86+x86_64 0.3.0 120.00 69.00 189.00 OK

Check Details

Version: 0.3.0
Check: R code for possible problems
Result: NOTE
    permTest: no visible global function definition for ‘runif’
    Undefined global functions or variables:
     runif
    Consider adding
     importFrom("stats", "runif")
    to your NAMESPACE.
Flavors: r-devel-linux-x86_64-debian-clang, r-devel-linux-x86_64-debian-gcc, r-devel-linux-x86_64-fedora-clang, r-devel-linux-x86_64-fedora-gcc, r-devel-windows-ix86+x86_64