CRAN Package Check Results for Package cccd

Last updated on 2014-11-01 08:48:12.

Flavor Version Tinstall Tcheck Ttotal Status Flags
r-devel-linux-x86_64-debian-clang 1.04 0.85 16.56 17.42 NOTE
r-devel-linux-x86_64-debian-gcc 1.04 0.81 15.87 16.68 NOTE
r-devel-linux-x86_64-fedora-clang 1.04 35.97 NOTE
r-devel-linux-x86_64-fedora-gcc 1.04 35.20 NOTE
r-devel-osx-x86_64-clang 1.04 35.17 NOTE
r-devel-windows-ix86+x86_64 1.04 3.00 29.00 32.00 NOTE
r-patched-linux-x86_64 1.04 0.82 16.40 17.22 NOTE
r-patched-solaris-sparc 1.04 200.10 NOTE
r-patched-solaris-x86 1.04 50.90 NOTE
r-release-linux-ix86 1.04 1.16 25.05 26.21 NOTE
r-release-linux-x86_64 1.04 0.86 18.03 18.89 NOTE
r-release-osx-x86_64-mavericks 1.04 NOTE
r-release-osx-x86_64-snowleopard 1.04 OK
r-release-windows-ix86+x86_64 1.04 4.00 33.00 37.00 NOTE
r-oldrel-windows-ix86+x86_64 1.04 4.00 33.00 37.00 NOTE

Check Details

Version: 1.04
Check: dependencies in R code
Result: NOTE
    Packages in Depends field not imported from:
     ‘igraph’ ‘plotrix’ ‘proxy’
     These packages need to be imported from (in the NAMESPACE file)
     for when this namespace is loaded but not attached.
    See the information on DESCRIPTION files in the chapter ‘Creating R
    packages’ of the ‘Writing R Extensions’ manual.
Flavors: r-devel-linux-x86_64-debian-clang, r-devel-linux-x86_64-debian-gcc, r-devel-linux-x86_64-fedora-clang, r-devel-linux-x86_64-fedora-gcc, r-devel-osx-x86_64-clang, r-devel-windows-ix86+x86_64, r-patched-linux-x86_64, r-patched-solaris-sparc, r-patched-solaris-x86, r-release-linux-ix86, r-release-linux-x86_64, r-release-osx-x86_64-mavericks, r-release-windows-ix86+x86_64, r-oldrel-windows-ix86+x86_64

Version: 1.04
Check: R code for possible problems
Result: NOTE
    cccd: no visible global function definition for ‘graph.adjacency’
    cccd.rw: no visible global function definition for ‘graph.adjacency’
    ccd.nonsequential: no visible global function definition for
     ‘graph.adjacency’
    ccd.sequential: no visible global function definition for
     ‘graph.adjacency’
    dominate.greedy: no visible global function definition for ‘degree’
    dominate.greedy: no visible global function definition for
     ‘get.adjacency’
    dominate.greedy: no visible global function definition for
     ‘graph.adjacency’
    dominate.random.sample: no visible global function definition for
     ‘vcount’
    gg: no visible global function definition for ‘deldir’
    gg: no visible global function definition for ‘graph.adjacency’
    juggle1: no visible global function definition for ‘graph.adjacency’
    juggle2: no visible global function definition for ‘graph.adjacency’
    nng: no visible global function definition for ‘graph.adjacency’
    plot.cccd: no visible global function definition for ‘draw.circle’
    prune: no visible global function definition for ‘vcount’
    prune: no visible global function definition for ‘graph.adjacency’
    prune: no visible global function definition for
     ‘minimum.spanning.tree’
    prune: no visible global function definition for ‘neighborhood’
    rng: no visible global function definition for ‘deldir’
    rng: no visible global function definition for ‘graph.adjacency’
Flavors: r-devel-linux-x86_64-debian-clang, r-devel-linux-x86_64-debian-gcc, r-devel-linux-x86_64-fedora-clang, r-devel-linux-x86_64-fedora-gcc, r-devel-osx-x86_64-clang, r-devel-windows-ix86+x86_64, r-patched-linux-x86_64, r-patched-solaris-sparc, r-patched-solaris-x86