CRAN Package Check Results for Package cccd

Last updated on 2015-07-06 08:47:58.

Flavor Version Tinstall Tcheck Ttotal Status Flags
r-devel-linux-x86_64-debian-clang 1.5 0.97 15.50 16.46 NOTE
r-devel-linux-x86_64-debian-gcc 1.5 0.69 15.49 16.18 NOTE
r-devel-linux-x86_64-fedora-clang 1.5 31.28 NOTE
r-devel-linux-x86_64-fedora-gcc 1.5 29.83 NOTE
r-devel-osx-x86_64-clang 1.5 29.45 OK
r-devel-windows-ix86+x86_64 1.5 5.00 28.00 33.00 NOTE
r-patched-linux-x86_64 1.5 0.72 15.28 16.00 OK
r-patched-solaris-sparc 1.5 209.00 OK
r-patched-solaris-x86 1.5 46.30 OK
r-release-linux-x86_64 1.5 0.74 15.63 16.37 OK
r-release-osx-x86_64-mavericks 1.5 OK
r-release-windows-ix86+x86_64 1.5 4.00 29.00 33.00 OK
r-oldrel-windows-ix86+x86_64 1.5 5.00 36.00 41.00 OK

Check Details

Version: 1.5
Check: R code for possible problems
Result: NOTE
    ccd.sequential: no visible global function definition for ‘qchisq’
    dominate.random.sample: no visible global function definition for
     ‘runif’
    draw.circle: no visible global function definition for ‘polygon’
    juggle2: no visible global function definition for ‘rbinom’
    plot.cccd: no visible global function definition for ‘gray’
    plot.cccd: no visible global function definition for ‘plot’
    plot.cccd: no visible global function definition for ‘points’
    plot.cccdClassifier: no visible global function definition for ‘points’
    plot.cccdClassifier: no visible global function definition for ‘plot’
    plot.ccd: no visible global function definition for ‘plot’
    Undefined global functions or variables:
     gray plot points polygon qchisq rbinom runif
Flavors: r-devel-linux-x86_64-debian-clang, r-devel-linux-x86_64-debian-gcc, r-devel-linux-x86_64-fedora-clang, r-devel-linux-x86_64-fedora-gcc, r-devel-windows-ix86+x86_64