CRAN Package Check Results for Package cccd

Last updated on 2015-09-03 22:47:50.

Flavor Version Tinstall Tcheck Ttotal Status Flags
r-devel-linux-x86_64-debian-clang 1.5 0.66 15.15 15.81 NOTE
r-devel-linux-x86_64-debian-gcc 1.5 0.66 15.12 15.78 NOTE
r-devel-linux-x86_64-fedora-clang 1.5 31.12 NOTE
r-devel-linux-x86_64-fedora-gcc 1.5 29.66 NOTE
r-devel-osx-x86_64-clang 1.5 29.18 OK
r-devel-windows-ix86+x86_64 1.5 4.00 29.00 33.00 NOTE
r-patched-linux-x86_64 1.5 0.72 15.73 16.46 OK
r-patched-solaris-sparc 1.5 216.70 OK
r-patched-solaris-x86 1.5 46.30 OK
r-release-linux-x86_64 1.5 0.71 15.43 16.14 OK
r-release-osx-x86_64-mavericks 1.5 OK
r-release-windows-ix86+x86_64 1.5 6.00 42.00 48.00 OK
r-oldrel-windows-ix86+x86_64 1.5 9.00 37.00 46.00 OK

Check Details

Version: 1.5
Check: R code for possible problems
Result: NOTE
    ccd.sequential: no visible global function definition for ‘qchisq’
    dominate.random.sample: no visible global function definition for
     ‘runif’
    draw.circle: no visible global function definition for ‘polygon’
    juggle2: no visible global function definition for ‘rbinom’
    plot.cccd: no visible global function definition for ‘gray’
    plot.cccd: no visible global function definition for ‘plot’
    plot.cccd: no visible global function definition for ‘points’
    plot.cccdClassifier: no visible global function definition for ‘points’
    plot.cccdClassifier: no visible global function definition for ‘plot’
    plot.ccd: no visible global function definition for ‘plot’
    Undefined global functions or variables:
     gray plot points polygon qchisq rbinom runif
    Consider adding
     importFrom("grDevices", "gray")
     importFrom("graphics", "plot", "points", "polygon")
     importFrom("stats", "qchisq", "rbinom", "runif")
    to your NAMESPACE.
Flavors: r-devel-linux-x86_64-debian-clang, r-devel-linux-x86_64-debian-gcc, r-devel-linux-x86_64-fedora-clang, r-devel-linux-x86_64-fedora-gcc, r-devel-windows-ix86+x86_64