CRAN Package Check Results for Package cccd

Last updated on 2015-05-26 12:47:11.

Flavor Version Tinstall Tcheck Ttotal Status Flags
r-devel-linux-x86_64-debian-clang 1.04 0.69 14.44 15.13 NOTE
r-devel-linux-x86_64-debian-gcc 1.04 0.66 14.18 14.84 NOTE
r-devel-linux-x86_64-fedora-clang 1.04 29.85 NOTE
r-devel-linux-x86_64-fedora-gcc 1.04 28.69 NOTE
r-devel-osx-x86_64-clang 1.04 30.32 NOTE
r-devel-windows-ix86+x86_64 1.04 3.00 24.00 27.00 NOTE
r-patched-linux-x86_64 1.04 0.67 14.04 14.72 NOTE
r-patched-solaris-sparc 1.04 190.80 NOTE
r-patched-solaris-x86 1.04 42.30 NOTE
r-release-linux-x86_64 1.04 0.69 15.02 15.71 NOTE
r-release-osx-x86_64-mavericks 1.04 NOTE
r-release-osx-x86_64-snowleopard 1.04 ERROR
r-release-windows-ix86+x86_64 1.04 3.00 26.00 29.00 NOTE
r-oldrel-windows-ix86+x86_64 1.04 4.00 32.00 36.00 NOTE

Check Details

Version: 1.04
Check: dependencies in R code
Result: NOTE
    'library' or 'require' call to ‘deldir’ in package code.
     Please use :: or requireNamespace() instead.
     See section 'Suggested packages' in the 'Writing R Extensions' manual.
    Packages in Depends field not imported from:
     ‘igraph’ ‘plotrix’ ‘proxy’
     These packages need to be imported from (in the NAMESPACE file)
     for when this namespace is loaded but not attached.
Flavors: r-devel-linux-x86_64-debian-clang, r-devel-linux-x86_64-debian-gcc, r-devel-linux-x86_64-fedora-clang, r-devel-linux-x86_64-fedora-gcc, r-devel-osx-x86_64-clang, r-devel-windows-ix86+x86_64, r-patched-linux-x86_64, r-patched-solaris-sparc, r-patched-solaris-x86, r-release-linux-x86_64, r-release-osx-x86_64-mavericks, r-release-windows-ix86+x86_64, r-oldrel-windows-ix86+x86_64

Version: 1.04
Check: R code for possible problems
Result: NOTE
    cccd: no visible global function definition for ‘graph.adjacency’
    cccd.rw: no visible global function definition for ‘graph.adjacency’
    ccd.nonsequential: no visible global function definition for
     ‘graph.adjacency’
    ccd.sequential: no visible global function definition for
     ‘graph.adjacency’
    dominate.greedy: no visible global function definition for ‘degree’
    dominate.greedy: no visible global function definition for
     ‘get.adjacency’
    dominate.greedy: no visible global function definition for
     ‘graph.adjacency’
    dominate.random.sample: no visible global function definition for
     ‘vcount’
    gg: no visible global function definition for ‘deldir’
    gg: no visible global function definition for ‘graph.adjacency’
    juggle1: no visible global function definition for ‘graph.adjacency’
    juggle2: no visible global function definition for ‘graph.adjacency’
    nng: no visible global function definition for ‘graph.adjacency’
    plot.cccd: no visible global function definition for ‘draw.circle’
    prune: no visible global function definition for ‘vcount’
    prune: no visible global function definition for ‘graph.adjacency’
    prune: no visible global function definition for
     ‘minimum.spanning.tree’
    prune: no visible global function definition for ‘neighborhood’
    rng: no visible global function definition for ‘deldir’
    rng: no visible global function definition for ‘graph.adjacency’
Flavors: r-devel-linux-x86_64-debian-clang, r-devel-linux-x86_64-debian-gcc, r-devel-linux-x86_64-fedora-clang, r-devel-linux-x86_64-fedora-gcc, r-devel-osx-x86_64-clang, r-devel-windows-ix86+x86_64, r-patched-linux-x86_64, r-patched-solaris-sparc, r-patched-solaris-x86, r-release-linux-x86_64, r-release-osx-x86_64-mavericks, r-release-windows-ix86+x86_64, r-oldrel-windows-ix86+x86_64

Version: 1.04
Check: package dependencies
Result: ERROR
    Packages required but not available: ‘igraph’ ‘proxy’
    
    See section ‘The DESCRIPTION file’ in the ‘Writing R Extensions’
    manual.
Flavor: r-release-osx-x86_64-snowleopard