CRAN Package Check Results for Package cccd

Last updated on 2016-08-31 06:47:18.

Flavor Version Tinstall Tcheck Ttotal Status Flags
r-devel-linux-x86_64-debian-clang 1.5 0.78 15.92 16.70 NOTE
r-devel-linux-x86_64-debian-gcc 1.5 0.79 16.11 16.90 NOTE
r-devel-linux-x86_64-fedora-clang 1.5 28.38 NOTE
r-devel-linux-x86_64-fedora-gcc 1.5 28.45 NOTE
r-devel-osx-x86_64-clang 1.5 25.03 NOTE
r-devel-windows-ix86+x86_64 1.5 4.00 37.00 41.00 NOTE
r-patched-linux-x86_64 1.5 0.74 15.99 16.73 NOTE
r-patched-solaris-sparc 1.5 186.20 NOTE
r-patched-solaris-x86 1.5 41.30 NOTE
r-release-linux-x86_64 1.5 0.87 16.05 16.92 NOTE
r-release-osx-x86_64-mavericks 1.5 NOTE
r-release-windows-ix86+x86_64 1.5 4.00 39.00 43.00 NOTE
r-oldrel-windows-ix86+x86_64 1.5 7.00 45.00 52.00 OK

Check Details

Version: 1.5
Check: R code for possible problems
Result: NOTE
    ccd.sequential: no visible global function definition for ‘qchisq’
    dominate.random.sample: no visible global function definition for
     ‘runif’
    draw.circle: no visible global function definition for ‘polygon’
    juggle2: no visible global function definition for ‘rbinom’
    plot.cccd: no visible global function definition for ‘gray’
    plot.cccd: no visible global function definition for ‘plot’
    plot.cccd: no visible global function definition for ‘points’
    plot.cccdClassifier: no visible global function definition for ‘points’
    plot.cccdClassifier: no visible global function definition for ‘plot’
    plot.ccd: no visible global function definition for ‘plot’
    Undefined global functions or variables:
     gray plot points polygon qchisq rbinom runif
    Consider adding
     importFrom("grDevices", "gray")
     importFrom("graphics", "plot", "points", "polygon")
     importFrom("stats", "qchisq", "rbinom", "runif")
    to your NAMESPACE file.
Flavors: r-devel-linux-x86_64-debian-clang, r-devel-linux-x86_64-debian-gcc, r-devel-linux-x86_64-fedora-clang, r-devel-linux-x86_64-fedora-gcc, r-devel-osx-x86_64-clang, r-devel-windows-ix86+x86_64, r-patched-linux-x86_64, r-patched-solaris-sparc, r-patched-solaris-x86, r-release-linux-x86_64, r-release-osx-x86_64-mavericks, r-release-windows-ix86+x86_64