CRAN Package Check Results for Package cccd

Last updated on 2014-04-21 09:47:57.

Flavor Version Tinstall Tcheck Ttotal Status Flags
r-devel-linux-x86_64-debian-clang 1.04 0.87 18.46 19.33 NOTE
r-devel-linux-x86_64-debian-gcc 1.04 0.89 18.54 19.43 NOTE
r-devel-linux-x86_64-fedora-clang 1.04 40.36 NOTE
r-devel-linux-x86_64-fedora-gcc 1.04 38.37 NOTE
r-devel-macosx-x86_64-clang 1.04 35.72 NOTE
r-devel-macosx-x86_64-gcc 1.04 ERROR
r-devel-windows-ix86+x86_64 1.04 3.00 30.00 33.00 NOTE
r-patched-linux-x86_64 1.04 0.90 18.49 19.40 NOTE
r-patched-solaris-sparc 1.04 224.30 NOTE
r-patched-solaris-x86 1.04 53.80 NOTE
r-release-linux-ix86 NOTE
r-release-linux-x86_64 1.04 1.18 18.48 19.66 NOTE
r-release-macosx-x86_64 1.04 OK
r-release-windows-ix86+x86_64 1.04 5.00 31.00 36.00 NOTE
r-oldrel-windows-ix86+x86_64 1.04 4.00 29.00 33.00 NOTE

Check Details

Version: 1.04
Check: dependencies in R code
Result: NOTE
    Packages in Depends field not imported from:
     ‘igraph’ ‘plotrix’ ‘proxy’
     These packages need to be imported from (in the NAMESPACE file)
     for when this namespace is loaded but not attached.
    See the information on DESCRIPTION files in the chapter ‘Creating R
    packages’ of the ‘Writing R Extensions’ manual.
Flavors: r-devel-linux-x86_64-debian-clang, r-devel-linux-x86_64-debian-gcc, r-devel-linux-x86_64-fedora-clang, r-devel-linux-x86_64-fedora-gcc, r-devel-macosx-x86_64-clang, r-devel-windows-ix86+x86_64, r-patched-linux-x86_64, r-patched-solaris-sparc, r-patched-solaris-x86, r-release-linux-ix86, r-release-linux-x86_64, r-release-windows-ix86+x86_64, r-oldrel-windows-ix86+x86_64

Version: 1.04
Check: package dependencies
Result: ERROR
    Packages required but not available: ‘igraph’ ‘proxy’
    
    See the information on DESCRIPTION files in the chapter ‘Creating R
    packages’ of the ‘Writing R Extensions’ manual.
Flavor: r-devel-macosx-x86_64-gcc