CRAN Package Check Results for Package cccd

Last updated on 2016-07-24 11:47:16.

Flavor Version Tinstall Tcheck Ttotal Status Flags
r-devel-linux-x86_64-debian-clang 1.5 0.95 18.89 19.84 NOTE
r-devel-linux-x86_64-debian-gcc 1.5 0.88 18.28 19.16 NOTE
r-devel-linux-x86_64-fedora-clang 1.5 28.42 NOTE
r-devel-linux-x86_64-fedora-gcc 1.5 26.36 NOTE
r-devel-osx-x86_64-clang 1.5 25.53 NOTE
r-devel-windows-ix86+x86_64 1.5 3.00 36.00 39.00 NOTE
r-patched-linux-x86_64 1.5 0.94 18.85 19.79 NOTE
r-patched-solaris-sparc 1.5 186.20 NOTE
r-patched-solaris-x86 1.5 40.70 NOTE
r-release-linux-x86_64 1.5 0.88 18.87 19.74 NOTE
r-release-osx-x86_64-mavericks 1.5 NOTE
r-release-windows-ix86+x86_64 1.5 4.00 36.00 40.00 NOTE
r-oldrel-windows-ix86+x86_64 1.5 6.00 35.00 41.00 OK

Check Details

Version: 1.5
Check: R code for possible problems
Result: NOTE
    ccd.sequential: no visible global function definition for ‘qchisq’
    dominate.random.sample: no visible global function definition for
     ‘runif’
    draw.circle: no visible global function definition for ‘polygon’
    juggle2: no visible global function definition for ‘rbinom’
    plot.cccd: no visible global function definition for ‘gray’
    plot.cccd: no visible global function definition for ‘plot’
    plot.cccd: no visible global function definition for ‘points’
    plot.cccdClassifier: no visible global function definition for ‘points’
    plot.cccdClassifier: no visible global function definition for ‘plot’
    plot.ccd: no visible global function definition for ‘plot’
    Undefined global functions or variables:
     gray plot points polygon qchisq rbinom runif
    Consider adding
     importFrom("grDevices", "gray")
     importFrom("graphics", "plot", "points", "polygon")
     importFrom("stats", "qchisq", "rbinom", "runif")
    to your NAMESPACE file.
Flavors: r-devel-linux-x86_64-debian-clang, r-devel-linux-x86_64-debian-gcc, r-devel-linux-x86_64-fedora-clang, r-devel-linux-x86_64-fedora-gcc, r-devel-osx-x86_64-clang, r-devel-windows-ix86+x86_64, r-patched-linux-x86_64, r-patched-solaris-sparc, r-patched-solaris-x86, r-release-linux-x86_64, r-release-osx-x86_64-mavericks, r-release-windows-ix86+x86_64