CRAN Package Check Results for Package cccd

Last updated on 2014-07-26 11:52:17.

Flavor Version Tinstall Tcheck Ttotal Status Flags
r-devel-linux-x86_64-debian-clang 1.04 0.81 17.58 18.40 NOTE
r-devel-linux-x86_64-debian-gcc 1.04 1.02 17.20 18.23 NOTE
r-devel-linux-x86_64-fedora-clang 1.04 40.92 NOTE
r-devel-linux-x86_64-fedora-gcc 1.04 33.20 NOTE
r-devel-osx-x86_64-clang 1.04 37.50 NOTE
r-devel-windows-ix86+x86_64 1.04 3.00 28.00 31.00 NOTE
r-patched-linux-x86_64 1.04 0.82 17.43 18.25 NOTE
r-patched-solaris-sparc 1.04 224.30 NOTE
r-patched-solaris-x86 1.04 54.40 NOTE
r-release-linux-ix86 1.04 1.15 24.40 25.56 NOTE
r-release-linux-x86_64 1.04 0.98 17.64 18.62 NOTE
r-release-osx-x86_64-mavericks 1.04 NOTE
r-release-osx-x86_64-snowleopard 1.04 OK
r-release-windows-ix86+x86_64 1.04 3.00 31.00 34.00 NOTE
r-oldrel-windows-ix86+x86_64 1.04 4.00 30.00 34.00 NOTE

Check Details

Version: 1.04
Check: dependencies in R code
Result: NOTE
    Packages in Depends field not imported from:
     ‘igraph’ ‘plotrix’ ‘proxy’
     These packages need to be imported from (in the NAMESPACE file)
     for when this namespace is loaded but not attached.
    See the information on DESCRIPTION files in the chapter ‘Creating R
    packages’ of the ‘Writing R Extensions’ manual.
Flavors: r-devel-linux-x86_64-debian-clang, r-devel-linux-x86_64-debian-gcc, r-devel-linux-x86_64-fedora-clang, r-devel-linux-x86_64-fedora-gcc, r-devel-osx-x86_64-clang, r-devel-windows-ix86+x86_64, r-patched-linux-x86_64, r-patched-solaris-sparc, r-patched-solaris-x86, r-release-linux-ix86, r-release-linux-x86_64, r-release-osx-x86_64-mavericks, r-release-windows-ix86+x86_64, r-oldrel-windows-ix86+x86_64