CRAN Package Check Results for Package cccd

Last updated on 2016-02-06 15:51:29.

Flavor Version Tinstall Tcheck Ttotal Status Flags
r-devel-linux-x86_64-debian-gcc 1.5 0.80 14.98 15.77 NOTE
r-devel-linux-x86_64-fedora-clang 1.5 29.06 NOTE
r-devel-linux-x86_64-fedora-gcc 1.5 27.25 NOTE
r-devel-osx-x86_64-clang 1.5 32.03 NOTE
r-devel-windows-ix86+x86_64 1.5 6.00 31.00 37.00 NOTE
r-patched-linux-x86_64 1.5 0.75 15.41 16.16 OK
r-patched-solaris-sparc 1.5 192.40 OK
r-patched-solaris-x86 1.5 41.80 OK
r-release-linux-x86_64 1.5 0.72 15.71 16.43 OK
r-release-osx-x86_64-mavericks 1.5 OK
r-release-windows-ix86+x86_64 1.5 4.00 27.00 31.00 OK
r-oldrel-windows-ix86+x86_64 1.5 8.00 52.00 60.00 OK

Check Details

Version: 1.5
Check: R code for possible problems
Result: NOTE
    ccd.sequential: no visible global function definition for ‘qchisq’
    dominate.random.sample: no visible global function definition for
     ‘runif’
    draw.circle: no visible global function definition for ‘polygon’
    juggle2: no visible global function definition for ‘rbinom’
    plot.cccd: no visible global function definition for ‘gray’
    plot.cccd: no visible global function definition for ‘plot’
    plot.cccd: no visible global function definition for ‘points’
    plot.cccdClassifier: no visible global function definition for ‘points’
    plot.cccdClassifier: no visible global function definition for ‘plot’
    plot.ccd: no visible global function definition for ‘plot’
    Undefined global functions or variables:
     gray plot points polygon qchisq rbinom runif
    Consider adding
     importFrom("grDevices", "gray")
     importFrom("graphics", "plot", "points", "polygon")
     importFrom("stats", "qchisq", "rbinom", "runif")
    to your NAMESPACE.
Flavors: r-devel-linux-x86_64-debian-gcc, r-devel-linux-x86_64-fedora-clang, r-devel-linux-x86_64-fedora-gcc, r-devel-windows-ix86+x86_64

Version: 1.5
Check: R code for possible problems
Result: NOTE
    ccd.sequential: no visible global function definition for ‘qchisq’
    dominate.random.sample: no visible global function definition for
     ‘runif’
    draw.circle: no visible global function definition for ‘polygon’
    juggle2: no visible global function definition for ‘rbinom’
    plot.cccd: no visible global function definition for ‘gray’
    plot.cccd: no visible global function definition for ‘plot’
    plot.cccd: no visible global function definition for ‘points’
    plot.cccdClassifier: no visible global function definition for ‘points’
    plot.cccdClassifier: no visible global function definition for ‘plot’
    plot.ccd: no visible global function definition for ‘plot’
    Undefined global functions or variables:
     gray plot points polygon qchisq rbinom runif
    Consider adding
     importFrom("grDevices", "gray")
     importFrom("graphics", "plot", "points", "polygon")
     importFrom("stats", "qchisq", "rbinom", "runif")
    to your NAMESPACE file.
Flavor: r-devel-osx-x86_64-clang