CRAN Package Check Results for Package cccd

Last updated on 2016-04-29 11:48:23.

Flavor Version Tinstall Tcheck Ttotal Status Flags
r-devel-linux-x86_64-debian-gcc 1.5 0.66 16.02 16.68 NOTE
r-devel-linux-x86_64-fedora-clang 1.5 29.19 NOTE
r-devel-linux-x86_64-fedora-gcc 1.5 26.98 NOTE
r-devel-osx-x86_64-clang 1.5 32.09 NOTE
r-devel-windows-ix86+x86_64 1.5 3.00 37.00 40.00 NOTE
r-patched-linux-x86_64 1.5 0.67 15.54 16.21 NOTE
r-patched-solaris-sparc 1.5 183.80 NOTE
r-patched-solaris-x86 1.5 43.20 NOTE
r-release-linux-x86_64 1.5 0.94 16.70 17.64 OK
r-release-osx-x86_64-mavericks 1.5 OK
r-release-windows-ix86+x86_64 1.5 3.00 32.00 35.00 OK
r-oldrel-windows-ix86+x86_64 1.5 9.00 43.00 52.00 OK

Check Details

Version: 1.5
Check: R code for possible problems
Result: NOTE
    ccd.sequential: no visible global function definition for ‘qchisq’
    dominate.random.sample: no visible global function definition for
     ‘runif’
    draw.circle: no visible global function definition for ‘polygon’
    juggle2: no visible global function definition for ‘rbinom’
    plot.cccd: no visible global function definition for ‘gray’
    plot.cccd: no visible global function definition for ‘plot’
    plot.cccd: no visible global function definition for ‘points’
    plot.cccdClassifier: no visible global function definition for ‘points’
    plot.cccdClassifier: no visible global function definition for ‘plot’
    plot.ccd: no visible global function definition for ‘plot’
    Undefined global functions or variables:
     gray plot points polygon qchisq rbinom runif
    Consider adding
     importFrom("grDevices", "gray")
     importFrom("graphics", "plot", "points", "polygon")
     importFrom("stats", "qchisq", "rbinom", "runif")
    to your NAMESPACE file.
Flavors: r-devel-linux-x86_64-debian-gcc, r-devel-linux-x86_64-fedora-clang, r-devel-linux-x86_64-fedora-gcc, r-devel-osx-x86_64-clang, r-devel-windows-ix86+x86_64, r-patched-linux-x86_64, r-patched-solaris-sparc, r-patched-solaris-x86