CRAN Package Check Results for Package cccd

Last updated on 2015-08-01 03:48:47.

Flavor Version Tinstall Tcheck Ttotal Status Flags
r-devel-linux-x86_64-debian-clang 1.5 0.72 16.28 16.99 NOTE
r-devel-linux-x86_64-debian-gcc 1.5 0.70 15.95 16.65 NOTE
r-devel-linux-x86_64-fedora-clang 1.5 32.38 NOTE
r-devel-linux-x86_64-fedora-gcc 1.5 32.01 NOTE
r-devel-osx-x86_64-clang 1.5 30.66 OK
r-devel-windows-ix86+x86_64 1.5 7.00 29.00 36.00 NOTE
r-patched-linux-x86_64 1.5 0.71 17.07 17.78 OK
r-patched-solaris-sparc 1.5 216.70 OK
r-patched-solaris-x86 1.5 46.60 OK
r-release-linux-x86_64 1.5 0.72 15.80 16.52 OK
r-release-osx-x86_64-mavericks 1.5 OK
r-release-windows-ix86+x86_64 1.5 4.00 30.00 34.00 OK
r-oldrel-windows-ix86+x86_64 1.5 6.00 48.00 54.00 OK

Check Details

Version: 1.5
Check: R code for possible problems
Result: NOTE
    ccd.sequential: no visible global function definition for ‘qchisq’
    dominate.random.sample: no visible global function definition for
     ‘runif’
    draw.circle: no visible global function definition for ‘polygon’
    juggle2: no visible global function definition for ‘rbinom’
    plot.cccd: no visible global function definition for ‘gray’
    plot.cccd: no visible global function definition for ‘plot’
    plot.cccd: no visible global function definition for ‘points’
    plot.cccdClassifier: no visible global function definition for ‘points’
    plot.cccdClassifier: no visible global function definition for ‘plot’
    plot.ccd: no visible global function definition for ‘plot’
    Undefined global functions or variables:
     gray plot points polygon qchisq rbinom runif
    Consider adding
     importFrom("grDevices", "gray")
     importFrom("graphics", "plot", "points", "polygon")
     importFrom("stats", "qchisq", "rbinom", "runif")
    to your NAMESPACE.
Flavors: r-devel-linux-x86_64-debian-clang, r-devel-linux-x86_64-debian-gcc, r-devel-linux-x86_64-fedora-clang, r-devel-linux-x86_64-fedora-gcc, r-devel-windows-ix86+x86_64