CRAN Package Check Results for Package cccrm

Last updated on 2014-04-24 07:52:24.

Flavor Version Tinstall Tcheck Ttotal Status Flags
r-devel-linux-x86_64-debian-clang 1.1 1.13 23.61 24.74 OK
r-devel-linux-x86_64-debian-gcc 1.1 1.21 23.50 24.72 OK
r-devel-linux-x86_64-fedora-clang 1.1 48.68 OK
r-devel-linux-x86_64-fedora-gcc 1.1 46.63 OK
r-devel-osx-x86_64-clang 1.1 42.58 OK
r-devel-osx-x86_64-gcc 1.1 OK
r-devel-windows-ix86+x86_64 1.1 4.00 39.00 43.00 OK
r-patched-linux-x86_64 1.1 1.23 23.09 24.32 OK
r-patched-solaris-sparc 1.1 287.60 OK
r-patched-solaris-x86 1.1 57.70 OK
r-release-linux-ix86 1.1 2.00 44.00 46.00 OK
r-release-linux-x86_64 1.1 1.22 24.44 25.65 OK
r-release-osx-x86_64-mavericks 1.1 WARN
r-release-osx-x86_64-snowleopard 1.1 OK
r-release-windows-ix86+x86_64 1.1 4.00 38.00 42.00 OK
r-oldrel-windows-ix86+x86_64 1.1 5.00 41.00 46.00 OK

Check Details

Version: 1.1
Check: PDF version of manual
Result: WARNING
    LaTeX errors when creating PDF version.
    This typically indicates Rd problems.
    LaTeX errors found:
    ! LaTeX Error: File `upquote.sty' not found.
    
    Type X to quit or <RETURN> to proceed,
    or enter new name. (Default extension: sty)
    
    27b2307f/Rd2.tex:8: ==> Fatal error occurred, no output PDF file produced!
Flavor: r-release-osx-x86_64-mavericks