CRAN Package Check Results for Package cccrm

Last updated on 2015-05-27 02:47:04.

Flavor Version Tinstall Tcheck Ttotal Status Flags
r-devel-linux-x86_64-debian-clang 1.1 1.11 21.86 22.97 NOTE
r-devel-linux-x86_64-debian-gcc 1.1 1.35 21.97 23.32 NOTE
r-devel-linux-x86_64-fedora-clang 1.1 47.05 NOTE
r-devel-linux-x86_64-fedora-gcc 1.1 45.48 NOTE
r-devel-osx-x86_64-clang 1.1 45.56 NOTE
r-devel-windows-ix86+x86_64 1.1 5.00 38.00 43.00 OK
r-patched-linux-x86_64 1.1 1.11 21.81 22.92 NOTE
r-patched-solaris-sparc 1.1 277.70 NOTE
r-patched-solaris-x86 1.1 54.50 NOTE
r-release-linux-x86_64 1.1 1.22 23.83 25.05 NOTE
r-release-osx-x86_64-mavericks 1.1 OK
r-release-osx-x86_64-snowleopard 1.1 OK
r-release-windows-ix86+x86_64 1.1 5.00 38.00 43.00 OK
r-oldrel-windows-ix86+x86_64 1.1 6.00 42.00 48.00 OK

Check Details

Version: 1.1
Check: S3 generic/method consistency
Result: NOTE
    Found the following apparent S3 methods exported but not registered:
     cccUst.default ccclon.default ccclonw.default cccvc1.default
     cccvc2.default print.cccUst print.ccclon print.ccclonw print.cccvc1
     print.cccvc2 print.summary.cccUst print.summary.ccclon
     print.summary.ccclonw print.summary.cccvc1 print.summary.cccvc2
     summary.cccUst summary.ccclon summary.ccclonw summary.cccvc1
     summary.cccvc2
    See section ‘Registering S3 methods’ in the ‘Writing R Extensions’
    manual.
Flavors: r-devel-linux-x86_64-debian-clang, r-devel-linux-x86_64-debian-gcc, r-devel-linux-x86_64-fedora-clang, r-devel-linux-x86_64-fedora-gcc, r-devel-osx-x86_64-clang, r-patched-linux-x86_64, r-patched-solaris-sparc, r-patched-solaris-x86, r-release-linux-x86_64