CRAN Package Check Results for Package cccrm

Last updated on 2015-04-01 23:49:09.

Flavor Version Tinstall Tcheck Ttotal Status Flags
r-devel-linux-x86_64-debian-clang 1.1 0.99 21.08 22.07 NOTE
r-devel-linux-x86_64-debian-gcc 1.1 1.12 21.06 22.18 NOTE
r-devel-linux-x86_64-fedora-clang 1.1 45.55 NOTE
r-devel-linux-x86_64-fedora-gcc 1.1 43.71 NOTE
r-devel-osx-x86_64-clang 1.1 47.64 NOTE
r-prerel-windows-ix86+x86_64 1.1 6.00 38.00 44.00 OK
r-prerel-linux-x86_64 1.1 1.21 20.70 21.92 NOTE
r-prerel-solaris-sparc 1.1 305.90 OK
r-prerel-solaris-x86 1.1 53.00 OK
r-release-linux-x86_64 1.1 1.21 23.34 24.55 OK
r-release-osx-x86_64-mavericks 1.1 OK
r-release-osx-x86_64-snowleopard 1.1 OK
r-release-windows-ix86+x86_64 1.1 5.00 40.00 45.00 OK
r-oldrel-windows-ix86+x86_64 1.1 6.00 45.00 51.00 OK

Check Details

Version: 1.1
Check: S3 generic/method consistency
Result: NOTE
    Found the following apparent S3 methods exported but not registered:
     cccUst.default ccclon.default ccclonw.default cccvc1.default
     cccvc2.default print.cccUst print.ccclon print.ccclonw print.cccvc1
     print.cccvc2 print.summary.cccUst print.summary.ccclon
     print.summary.ccclonw print.summary.cccvc1 print.summary.cccvc2
     summary.cccUst summary.ccclon summary.ccclonw summary.cccvc1
     summary.cccvc2
    See section ‘Registering S3 methods’ in the ‘Writing R Extensions’
    manual.
Flavors: r-devel-linux-x86_64-debian-clang, r-devel-linux-x86_64-debian-gcc, r-devel-linux-x86_64-fedora-clang, r-devel-linux-x86_64-fedora-gcc, r-devel-osx-x86_64-clang, r-prerel-linux-x86_64