CRAN Package Check Results for Package cccrm

Last updated on 2015-01-28 15:47:04.

Flavor Version Tinstall Tcheck Ttotal Status Flags
r-devel-linux-x86_64-debian-clang 1.1 1.01 21.82 22.84 NOTE
r-devel-linux-x86_64-debian-gcc 1.1 0.96 21.22 22.17 NOTE
r-devel-linux-x86_64-fedora-clang 1.1 52.89 NOTE
r-devel-linux-x86_64-fedora-gcc 1.1 49.45 NOTE
r-devel-osx-x86_64-clang 1.1 47.51 NOTE
r-devel-windows-ix86+x86_64 1.1 6.00 37.00 43.00 OK
r-patched-linux-x86_64 1.1 1.10 23.61 24.70 OK
r-patched-solaris-sparc 1.1 309.30 OK
r-patched-solaris-x86 1.1 60.60 OK
r-release-linux-ix86 1.1 1.49 30.82 32.31 OK
r-release-linux-x86_64 1.1 1.09 24.79 25.88 OK
r-release-osx-x86_64-mavericks 1.1 OK
r-release-osx-x86_64-snowleopard 1.1 OK
r-release-windows-ix86+x86_64 1.1 5.00 43.00 48.00 OK
r-oldrel-windows-ix86+x86_64 1.1 5.00 52.00 57.00 OK

Check Details

Version: 1.1
Check: S3 generic/method consistency
Result: NOTE
    Found the following apparent S3 methods exported but not registered:
     cccUst.default ccclon.default ccclonw.default cccvc1.default
     cccvc2.default print.cccUst print.ccclon print.ccclonw print.cccvc1
     print.cccvc2 print.summary.cccUst print.summary.ccclon
     print.summary.ccclonw print.summary.cccvc1 print.summary.cccvc2
     summary.cccUst summary.ccclon summary.ccclonw summary.cccvc1
     summary.cccvc2
    See section ‘Registering S3 methods’ in the ‘Writing R Extensions’
    manual.
Flavors: r-devel-linux-x86_64-debian-clang, r-devel-linux-x86_64-debian-gcc, r-devel-linux-x86_64-fedora-clang, r-devel-linux-x86_64-fedora-gcc, r-devel-osx-x86_64-clang