CRAN Package Check Results for Package cccrm

Last updated on 2015-03-03 05:46:49.

Flavor Version Tinstall Tcheck Ttotal Status Flags
r-devel-linux-x86_64-debian-clang 1.1 0.96 20.98 21.94 NOTE
r-devel-linux-x86_64-debian-gcc 1.1 1.08 20.96 22.04 NOTE
r-devel-linux-x86_64-fedora-clang 1.1 46.68 NOTE
r-devel-linux-x86_64-fedora-gcc 1.1 43.49 NOTE
r-devel-osx-x86_64-clang 1.1 44.54 NOTE
r-devel-windows-ix86+x86_64 1.1 8.00 49.00 57.00 OK
r-patched-linux-x86_64 1.1 1.16 24.87 26.03 OK
r-patched-solaris-sparc 1.1 309.30 OK
r-patched-solaris-x86 1.1 60.90 OK
r-release-linux-ix86 1.1 1.50 32.04 33.54 OK
r-release-linux-x86_64 1.1 1.44 23.72 25.16 OK
r-release-osx-x86_64-mavericks 1.1 OK
r-release-osx-x86_64-snowleopard 1.1 OK
r-release-windows-ix86+x86_64 1.1 9.00 57.00 66.00 OK
r-oldrel-windows-ix86+x86_64 1.1 5.00 48.00 53.00 OK

Check Details

Version: 1.1
Check: S3 generic/method consistency
Result: NOTE
    Found the following apparent S3 methods exported but not registered:
     cccUst.default ccclon.default ccclonw.default cccvc1.default
     cccvc2.default print.cccUst print.ccclon print.ccclonw print.cccvc1
     print.cccvc2 print.summary.cccUst print.summary.ccclon
     print.summary.ccclonw print.summary.cccvc1 print.summary.cccvc2
     summary.cccUst summary.ccclon summary.ccclonw summary.cccvc1
     summary.cccvc2
    See section ‘Registering S3 methods’ in the ‘Writing R Extensions’
    manual.
Flavors: r-devel-linux-x86_64-debian-clang, r-devel-linux-x86_64-debian-gcc, r-devel-linux-x86_64-fedora-clang, r-devel-linux-x86_64-fedora-gcc, r-devel-osx-x86_64-clang