CRAN Package Check Results for Package cccrm

Last updated on 2015-07-07 06:46:26.

Flavor Version Tinstall Tcheck Ttotal Status Flags
r-devel-linux-x86_64-debian-clang 1.1 1.18 22.75 23.92 NOTE
r-devel-linux-x86_64-debian-gcc 1.1 1.08 22.16 23.25 NOTE
r-devel-linux-x86_64-fedora-clang 1.1 45.86 NOTE
r-devel-linux-x86_64-fedora-gcc 1.1 43.96 NOTE
r-devel-osx-x86_64-clang 1.1 41.09 NOTE
r-devel-windows-ix86+x86_64 1.1 7.00 40.00 47.00 NOTE
r-patched-linux-x86_64 1.1 1.05 22.12 23.16 NOTE
r-patched-solaris-sparc 1.1 277.70 NOTE
r-patched-solaris-x86 1.1 54.80 NOTE
r-release-linux-x86_64 1.1 1.07 22.33 23.40 NOTE
r-release-osx-x86_64-mavericks 1.1 OK
r-release-windows-ix86+x86_64 1.1 5.00 40.00 45.00 OK
r-oldrel-windows-ix86+x86_64 1.1 5.00 48.00 53.00 OK

Check Details

Version: 1.1
Check: S3 generic/method consistency
Result: NOTE
    Found the following apparent S3 methods exported but not registered:
     cccUst.default ccclon.default ccclonw.default cccvc1.default
     cccvc2.default print.cccUst print.ccclon print.ccclonw print.cccvc1
     print.cccvc2 print.summary.cccUst print.summary.ccclon
     print.summary.ccclonw print.summary.cccvc1 print.summary.cccvc2
     summary.cccUst summary.ccclon summary.ccclonw summary.cccvc1
     summary.cccvc2
    See section ‘Registering S3 methods’ in the ‘Writing R Extensions’
    manual.
Flavors: r-devel-linux-x86_64-debian-clang, r-devel-linux-x86_64-debian-gcc, r-devel-linux-x86_64-fedora-clang, r-devel-linux-x86_64-fedora-gcc, r-devel-osx-x86_64-clang, r-patched-linux-x86_64, r-patched-solaris-sparc, r-patched-solaris-x86, r-release-linux-x86_64

Version: 1.1
Check: R code for possible problems
Result: NOTE
    cccUst.default: no visible global function definition for ‘qnorm’
    ccclon.default: no visible global function definition for ‘as.formula’
    ccclon.default: no visible global function definition for ‘contrasts’
    ccclonw.default: no visible global function definition for ‘as.formula’
    ccclonw.default: no visible global function definition for ‘contrasts’
    cccvc1.default: no visible global function definition for ‘as.formula’
    cccvc1.default: no visible binding for global variable ‘na.omit’
    cccvc2.default: no visible global function definition for ‘as.formula’
    cccvc2.default: no visible binding for global variable ‘na.omit’
    ic.ccc: no visible global function definition for ‘qnorm’
    Undefined global functions or variables:
     as.formula contrasts na.omit qnorm
Flavors: r-devel-linux-x86_64-debian-clang, r-devel-linux-x86_64-debian-gcc, r-devel-linux-x86_64-fedora-clang, r-devel-linux-x86_64-fedora-gcc, r-devel-windows-ix86+x86_64