CRAN Package Check Results for Package ccdf

Last updated on 2022-01-24 20:49:28 CET.

Flavor Version Tinstall Tcheck Ttotal Status Flags
r-devel-linux-x86_64-debian-clang 1.1.4 6.43 72.66 79.09 OK
r-devel-linux-x86_64-debian-gcc 1.1.4 4.74 54.16 58.90 OK
r-devel-linux-x86_64-fedora-clang 1.1.4 97.65 NOTE
r-devel-linux-x86_64-fedora-gcc 1.1.4 86.99 NOTE
r-devel-windows-x86_64-new-UL 1.1.4 21.00 88.00 109.00 OK
r-devel-windows-x86_64-new-TK 1.1.4 NOTE
r-patched-linux-x86_64 1.1.4 7.48 63.55 71.03 OK
r-release-linux-x86_64 1.1.4 5.95 67.17 73.12 OK
r-release-macos-arm64 1.1.4 NOTE
r-release-macos-x86_64 1.1.4 NOTE
r-release-windows-ix86+x86_64 1.1.4 17.00 81.00 98.00 OK
r-oldrel-macos-x86_64 1.1.4 NOTE
r-oldrel-windows-ix86+x86_64 1.1.4 17.00 82.00 99.00 OK

Check Details

Version: 1.1.4
Check: dependencies in R code
Result: NOTE
    Namespace in Imports field not imported from: ‘statmod’
     All declared Imports should be used.
Flavors: r-devel-linux-x86_64-fedora-clang, r-devel-linux-x86_64-fedora-gcc, r-devel-windows-x86_64-new-TK, r-release-macos-arm64, r-release-macos-x86_64, r-oldrel-macos-x86_64