CRAN Package Check Results for Package ccgarch

Last updated on 2015-08-29 06:47:32.

Flavor Version Tinstall Tcheck Ttotal Status Flags
r-devel-linux-x86_64-debian-clang 0.2.3 1.67 12.62 14.29 NOTE
r-devel-linux-x86_64-debian-gcc 0.2.3 1.66 12.39 14.05 NOTE
r-devel-linux-x86_64-fedora-clang 0.2.3 26.92 NOTE
r-devel-linux-x86_64-fedora-gcc 0.2.3 25.40 NOTE
r-devel-osx-x86_64-clang 0.2.3 25.93 OK
r-devel-windows-ix86+x86_64 0.2.3 20.00 43.00 63.00 NOTE
r-patched-linux-x86_64 0.2.3 1.73 13.29 15.02 OK
r-patched-solaris-sparc 0.2.3 178.80 OK
r-patched-solaris-x86 0.2.3 39.10 OK
r-release-linux-x86_64 0.2.3 1.73 13.04 14.78 OK
r-release-osx-x86_64-mavericks 0.2.3 OK
r-release-windows-ix86+x86_64 0.2.3 13.00 38.00 51.00 OK
r-oldrel-windows-ix86+x86_64 0.2.3 15.00 29.00 44.00 OK

Check Details

Version: 0.2.3
Check: R code for possible problems
Result: NOTE
    dcc.est: no visible global function definition for ‘cov’
    dcc.estimation1: no visible global function definition for ‘optim’
    dcc.estimation2: no visible global function definition for
     ‘constrOptim’
    dlc: no visible global function definition for ‘cov’
    eccc.estimation: no visible global function definition for ‘optim’
    hh.test : uni.garch : uni.garch.est : garch.ll: no visible global
     function definition for ‘dnorm’
    hh.test : uni.garch : uni.garch.est: no visible global function
     definition for ‘optim’
    hh.test: no visible global function definition for ‘lm’
    hh.test: no visible global function definition for ‘pchisq’
    jb.test: no visible global function definition for ‘pchisq’
    ljung.box.test: no visible global function definition for ‘pchisq’
    nt.test : uni.garch : uni.garch.est : garch.ll: no visible global
     function definition for ‘dnorm’
    nt.test : uni.garch : uni.garch.est: no visible global function
     definition for ‘optim’
    nt.test: no visible global function definition for ‘lm’
    nt.test: no visible global function definition for ‘pchisq’
    rob.kr: no visible global function definition for ‘quantile’
    rob.sk: no visible global function definition for ‘quantile’
    Undefined global functions or variables:
     constrOptim cov dnorm lm optim pchisq quantile
    Consider adding
     importFrom("stats", "constrOptim", "cov", "dnorm", "lm", "optim",
     "pchisq", "quantile")
    to your NAMESPACE.
Flavors: r-devel-linux-x86_64-debian-clang, r-devel-linux-x86_64-debian-gcc, r-devel-linux-x86_64-fedora-clang, r-devel-linux-x86_64-fedora-gcc, r-devel-windows-ix86+x86_64