CRAN Package Check Results for Package ccgarch

Last updated on 2016-07-29 11:49:29.

Flavor Version Tinstall Tcheck Ttotal Status Flags
r-devel-linux-x86_64-debian-clang 0.2.3 2.08 14.45 16.53 NOTE
r-devel-linux-x86_64-debian-gcc 0.2.3 2.52 16.52 19.03 NOTE
r-devel-linux-x86_64-fedora-clang 0.2.3 26.03 NOTE
r-devel-linux-x86_64-fedora-gcc 0.2.3 23.17 NOTE
r-devel-osx-x86_64-clang 0.2.3 23.59 NOTE
r-devel-windows-ix86+x86_64 0.2.3 8.00 31.00 39.00 NOTE
r-patched-linux-x86_64 0.2.3 2.59 16.13 18.72 NOTE
r-patched-solaris-sparc 0.2.3 165.60 NOTE
r-patched-solaris-x86 0.2.3 35.80 NOTE
r-release-linux-x86_64 0.2.3 2.22 16.77 18.99 NOTE
r-release-osx-x86_64-mavericks 0.2.3 NOTE
r-release-windows-ix86+x86_64 0.2.3 9.00 42.00 51.00 NOTE
r-oldrel-windows-ix86+x86_64 0.2.3 14.00 25.00 39.00 OK

Check Details

Version: 0.2.3
Check: R code for possible problems
Result: NOTE
    dcc.est: no visible global function definition for ‘cov’
    dcc.estimation1: no visible global function definition for ‘optim’
    dcc.estimation2: no visible global function definition for
     ‘constrOptim’
    dlc: no visible global function definition for ‘cov’
    eccc.estimation: no visible global function definition for ‘optim’
    hh.test : uni.garch : uni.garch.est : garch.ll: no visible global
     function definition for ‘dnorm’
    hh.test : uni.garch : uni.garch.est: no visible global function
     definition for ‘optim’
    hh.test: no visible global function definition for ‘lm’
    hh.test: no visible global function definition for ‘pchisq’
    jb.test: no visible global function definition for ‘pchisq’
    ljung.box.test: no visible global function definition for ‘pchisq’
    nt.test : uni.garch : uni.garch.est : garch.ll: no visible global
     function definition for ‘dnorm’
    nt.test : uni.garch : uni.garch.est: no visible global function
     definition for ‘optim’
    nt.test: no visible global function definition for ‘lm’
    nt.test: no visible global function definition for ‘pchisq’
    rob.kr: no visible global function definition for ‘quantile’
    rob.sk: no visible global function definition for ‘quantile’
    Undefined global functions or variables:
     constrOptim cov dnorm lm optim pchisq quantile
    Consider adding
     importFrom("stats", "constrOptim", "cov", "dnorm", "lm", "optim",
     "pchisq", "quantile")
    to your NAMESPACE file.
Flavors: r-devel-linux-x86_64-debian-clang, r-devel-linux-x86_64-debian-gcc, r-devel-linux-x86_64-fedora-clang, r-devel-linux-x86_64-fedora-gcc, r-devel-osx-x86_64-clang, r-devel-windows-ix86+x86_64, r-patched-linux-x86_64, r-patched-solaris-sparc, r-patched-solaris-x86, r-release-linux-x86_64, r-release-osx-x86_64-mavericks, r-release-windows-ix86+x86_64