CRAN Package Check Results for Package ccgarch

Last updated on 2017-11-25 11:55:05 CET.

Flavor Version Tinstall Tcheck Ttotal Status Flags
r-devel-linux-x86_64-debian-clang 0.2.3 2.62 43.55 46.17 NOTE
r-devel-linux-x86_64-debian-gcc 0.2.3 2.40 39.47 41.87 NOTE
r-devel-linux-x86_64-fedora-clang 0.2.3 28.52 NOTE
r-devel-linux-x86_64-fedora-gcc 0.2.3 26.84 NOTE
r-devel-windows-ix86+x86_64 0.2.3 18.00 33.00 51.00 NOTE
r-patched-linux-x86_64 0.2.3 2.75 42.73 45.48 NOTE
r-patched-solaris-x86 0.2.3 41.60 NOTE
r-release-linux-x86_64 0.2.3 2.66 41.74 44.40 NOTE
r-release-windows-ix86+x86_64 0.2.3 13.00 36.00 49.00 NOTE
r-release-osx-x86_64 0.2.3 NOTE
r-oldrel-windows-ix86+x86_64 0.2.3 8.00 34.00 42.00 NOTE
r-oldrel-osx-x86_64 0.2.3 NOTE

Additional issues

rchk

Check Details

Version: 0.2.3
Check: R code for possible problems
Result: NOTE
    dcc.est: no visible global function definition for ‘cov’
    dcc.estimation1: no visible global function definition for ‘optim’
    dcc.estimation2: no visible global function definition for
     ‘constrOptim’
    dlc: no visible global function definition for ‘cov’
    eccc.estimation: no visible global function definition for ‘optim’
    hh.test : uni.garch : uni.garch.est : garch.ll: no visible global
     function definition for ‘dnorm’
    hh.test : uni.garch : uni.garch.est: no visible global function
     definition for ‘optim’
    hh.test: no visible global function definition for ‘lm’
    hh.test: no visible global function definition for ‘pchisq’
    jb.test: no visible global function definition for ‘pchisq’
    ljung.box.test: no visible global function definition for ‘pchisq’
    nt.test : uni.garch : uni.garch.est : garch.ll: no visible global
     function definition for ‘dnorm’
    nt.test : uni.garch : uni.garch.est: no visible global function
     definition for ‘optim’
    nt.test: no visible global function definition for ‘lm’
    nt.test: no visible global function definition for ‘pchisq’
    rob.kr: no visible global function definition for ‘quantile’
    rob.sk: no visible global function definition for ‘quantile’
    Undefined global functions or variables:
     constrOptim cov dnorm lm optim pchisq quantile
    Consider adding
     importFrom("stats", "constrOptim", "cov", "dnorm", "lm", "optim",
     "pchisq", "quantile")
    to your NAMESPACE file.
Flavors: r-devel-linux-x86_64-debian-clang, r-devel-linux-x86_64-debian-gcc, r-devel-linux-x86_64-fedora-clang, r-devel-linux-x86_64-fedora-gcc, r-devel-windows-ix86+x86_64, r-patched-linux-x86_64, r-patched-solaris-x86, r-release-linux-x86_64, r-release-windows-ix86+x86_64, r-release-osx-x86_64, r-oldrel-windows-ix86+x86_64, r-oldrel-osx-x86_64

Version: 0.2.3
Check: compiled code
Result: NOTE
    File ‘ccgarch/libs/ccgarch.so’:
     Found no calls to: ‘R_registerRoutines’, ‘R_useDynamicSymbols’
    
    It is good practice to register native routines and to disable symbol
    search.
    
    See ‘Writing portable packages’ in the ‘Writing R Extensions’ manual.
Flavors: r-devel-linux-x86_64-debian-clang, r-devel-linux-x86_64-debian-gcc, r-devel-linux-x86_64-fedora-clang, r-devel-linux-x86_64-fedora-gcc, r-patched-linux-x86_64, r-release-linux-x86_64