CRAN Package Check Results for Package cclust

Last updated on 2017-01-16 17:49:02.

Flavor Version Tinstall Tcheck Ttotal Status Flags
r-devel-linux-x86_64-debian-clang 0.6-20 1.45 12.86 14.31 OK
r-devel-linux-x86_64-debian-gcc 0.6-20 1.25 11.79 13.04 OK
r-devel-linux-x86_64-fedora-clang 0.6-20 20.77 OK --no-stop-on-test-error
r-devel-linux-x86_64-fedora-gcc 0.6-20 19.99 NOTE --no-stop-on-test-error
r-devel-macos-x86_64-clang 0.6-20 18.20 OK --no-stop-on-test-error
r-devel-windows-ix86+x86_64 0.6-20 27.00 31.00 58.00 OK
r-patched-linux-x86_64 0.6-20 1.12 10.21 11.33 OK
r-patched-solaris-sparc 0.6-20 111.20 OK
r-patched-solaris-x86 0.6-20 24.60 OK
r-release-linux-x86_64 0.6-20 1.11 10.62 11.73 OK
r-release-osx-x86_64-mavericks 0.6-20 OK
r-release-windows-ix86+x86_64 0.6-20 7.00 27.00 34.00 OK
r-oldrel-windows-ix86+x86_64 0.6-20 7.00 28.00 35.00 OK

Check Details

Version: 0.6-20
Flags: --no-stop-on-test-error
Check: compiled code
Result: NOTE
    File ‘cclust/libs/cclust.so’:
     Found no calls to: ‘R_registerRoutines’, ‘R_useDynamicSymbols’
    
    It is good practice to use registered native symbols and disable symbol
    search.
    
    See ‘Writing portable packages’ in the ‘Writing R Extensions’ manual.
Flavor: r-devel-linux-x86_64-fedora-gcc