CRAN Package Check Results for Package cctools

Last updated on 2022-12-03 23:01:24 CET.

Flavor Version Tinstall Tcheck Ttotal Status Flags
r-devel-linux-x86_64-debian-clang 0.1.2 32.74 88.37 121.11 NOTE
r-devel-linux-x86_64-debian-gcc 0.1.2 31.01 68.15 99.16 NOTE
r-devel-linux-x86_64-fedora-clang 0.1.2 182.67 NOTE
r-devel-linux-x86_64-fedora-gcc 0.1.2 169.58 NOTE
r-devel-windows-x86_64 0.1.2 41.00 130.00 171.00 NOTE
r-patched-linux-x86_64 0.1.2 32.98 83.42 116.40 NOTE
r-release-linux-x86_64 0.1.2 32.10 85.65 117.75 NOTE
r-release-macos-arm64 0.1.2 45.00 NOTE
r-release-macos-x86_64 0.1.2 61.00 NOTE
r-release-windows-x86_64 0.1.2 66.00 134.00 200.00 NOTE
r-oldrel-macos-arm64 0.1.2 52.00 NOTE
r-oldrel-macos-x86_64 0.1.2 86.00 NOTE
r-oldrel-windows-ix86+x86_64 0.1.2 90.00 147.00 237.00 NOTE

Check Details

Version: 0.1.2
Check: LazyData
Result: NOTE
     'LazyData' is specified without a 'data' directory
Flavors: r-devel-linux-x86_64-debian-clang, r-devel-linux-x86_64-debian-gcc, r-devel-linux-x86_64-fedora-clang, r-devel-linux-x86_64-fedora-gcc, r-devel-windows-x86_64, r-patched-linux-x86_64, r-release-linux-x86_64, r-release-macos-arm64, r-release-macos-x86_64, r-release-windows-x86_64, r-oldrel-macos-arm64, r-oldrel-macos-x86_64, r-oldrel-windows-ix86+x86_64