Last updated on 2023-11-28 13:50:48 CET.
Flavor | Version | Tinstall | Tcheck | Ttotal | Status | Flags |
---|---|---|---|---|---|---|
r-devel-linux-x86_64-debian-clang | 0.1.2 | 27.39 | 28.14 | 55.53 | NOTE | |
r-devel-linux-x86_64-debian-gcc | 0.1.2 | 21.37 | 25.15 | 46.52 | NOTE | |
r-devel-linux-x86_64-fedora-clang | 0.1.2 | 90.64 | NOTE | |||
r-devel-linux-x86_64-fedora-gcc | 0.1.2 | 87.84 | NOTE | |||
r-devel-windows-x86_64 | 0.1.2 | 25.00 | 64.00 | 89.00 | NOTE | |
r-patched-linux-x86_64 | 0.1.2 | 29.20 | 32.21 | 61.41 | NOTE | |
r-release-linux-x86_64 | 0.1.2 | 26.32 | 31.62 | 57.94 | NOTE | |
r-release-macos-arm64 | 0.1.2 | 50.00 | NOTE | |||
r-release-macos-x86_64 | 0.1.2 | 80.00 | NOTE | |||
r-release-windows-x86_64 | 0.1.2 | 34.00 | 72.00 | 106.00 | NOTE | |
r-oldrel-macos-arm64 | 0.1.2 | 45.00 | NOTE | |||
r-oldrel-macos-x86_64 | 0.1.2 | 61.00 | NOTE | |||
r-oldrel-windows-x86_64 | 0.1.2 | 30.00 | 71.00 | 101.00 | NOTE |
Version: 0.1.2
Check: LazyData
Result: NOTE
'LazyData' is specified without a 'data' directory
Flavors: r-devel-linux-x86_64-debian-clang, r-devel-linux-x86_64-debian-gcc, r-devel-linux-x86_64-fedora-clang, r-devel-linux-x86_64-fedora-gcc, r-devel-windows-x86_64, r-patched-linux-x86_64, r-release-linux-x86_64, r-release-macos-arm64, r-release-macos-x86_64, r-release-windows-x86_64, r-oldrel-macos-arm64, r-oldrel-macos-x86_64, r-oldrel-windows-x86_64