CRAN Package Check Results for Package cda

Last updated on 2016-02-06 13:48:05.

Flavor Version Tinstall Tcheck Ttotal Status Flags
r-devel-linux-x86_64-debian-gcc 1.5.1 38.71 17.45 56.17 NOTE
r-devel-linux-x86_64-fedora-clang 1.5.1 120.43 NOTE
r-devel-linux-x86_64-fedora-gcc 1.5.1 111.76 NOTE
r-devel-osx-x86_64-clang 1.5.1 67.82 NOTE
r-devel-windows-ix86+x86_64 1.5.1 158.00 49.00 207.00 NOTE
r-patched-linux-x86_64 1.5.1 39.05 18.79 57.83 NOTE
r-patched-solaris-sparc 1.5.1 587.60 NOTE
r-patched-solaris-x86 1.5.1 124.20 NOTE
r-release-linux-x86_64 1.5.1 39.14 19.24 58.38 NOTE
r-release-osx-x86_64-mavericks 1.5.1 NOTE
r-release-windows-ix86+x86_64 1.5.1 158.00 51.00 209.00 NOTE
r-oldrel-windows-ix86+x86_64 1.5.1 160.00 81.00 241.00 NOTE

Check Details

Version: 1.5.1
Check: installed package size
Result: NOTE
     installed size is 6.7Mb
     sub-directories of 1Mb or more:
     libs 5.8Mb
Flavors: r-devel-linux-x86_64-debian-gcc, r-devel-linux-x86_64-fedora-clang, r-devel-linux-x86_64-fedora-gcc, r-patched-linux-x86_64, r-release-linux-x86_64, r-release-osx-x86_64-mavericks

Version: 1.5.1
Check: R code for possible problems
Result: NOTE
    La: no visible global function definition for ‘integrate’
    cluster_helix: no visible global function definition for ‘runif’
    rgl.ellipsoid: no visible global function definition for ‘cube3d’
    rgl_annotate: no visible global function definition for ‘axes3d’
    rgl_annotate: no visible global function definition for ‘axis3d’
    rgl_annotate: no visible global function definition for ‘title3d’
    Undefined global functions or variables:
     axes3d axis3d cube3d integrate runif title3d
    Consider adding
     importFrom("stats", "integrate", "runif")
    to your NAMESPACE.
Flavors: r-devel-linux-x86_64-debian-gcc, r-devel-linux-x86_64-fedora-clang, r-devel-linux-x86_64-fedora-gcc, r-devel-windows-ix86+x86_64

Version: 1.5.1
Check: for GNU extensions in Makefiles
Result: NOTE
    GNU make is a SystemRequirements.
Flavors: r-devel-linux-x86_64-debian-gcc, r-devel-linux-x86_64-fedora-clang, r-devel-linux-x86_64-fedora-gcc, r-devel-osx-x86_64-clang, r-devel-windows-ix86+x86_64, r-patched-linux-x86_64, r-patched-solaris-sparc, r-patched-solaris-x86, r-release-linux-x86_64, r-release-osx-x86_64-mavericks, r-release-windows-ix86+x86_64, r-oldrel-windows-ix86+x86_64

Version: 1.5.1
Check: R code for possible problems
Result: NOTE
    La: no visible global function definition for ‘integrate’
    cluster_helix: no visible global function definition for ‘runif’
    rgl.ellipsoid: no visible global function definition for ‘cube3d’
    rgl_annotate: no visible global function definition for ‘axes3d’
    rgl_annotate: no visible global function definition for ‘axis3d’
    rgl_annotate: no visible global function definition for ‘title3d’
    Undefined global functions or variables:
     axes3d axis3d cube3d integrate runif title3d
    Consider adding
     importFrom("stats", "integrate", "runif")
    to your NAMESPACE file.
Flavor: r-devel-osx-x86_64-clang

Version: 1.5.1
Check: R code for possible problems
Result: NOTE
    rgl.ellipsoid: no visible global function definition for ‘cube3d’
    rgl_annotate: no visible global function definition for ‘axes3d’
    rgl_annotate: no visible global function definition for ‘axis3d’
    rgl_annotate: no visible global function definition for ‘title3d’
Flavors: r-patched-linux-x86_64, r-patched-solaris-sparc, r-patched-solaris-x86, r-release-linux-x86_64, r-release-osx-x86_64-mavericks, r-release-windows-ix86+x86_64, r-oldrel-windows-ix86+x86_64