CRAN Package Check Results for Package cda

Last updated on 2016-12-10 18:49:19.

Flavor Version Tinstall Tcheck Ttotal Status Flags
r-devel-linux-x86_64-debian-clang 2.0.0 74.12 19.21 93.33 OK
r-devel-linux-x86_64-debian-gcc 2.0.0 84.54 18.81 103.35 OK
r-devel-linux-x86_64-fedora-clang 2.0.0 195.81 OK --no-stop-on-test-error
r-devel-linux-x86_64-fedora-gcc 2.0.0 201.34 NOTE --no-stop-on-test-error
r-devel-macos-x86_64-clang 2.0.0 120.96 OK --no-stop-on-test-error
r-devel-windows-ix86+x86_64 2.0.0 221.00 47.00 268.00 OK
r-patched-linux-x86_64 2.0.0 65.24 16.65 81.89 OK
r-patched-solaris-sparc 2.0.0 925.10 OK
r-patched-solaris-x86 2.0.0 159.10 OK
r-release-linux-x86_64 2.0.0 64.84 16.85 81.69 OK
r-release-osx-x86_64-mavericks 2.0.0 NOTE
r-release-windows-ix86+x86_64 2.0.0 299.00 39.00 338.00 OK
r-oldrel-windows-ix86+x86_64 2.0.0 129.00 2.00 131.00 ERROR

Check Details

Version: 2.0.0
Flags: --no-stop-on-test-error
Check: installed package size
Result: NOTE
     installed size is 8.1Mb
     sub-directories of 1Mb or more:
     libs 7.7Mb
Flavor: r-devel-linux-x86_64-fedora-gcc

Version: 2.0.0
Check: installed package size
Result: NOTE
     installed size is 5.8Mb
     sub-directories of 1Mb or more:
     libs 5.5Mb
Flavor: r-release-osx-x86_64-mavericks

Version: 2.0.0
Check: whether package can be installed
Result: ERROR
    Installation failed.
Flavor: r-oldrel-windows-ix86+x86_64