CRAN Package Check Results for Package cda

Last updated on 2016-08-30 00:47:22.

Flavor Version Tinstall Tcheck Ttotal Status Flags
r-devel-linux-x86_64-debian-clang 2.0.0 75.03 16.43 91.46 OK
r-devel-linux-x86_64-debian-gcc 2.0.0 82.90 16.67 99.58 NOTE
r-devel-linux-x86_64-fedora-clang 2.0.0 191.09 NOTE
r-devel-linux-x86_64-fedora-gcc 2.0.0 191.16 NOTE
r-devel-osx-x86_64-clang 2.0.0 120.85 OK
r-devel-windows-ix86+x86_64 2.0.0 302.00 38.00 340.00 OK
r-patched-linux-x86_64 2.0.0 65.18 16.82 82.00 NOTE
r-patched-solaris-sparc 2.0.0 925.10 OK
r-patched-solaris-x86 2.0.0 171.30 OK
r-release-linux-x86_64 2.0.0 65.57 16.99 82.56 NOTE
r-release-osx-x86_64-mavericks 2.0.0 NOTE
r-release-windows-ix86+x86_64 2.0.0 224.00 37.00 261.00 OK
r-oldrel-windows-ix86+x86_64 2.0.0 138.00 2.00 140.00 ERROR

Check Details

Version: 2.0.0
Check: installed package size
Result: NOTE
     installed size is 8.1Mb
     sub-directories of 1Mb or more:
     libs 7.8Mb
Flavors: r-devel-linux-x86_64-debian-gcc, r-devel-linux-x86_64-fedora-clang, r-devel-linux-x86_64-fedora-gcc, r-patched-linux-x86_64, r-release-linux-x86_64, r-release-osx-x86_64-mavericks

Version: 2.0.0
Check: whether package can be installed
Result: ERROR
    Installation failed.
Flavor: r-oldrel-windows-ix86+x86_64