CRAN Package Check Results for Package cda

Last updated on 2014-08-22 23:47:35.

Flavor Version Tinstall Tcheck Ttotal Status Flags
r-devel-linux-x86_64-debian-clang 1.5.1 30.96 21.00 51.97 NOTE
r-devel-linux-x86_64-debian-gcc 1.5.1 39.01 21.40 60.41 NOTE
r-devel-linux-x86_64-fedora-clang 1.5.1 118.64 NOTE
r-devel-linux-x86_64-fedora-gcc 1.5.1 117.14 NOTE
r-devel-osx-x86_64-clang 1.5.1 83.19 NOTE
r-devel-windows-ix86+x86_64 1.5.1 119.00 59.00 178.00 OK
r-patched-linux-x86_64 1.5.1 39.70 22.42 62.13 NOTE
r-patched-solaris-sparc 1.5.1 750.80 NOTE
r-patched-solaris-x86 1.5.1 157.60 NOTE
r-release-linux-ix86 1.5.1 49.87 31.44 81.32 NOTE
r-release-linux-x86_64 1.5.1 39.03 22.79 61.82 NOTE
r-release-osx-x86_64-mavericks 1.5.1 NOTE
r-release-osx-x86_64-snowleopard 1.5.1 OK
r-release-windows-ix86+x86_64 1.5.1 115.00 59.00 174.00 OK
r-oldrel-windows-ix86+x86_64 1.5.1 115.00 63.00 178.00 OK

Check Details

Version: 1.5.1
Check: installed package size
Result: NOTE
     installed size is 5.1Mb
     sub-directories of 1Mb or more:
     libs 4.2Mb
Flavors: r-devel-linux-x86_64-debian-clang, r-devel-linux-x86_64-debian-gcc, r-devel-linux-x86_64-fedora-clang, r-devel-linux-x86_64-fedora-gcc, r-patched-linux-x86_64, r-patched-solaris-sparc, r-patched-solaris-x86, r-release-linux-ix86, r-release-linux-x86_64, r-release-osx-x86_64-mavericks

Version: 1.5.1
Check: R code for possible problems
Result: NOTE
    rgl.ellipsoid: no visible global function definition for ‘cube3d’
    rgl_annotate: no visible global function definition for ‘axes3d’
    rgl_annotate: no visible global function definition for ‘axis3d’
    rgl_annotate: no visible global function definition for ‘title3d’
Flavors: r-devel-linux-x86_64-debian-clang, r-devel-linux-x86_64-fedora-clang, r-devel-linux-x86_64-fedora-gcc, r-devel-osx-x86_64-clang