CRAN Package Check Results for Package cda

Last updated on 2018-01-17 18:46:41 CET.

Flavor Version Tinstall Tcheck Ttotal Status Flags
r-devel-linux-x86_64-debian-clang 2.0.0 106.82 2.30 109.12 ERROR
r-devel-linux-x86_64-debian-gcc 2.0.0 98.89 1.79 100.68 ERROR
r-devel-linux-x86_64-fedora-clang 2.0.0 180.14 ERROR
r-devel-linux-x86_64-fedora-gcc 2.0.0 180.71 ERROR
r-devel-windows-ix86+x86_64 2.0.0 333.00 56.00 389.00 OK
r-patched-linux-x86_64 2.0.0 122.74 2.37 125.11 ERROR
r-patched-solaris-x86 2.0.0 146.60 ERROR
r-release-linux-x86_64 2.0.0 117.55 2.37 119.92 ERROR
r-release-windows-ix86+x86_64 2.0.0 236.00 56.00 292.00 OK
r-release-osx-x86_64 2.0.0 OK
r-oldrel-windows-ix86+x86_64 2.0.0 308.00 70.00 378.00 OK
r-oldrel-osx-x86_64 2.0.0 NOTE

Check Details

Version: 2.0.0
Check: whether package can be installed
Result: ERROR
    Installation failed.
Flavors: r-devel-linux-x86_64-debian-clang, r-devel-linux-x86_64-debian-gcc, r-devel-linux-x86_64-fedora-clang, r-devel-linux-x86_64-fedora-gcc, r-patched-linux-x86_64, r-patched-solaris-x86, r-release-linux-x86_64

Version: 2.0.0
Check: installed package size
Result: NOTE
     installed size is 5.8Mb
     sub-directories of 1Mb or more:
     libs 5.5Mb
Flavor: r-oldrel-osx-x86_64