CRAN Package Check Results for Package cda

Last updated on 2017-10-24 10:47:42.

Flavor Version Tinstall Tcheck Ttotal Status Flags
r-devel-linux-x86_64-debian-clang 2.0.0 81.45 18.06 99.51 NOTE
r-devel-linux-x86_64-debian-gcc 2.0.0 85.51 20.98 106.49 NOTE
r-devel-linux-x86_64-fedora-clang 2.0.0 219.27 NOTE
r-devel-linux-x86_64-fedora-gcc 2.0.0 205.31 NOTE
r-devel-windows-ix86+x86_64 2.0.0 233.00 52.00 285.00 OK
r-patched-linux-x86_64 2.0.0 89.60 18.68 108.28 NOTE
r-patched-solaris-x86 2.0.0 178.80 OK
r-release-linux-x86_64 2.0.0 89.41 18.33 107.74 NOTE
r-release-windows-ix86+x86_64 2.0.0 315.00 57.00 372.00 OK
r-release-osx-x86_64 2.0.0 OK
r-oldrel-windows-ix86+x86_64 2.0.0 218.00 47.00 265.00 OK
r-oldrel-osx-x86_64 2.0.0 NOTE

Check Details

Version: 2.0.0
Check: compiled code
Result: NOTE
    File ‘cda/libs/cda.so’:
     Found no calls to: ‘R_registerRoutines’, ‘R_useDynamicSymbols’
    
    It is good practice to register native routines and to disable symbol
    search.
    
    See ‘Writing portable packages’ in the ‘Writing R Extensions’ manual.
Flavors: r-devel-linux-x86_64-debian-clang, r-devel-linux-x86_64-debian-gcc, r-devel-linux-x86_64-fedora-clang, r-devel-linux-x86_64-fedora-gcc, r-patched-linux-x86_64, r-release-linux-x86_64

Version: 2.0.0
Check: installed package size
Result: NOTE
     installed size is 5.2Mb
     sub-directories of 1Mb or more:
     libs 4.9Mb
Flavors: r-devel-linux-x86_64-fedora-clang, r-devel-linux-x86_64-fedora-gcc, r-oldrel-osx-x86_64