CRAN Package Check Results for Package cda

Last updated on 2014-10-20 22:46:31.

Flavor Version Tinstall Tcheck Ttotal Status Flags
r-devel-linux-x86_64-debian-clang 1.5.1 36.28 23.77 60.05 NOTE
r-devel-linux-x86_64-debian-gcc 1.5.1 42.39 23.65 66.04 NOTE
r-devel-linux-x86_64-fedora-clang 1.5.1 124.57 NOTE
r-devel-linux-x86_64-fedora-gcc 1.5.1 123.59 NOTE
r-devel-osx-x86_64-clang 1.5.1 78.82 NOTE
r-devel-windows-ix86+x86_64 1.5.1 109.00 52.00 161.00 NOTE
r-patched-linux-x86_64 1.5.1 39.36 24.23 63.59 NOTE
r-patched-solaris-sparc 1.5.1 686.10 NOTE
r-patched-solaris-x86 1.5.1 154.00 NOTE
r-release-linux-ix86 1.5.1 50.71 31.75 82.46 NOTE
r-release-linux-x86_64 1.5.1 40.87 25.43 66.30 NOTE
r-release-osx-x86_64-mavericks 1.5.1 NOTE
r-release-osx-x86_64-snowleopard 1.5.1 OK
r-release-windows-ix86+x86_64 1.5.1 116.00 52.00 168.00 OK
r-oldrel-windows-ix86+x86_64 1.5.1 122.00 60.00 182.00 OK

Check Details

Version: 1.5.1
Check: installed package size
Result: NOTE
     installed size is 5.7Mb
     sub-directories of 1Mb or more:
     libs 4.8Mb
Flavors: r-devel-linux-x86_64-debian-clang, r-devel-linux-x86_64-debian-gcc, r-devel-linux-x86_64-fedora-clang, r-devel-linux-x86_64-fedora-gcc, r-patched-linux-x86_64, r-patched-solaris-sparc, r-patched-solaris-x86, r-release-linux-ix86, r-release-linux-x86_64, r-release-osx-x86_64-mavericks

Version: 1.5.1
Check: R code for possible problems
Result: NOTE
    rgl.ellipsoid: no visible global function definition for ‘cube3d’
    rgl_annotate: no visible global function definition for ‘axes3d’
    rgl_annotate: no visible global function definition for ‘axis3d’
    rgl_annotate: no visible global function definition for ‘title3d’
Flavors: r-devel-linux-x86_64-debian-clang, r-devel-linux-x86_64-debian-gcc, r-devel-linux-x86_64-fedora-clang, r-devel-linux-x86_64-fedora-gcc, r-devel-osx-x86_64-clang, r-devel-windows-ix86+x86_64, r-patched-linux-x86_64, r-patched-solaris-sparc, r-patched-solaris-x86