CRAN Package Check Results for Package cda

Last updated on 2016-05-06 12:52:36.

Flavor Version Tinstall Tcheck Ttotal Status Flags
r-devel-linux-x86_64-debian-gcc 1.5.1 40.63 19.19 59.82 NOTE
r-devel-linux-x86_64-fedora-clang 1.5.1 125.92 NOTE
r-devel-linux-x86_64-fedora-gcc 1.5.1 112.05 NOTE
r-devel-osx-x86_64-clang 1.5.1 87.40 NOTE
r-devel-windows-ix86+x86_64 1.5.1 137.00 43.00 180.00 NOTE
r-patched-linux-x86_64 1.5.1 39.99 17.95 57.93 NOTE
r-patched-solaris-sparc 1.5.1 613.40 NOTE
r-patched-solaris-x86 1.5.1 129.50 NOTE
r-release-linux-x86_64 1.5.1 40.71 18.53 59.24 NOTE
r-release-osx-x86_64-mavericks 1.5.1 NOTE
r-release-windows-ix86+x86_64 1.5.1 137.00 43.00 180.00 NOTE
r-oldrel-windows-ix86+x86_64 1.5.1 165.00 70.00 235.00 NOTE

Check Details

Version: 1.5.1
Check: installed package size
Result: NOTE
     installed size is 6.8Mb
     sub-directories of 1Mb or more:
     libs 5.9Mb
Flavors: r-devel-linux-x86_64-debian-gcc, r-devel-linux-x86_64-fedora-clang, r-devel-linux-x86_64-fedora-gcc, r-patched-linux-x86_64, r-release-linux-x86_64, r-release-osx-x86_64-mavericks

Version: 1.5.1
Check: R code for possible problems
Result: NOTE
    La: no visible global function definition for ‘integrate’
    cluster_helix: no visible global function definition for ‘runif’
    rgl.ellipsoid: no visible global function definition for ‘cube3d’
    rgl_annotate: no visible global function definition for ‘axes3d’
    rgl_annotate: no visible global function definition for ‘axis3d’
    rgl_annotate: no visible global function definition for ‘title3d’
    Undefined global functions or variables:
     axes3d axis3d cube3d integrate runif title3d
    Consider adding
     importFrom("stats", "integrate", "runif")
    to your NAMESPACE file.
Flavors: r-devel-linux-x86_64-debian-gcc, r-devel-linux-x86_64-fedora-clang, r-devel-linux-x86_64-fedora-gcc, r-devel-osx-x86_64-clang, r-devel-windows-ix86+x86_64, r-patched-linux-x86_64, r-patched-solaris-sparc, r-patched-solaris-x86, r-release-linux-x86_64, r-release-windows-ix86+x86_64

Version: 1.5.1
Check: for GNU extensions in Makefiles
Result: NOTE
    GNU make is a SystemRequirements.
Flavors: r-devel-linux-x86_64-debian-gcc, r-devel-linux-x86_64-fedora-clang, r-devel-linux-x86_64-fedora-gcc, r-devel-osx-x86_64-clang, r-devel-windows-ix86+x86_64, r-patched-linux-x86_64, r-patched-solaris-sparc, r-patched-solaris-x86, r-release-linux-x86_64, r-release-osx-x86_64-mavericks, r-release-windows-ix86+x86_64, r-oldrel-windows-ix86+x86_64

Version: 1.5.1
Check: R code for possible problems
Result: NOTE
    rgl.ellipsoid: no visible global function definition for ‘cube3d’
    rgl_annotate: no visible global function definition for ‘axes3d’
    rgl_annotate: no visible global function definition for ‘axis3d’
    rgl_annotate: no visible global function definition for ‘title3d’
Flavors: r-release-osx-x86_64-mavericks, r-oldrel-windows-ix86+x86_64