CRAN Package Check Results for Package cda

Last updated on 2014-07-28 15:49:16.

Flavor Version Tinstall Tcheck Ttotal Status Flags
r-devel-linux-x86_64-debian-clang 1.5.1 30.89 22.12 53.01 NOTE
r-devel-linux-x86_64-debian-gcc 1.5.1 42.56 22.10 64.66 NOTE
r-devel-linux-x86_64-fedora-clang 1.5.1 116.33 NOTE
r-devel-linux-x86_64-fedora-gcc 1.5.1 114.54 NOTE
r-devel-osx-x86_64-clang 1.5.1 93.28 OK
r-devel-windows-ix86+x86_64 1.5.1 113.00 54.00 167.00 OK
r-patched-linux-x86_64 1.5.1 39.72 22.34 62.06 NOTE
r-patched-solaris-sparc 1.5.1 738.30 NOTE
r-patched-solaris-x86 1.5.1 154.50 NOTE
r-release-linux-ix86 1.5.1 0.70 1.80 2.49 ERROR
r-release-linux-x86_64 1.5.1 38.54 22.78 61.32 NOTE
r-release-osx-x86_64-mavericks 1.5.1 NOTE
r-release-osx-x86_64-snowleopard 1.5.1 OK
r-release-windows-ix86+x86_64 1.5.1 112.00 58.00 170.00 OK
r-oldrel-windows-ix86+x86_64 1.5.1 115.00 66.00 181.00 OK

Check Details

Version: 1.5.1
Check: installed package size
Result: NOTE
     installed size is 5.0Mb
     sub-directories of 1Mb or more:
     libs 4.1Mb
Flavors: r-devel-linux-x86_64-debian-clang, r-devel-linux-x86_64-debian-gcc, r-devel-linux-x86_64-fedora-clang, r-devel-linux-x86_64-fedora-gcc, r-patched-linux-x86_64, r-patched-solaris-sparc, r-patched-solaris-x86, r-release-linux-x86_64, r-release-osx-x86_64-mavericks

Version: 1.5.1
Check: package dependencies
Result: ERROR
    Package required but not available: randtoolbox
    
    See the information on DESCRIPTION files in the chapter Creating R
    packages of the Writing R Extensions manual.
Flavor: r-release-linux-ix86