CRAN Package Check Results for Package cda

Last updated on 2016-06-29 23:51:19.

Flavor Version Tinstall Tcheck Ttotal Status Flags
r-devel-linux-x86_64-debian-gcc 1.5.1 56.44 19.65 76.10 WARN
r-devel-linux-x86_64-fedora-clang 1.5.1 126.13 WARN
r-devel-linux-x86_64-fedora-gcc 1.5.1 117.07 WARN
r-devel-osx-x86_64-clang 1.5.1 84.67 WARN
r-devel-windows-ix86+x86_64 1.5.1 138.00 45.00 183.00 WARN
r-patched-linux-x86_64 1.5.1 41.71 19.22 60.93 WARN
r-patched-solaris-sparc 1.5.1 637.00 WARN
r-patched-solaris-x86 1.5.1 125.60 WARN
r-release-linux-x86_64 1.5.1 39.31 18.75 58.07 WARN
r-release-osx-x86_64-mavericks 1.5.1 NOTE
r-release-windows-ix86+x86_64 1.5.1 180.00 86.00 266.00 WARN
r-oldrel-windows-ix86+x86_64 1.5.1 159.00 58.00 217.00 WARN

Check Details

Version: 1.5.1
Check: whether package can be installed
Result: WARN
    Found the following significant warnings:
     Warning: 'loadRcppModules' is deprecated.
Flavors: r-devel-linux-x86_64-debian-gcc, r-devel-linux-x86_64-fedora-clang, r-devel-linux-x86_64-fedora-gcc, r-devel-osx-x86_64-clang, r-devel-windows-ix86+x86_64, r-patched-linux-x86_64, r-patched-solaris-sparc, r-patched-solaris-x86, r-release-linux-x86_64, r-release-windows-ix86+x86_64, r-oldrel-windows-ix86+x86_64

Version: 1.5.1
Check: installed package size
Result: NOTE
     installed size is 7.2Mb
     sub-directories of 1Mb or more:
     libs 6.3Mb
Flavors: r-devel-linux-x86_64-debian-gcc, r-devel-linux-x86_64-fedora-clang, r-devel-linux-x86_64-fedora-gcc, r-patched-linux-x86_64, r-patched-solaris-sparc, r-patched-solaris-x86, r-release-linux-x86_64, r-release-osx-x86_64-mavericks

Version: 1.5.1
Check: whether the namespace can be loaded with stated dependencies
Result: NOTE
    Warning: 'loadRcppModules' is deprecated.
    Use 'loadModule' instead.
    See help("Deprecated")
    
    A namespace must be able to be loaded with just the base namespace
    loaded: otherwise if the namespace gets loaded by a saved object, the
    session will be unable to start.
    
    Probably some imports need to be declared in the NAMESPACE file.
Flavors: r-devel-linux-x86_64-debian-gcc, r-devel-linux-x86_64-fedora-clang, r-devel-linux-x86_64-fedora-gcc, r-devel-osx-x86_64-clang, r-devel-windows-ix86+x86_64, r-devel-windows-ix86+x86_64, r-patched-linux-x86_64, r-patched-solaris-sparc, r-patched-solaris-x86, r-release-linux-x86_64, r-release-windows-ix86+x86_64, r-release-windows-ix86+x86_64

Version: 1.5.1
Check: R code for possible problems
Result: NOTE
    La: no visible global function definition for ‘integrate’
    cluster_helix: no visible global function definition for ‘runif’
    rgl.ellipsoid: no visible global function definition for ‘cube3d’
    rgl_annotate: no visible global function definition for ‘axes3d’
    rgl_annotate: no visible global function definition for ‘axis3d’
    rgl_annotate: no visible global function definition for ‘title3d’
    Undefined global functions or variables:
     axes3d axis3d cube3d integrate runif title3d
    Consider adding
     importFrom("stats", "integrate", "runif")
    to your NAMESPACE file.
Flavors: r-devel-linux-x86_64-debian-gcc, r-devel-linux-x86_64-fedora-clang, r-devel-linux-x86_64-fedora-gcc, r-devel-osx-x86_64-clang, r-devel-windows-ix86+x86_64, r-patched-linux-x86_64, r-patched-solaris-sparc, r-patched-solaris-x86, r-release-linux-x86_64, r-release-osx-x86_64-mavericks, r-release-windows-ix86+x86_64

Version: 1.5.1
Check: for GNU extensions in Makefiles
Result: NOTE
    GNU make is a SystemRequirements.
Flavors: r-devel-linux-x86_64-debian-gcc, r-devel-linux-x86_64-fedora-clang, r-devel-linux-x86_64-fedora-gcc, r-devel-osx-x86_64-clang, r-devel-windows-ix86+x86_64, r-patched-linux-x86_64, r-patched-solaris-sparc, r-patched-solaris-x86, r-release-linux-x86_64, r-release-osx-x86_64-mavericks, r-release-windows-ix86+x86_64, r-oldrel-windows-ix86+x86_64

Version: 1.5.1
Check: examples
Result: WARN
    Found the following significant warnings:
    
     Warning: 'loadRcppModules' is deprecated.
    Deprecated functions may be defunct as soon as of the next release of
    R.
    See ?Deprecated.
Flavors: r-devel-linux-x86_64-debian-gcc, r-devel-linux-x86_64-fedora-clang, r-devel-linux-x86_64-fedora-gcc, r-devel-osx-x86_64-clang, r-patched-linux-x86_64, r-patched-solaris-sparc, r-patched-solaris-x86, r-release-linux-x86_64

Version: 1.5.1
Check: running examples for arch ‘i386’
Result: WARN
    Found the following significant warnings:
    
     Warning: 'loadRcppModules' is deprecated.
    Deprecated functions may be defunct as soon as of the next release of
    R.
    See ?Deprecated.
Flavors: r-devel-windows-ix86+x86_64, r-release-windows-ix86+x86_64, r-oldrel-windows-ix86+x86_64

Version: 1.5.1
Check: running examples for arch ‘x64’
Result: WARN
    Found the following significant warnings:
    
     Warning: 'loadRcppModules' is deprecated.
    Deprecated functions may be defunct as soon as of the next release of
    R.
    See ?Deprecated.
Flavors: r-devel-windows-ix86+x86_64, r-release-windows-ix86+x86_64, r-oldrel-windows-ix86+x86_64

Version: 1.5.1
Check: dependencies in R code
Result: NOTE
    Invalid MIT-MAGIC-COOKIE-1 key
Flavor: r-release-osx-x86_64-mavericks

Version: 1.5.1
Check: R code for possible problems
Result: NOTE
    rgl.ellipsoid: no visible global function definition for 'cube3d'
    rgl_annotate: no visible global function definition for 'axes3d'
    rgl_annotate: no visible global function definition for 'axis3d'
    rgl_annotate: no visible global function definition for 'title3d'
Flavor: r-oldrel-windows-ix86+x86_64