CRAN Package Check Results for Package cda

Last updated on 2017-04-28 23:52:09.

Flavor Version Tinstall Tcheck Ttotal Status Flags
r-devel-linux-x86_64-debian-clang 2.0.0 79.40 18.80 98.21 NOTE
r-devel-linux-x86_64-debian-gcc 2.0.0 85.44 18.20 103.63 NOTE
r-devel-linux-x86_64-fedora-clang 2.0.0 201.06 NOTE --no-stop-on-test-error
r-devel-linux-x86_64-fedora-gcc 2.0.0 200.08 NOTE --no-stop-on-test-error
r-devel-windows-ix86+x86_64 2.0.0 285.00 77.00 362.00 OK
r-patched-linux-x86_64 2.0.0 67.19 19.50 86.70 NOTE
r-patched-solaris-sparc 2.0.0 893.90 OK
r-patched-solaris-x86 2.0.0 166.40 OK
r-release-linux-x86_64 2.0.0 67.89 19.39 87.28 NOTE
r-release-windows-ix86+x86_64 2.0.0 311.00 79.00 390.00 OK
r-release-osx-x86_64 2.0.0 OK
r-oldrel-windows-ix86+x86_64 2.0.0 315.00 64.00 379.00 OK
r-oldrel-osx-x86_64 2.0.0 NOTE

Check Details

Version: 2.0.0
Check: compiled code
Result: NOTE
    File ‘cda/libs/cda.so’:
     Found no calls to: ‘R_registerRoutines’, ‘R_useDynamicSymbols’
    
    It is good practice to register native routines and to disable symbol
    search.
    
    See ‘Writing portable packages’ in the ‘Writing R Extensions’ manual.
Flavors: r-devel-linux-x86_64-debian-clang, r-devel-linux-x86_64-debian-gcc, r-patched-linux-x86_64, r-release-linux-x86_64

Version: 2.0.0
Flags: --no-stop-on-test-error
Check: installed package size
Result: NOTE
     installed size is 5.0Mb
     sub-directories of 1Mb or more:
     libs 4.7Mb
Flavors: r-devel-linux-x86_64-fedora-clang, r-devel-linux-x86_64-fedora-gcc

Version: 2.0.0
Flags: --no-stop-on-test-error
Check: compiled code
Result: NOTE
    File ‘cda/libs/cda.so’:
     Found no calls to: ‘R_registerRoutines’, ‘R_useDynamicSymbols’
    
    It is good practice to register native routines and to disable symbol
    search.
    
    See ‘Writing portable packages’ in the ‘Writing R Extensions’ manual.
Flavors: r-devel-linux-x86_64-fedora-clang, r-devel-linux-x86_64-fedora-gcc

Version: 2.0.0
Check: installed package size
Result: NOTE
     installed size is 5.8Mb
     sub-directories of 1Mb or more:
     libs 5.5Mb
Flavor: r-oldrel-osx-x86_64