CRAN Package Check Results for Package cda

Last updated on 2015-03-01 12:47:31.

Flavor Version Tinstall Tcheck Ttotal Status Flags
r-devel-linux-x86_64-debian-clang 1.5.1 32.22 18.76 50.97 NOTE
r-devel-linux-x86_64-debian-gcc 1.5.1 38.59 17.72 56.31 NOTE
r-devel-linux-x86_64-fedora-clang 1.5.1 120.16 NOTE
r-devel-linux-x86_64-fedora-gcc 1.5.1 109.95 NOTE
r-devel-osx-x86_64-clang 1.5.1 65.30 NOTE
r-devel-windows-ix86+x86_64 1.5.1 152.00 43.00 195.00 NOTE
r-patched-linux-x86_64 1.5.1 40.50 23.70 64.20 NOTE
r-patched-solaris-sparc 1.5.1 795.00 NOTE
r-patched-solaris-x86 1.5.1 154.90 NOTE
r-release-linux-ix86 1.5.1 47.94 34.30 82.24 NOTE
r-release-linux-x86_64 1.5.1 41.39 23.42 64.81 NOTE
r-release-osx-x86_64-mavericks 1.5.1 NOTE
r-release-osx-x86_64-snowleopard 1.5.1 OK
r-release-windows-ix86+x86_64 1.5.1 121.00 61.00 182.00 NOTE
r-oldrel-windows-ix86+x86_64 1.5.1 113.00 60.00 173.00 OK

Check Details

Version: 1.5.1
Check: installed package size
Result: NOTE
     installed size is 5.6Mb
     sub-directories of 1Mb or more:
     libs 4.8Mb
Flavors: r-devel-linux-x86_64-debian-clang, r-devel-linux-x86_64-debian-gcc, r-devel-linux-x86_64-fedora-clang, r-devel-linux-x86_64-fedora-gcc, r-patched-linux-x86_64, r-patched-solaris-sparc, r-patched-solaris-x86, r-release-linux-ix86, r-release-linux-x86_64, r-release-osx-x86_64-mavericks

Version: 1.5.1
Check: R code for possible problems
Result: NOTE
    rgl.ellipsoid: no visible global function definition for ‘cube3d’
    rgl_annotate: no visible global function definition for ‘axes3d’
    rgl_annotate: no visible global function definition for ‘axis3d’
    rgl_annotate: no visible global function definition for ‘title3d’
Flavors: r-devel-linux-x86_64-debian-clang, r-devel-linux-x86_64-debian-gcc, r-devel-linux-x86_64-fedora-clang, r-devel-linux-x86_64-fedora-gcc, r-devel-osx-x86_64-clang, r-devel-windows-ix86+x86_64, r-patched-linux-x86_64, r-patched-solaris-sparc, r-patched-solaris-x86, r-release-linux-ix86, r-release-linux-x86_64, r-release-osx-x86_64-mavericks, r-release-windows-ix86+x86_64

Version: 1.5.1
Check: for GNU extensions in Makefiles
Result: NOTE
    GNU make is a SystemRequirements.
Flavors: r-devel-linux-x86_64-debian-clang, r-devel-linux-x86_64-debian-gcc, r-devel-linux-x86_64-fedora-clang, r-devel-linux-x86_64-fedora-gcc, r-devel-osx-x86_64-clang, r-devel-windows-ix86+x86_64, r-patched-linux-x86_64, r-patched-solaris-sparc, r-patched-solaris-x86, r-release-osx-x86_64-mavericks