CRAN Package Check Results for Package cda

Last updated on 2014-09-02 05:46:29.

Flavor Version Tinstall Tcheck Ttotal Status Flags
r-devel-linux-x86_64-debian-clang 1.5.1 30.92 21.14 52.06 NOTE
r-devel-linux-x86_64-debian-gcc 1.5.1 39.16 20.78 59.94 NOTE
r-devel-linux-x86_64-fedora-clang 1.5.1 120.54 NOTE
r-devel-linux-x86_64-fedora-gcc 1.5.1 116.65 NOTE
r-devel-osx-x86_64-clang 1.5.1 68.83 NOTE
r-devel-windows-ix86+x86_64 1.5.1 113.00 57.00 170.00 NOTE
r-patched-linux-x86_64 1.5.1 40.50 22.28 62.77 NOTE
r-patched-solaris-sparc 1.5.1 750.80 NOTE
r-patched-solaris-x86 1.5.1 158.60 NOTE
r-release-linux-ix86 1.5.1 50.77 31.44 82.21 NOTE
r-release-linux-x86_64 1.5.1 39.16 24.16 63.31 NOTE
r-release-osx-x86_64-mavericks 1.5.1 NOTE
r-release-osx-x86_64-snowleopard 1.5.1 OK
r-release-windows-ix86+x86_64 1.5.1 102.00 59.00 161.00 OK
r-oldrel-windows-ix86+x86_64 1.5.1 105.00 63.00 168.00 OK

Check Details

Version: 1.5.1
Check: installed package size
Result: NOTE
     installed size is 5.1Mb
     sub-directories of 1Mb or more:
     libs 4.2Mb
Flavors: r-devel-linux-x86_64-debian-clang, r-devel-linux-x86_64-debian-gcc, r-devel-linux-x86_64-fedora-clang, r-devel-linux-x86_64-fedora-gcc, r-patched-linux-x86_64, r-patched-solaris-sparc, r-patched-solaris-x86, r-release-linux-ix86, r-release-linux-x86_64, r-release-osx-x86_64-mavericks

Version: 1.5.1
Check: R code for possible problems
Result: NOTE
    rgl.ellipsoid: no visible global function definition for ‘cube3d’
    rgl_annotate: no visible global function definition for ‘axes3d’
    rgl_annotate: no visible global function definition for ‘axis3d’
    rgl_annotate: no visible global function definition for ‘title3d’
Flavors: r-devel-linux-x86_64-debian-clang, r-devel-linux-x86_64-debian-gcc, r-devel-linux-x86_64-fedora-clang, r-devel-linux-x86_64-fedora-gcc, r-devel-osx-x86_64-clang, r-devel-windows-ix86+x86_64