CRAN Package Check Results for Package cda

Last updated on 2014-11-21 11:48:35.

Flavor Version Tinstall Tcheck Ttotal Status Flags
r-devel-linux-x86_64-debian-clang 1.5.1 32.14 24.01 56.16 NOTE
r-devel-linux-x86_64-debian-gcc 1.5.1 39.50 23.83 63.33 NOTE
r-devel-linux-x86_64-fedora-clang 1.5.1 123.58 NOTE
r-devel-linux-x86_64-fedora-gcc 1.5.1 116.07 NOTE
r-devel-osx-x86_64-clang 1.5.1 92.82 NOTE
r-devel-windows-ix86+x86_64 1.5.1 115.00 53.00 168.00 NOTE
r-patched-linux-x86_64 1.5.1 40.83 23.61 64.44 NOTE
r-patched-solaris-sparc 1.5.1 795.20 NOTE
r-patched-solaris-x86 1.5.1 152.20 NOTE
r-release-linux-ix86 1.5.1 47.34 29.86 77.20 NOTE
r-release-linux-x86_64 1.5.1 38.40 23.70 62.10 NOTE
r-release-osx-x86_64-mavericks 1.5.1 NOTE
r-release-osx-x86_64-snowleopard 1.5.1 OK
r-release-windows-ix86+x86_64 1.5.1 139.00 51.00 190.00 NOTE
r-oldrel-windows-ix86+x86_64 1.5.1 105.00 60.00 165.00 OK

Check Details

Version: 1.5.1
Check: installed package size
Result: NOTE
     installed size is 5.6Mb
     sub-directories of 1Mb or more:
     libs 4.8Mb
Flavors: r-devel-linux-x86_64-debian-clang, r-devel-linux-x86_64-debian-gcc, r-devel-linux-x86_64-fedora-clang, r-devel-linux-x86_64-fedora-gcc, r-patched-linux-x86_64, r-patched-solaris-sparc, r-patched-solaris-x86, r-release-linux-ix86, r-release-linux-x86_64, r-release-osx-x86_64-mavericks

Version: 1.5.1
Check: R code for possible problems
Result: NOTE
    rgl.ellipsoid: no visible global function definition for ‘cube3d’
    rgl_annotate: no visible global function definition for ‘axes3d’
    rgl_annotate: no visible global function definition for ‘axis3d’
    rgl_annotate: no visible global function definition for ‘title3d’
Flavors: r-devel-linux-x86_64-debian-clang, r-devel-linux-x86_64-debian-gcc, r-devel-linux-x86_64-fedora-clang, r-devel-linux-x86_64-fedora-gcc, r-devel-osx-x86_64-clang, r-devel-windows-ix86+x86_64, r-patched-linux-x86_64, r-patched-solaris-sparc, r-patched-solaris-x86, r-release-linux-ix86, r-release-linux-x86_64, r-release-windows-ix86+x86_64