CRAN Package Check Results for Package cda

Last updated on 2014-04-23 12:48:15.

Flavor Version Tinstall Tcheck Ttotal Status Flags
r-devel-linux-x86_64-debian-clang 1.5.1 31.17 23.72 54.89 OK
r-devel-linux-x86_64-debian-gcc 1.5.1 39.14 23.24 62.38 NOTE
r-devel-linux-x86_64-fedora-clang 1.5.1 117.79 NOTE
r-devel-linux-x86_64-fedora-gcc 1.5.1 116.61 NOTE
r-devel-osx-x86_64-clang 1.5.1 68.53 OK
r-devel-osx-x86_64-gcc 1.5.1 ERROR
r-devel-windows-ix86+x86_64 1.5.1 107.00 57.00 164.00 OK
r-patched-linux-x86_64 1.5.1 38.83 23.09 61.92 NOTE
r-patched-solaris-sparc 1.5.1 738.30 NOTE
r-patched-solaris-x86 1.5.1 151.20 NOTE
r-release-linux-ix86 1.5.1 60.00 45.00 105.00 NOTE
r-release-linux-x86_64 1.5.1 39.20 23.42 62.62 NOTE
r-release-osx-x86_64-mavericks 1.5.1 WARN
r-release-osx-x86_64-snowleopard 1.5.1 OK
r-release-windows-ix86+x86_64 1.5.1 108.00 52.00 160.00 OK
r-oldrel-windows-ix86+x86_64 1.5.1 111.00 61.00 172.00 OK

Check Details

Version: 1.5.1
Check: installed package size
Result: NOTE
     installed size is 6.1Mb
     sub-directories of 1Mb or more:
     libs 5.3Mb
Flavors: r-devel-linux-x86_64-debian-gcc, r-devel-linux-x86_64-fedora-clang, r-devel-linux-x86_64-fedora-gcc, r-patched-linux-x86_64, r-patched-solaris-sparc, r-patched-solaris-x86, r-release-linux-ix86, r-release-linux-x86_64, r-release-osx-x86_64-mavericks

Version: 1.5.1
Check: package dependencies
Result: ERROR
    Package required but not available: ‘dielectric’
    
    Packages suggested but not available for checking:
     ‘ggplot2’ ‘gridExtra’ ‘knitr’
    
    See the information on DESCRIPTION files in the chapter ‘Creating R
    packages’ of the ‘Writing R Extensions’ manual.
Flavor: r-devel-osx-x86_64-gcc

Version: 1.5.1
Check: PDF version of manual
Result: WARNING
    LaTeX errors when creating PDF version.
    This typically indicates Rd problems.
    LaTeX errors found:
    ! LaTeX Error: File `upquote.sty' not found.
    
    Type X to quit or <RETURN> to proceed,
    or enter new name. (Default extension: sty)
    
    4705f002/Rd2.tex:8: ==> Fatal error occurred, no output PDF file produced!
Flavor: r-release-osx-x86_64-mavericks