CRAN Package Check Results for Package cda

Last updated on 2017-06-22 17:47:35.

Flavor Version Tinstall Tcheck Ttotal Status Flags
r-devel-linux-x86_64-debian-clang 2.0.0 82.05 18.86 100.91 NOTE
r-devel-linux-x86_64-debian-gcc 2.0.0 93.43 19.48 112.90 NOTE
r-devel-linux-x86_64-fedora-clang 2.0.0 206.47 NOTE
r-devel-linux-x86_64-fedora-gcc 2.0.0 204.13 NOTE
r-devel-windows-ix86+x86_64 2.0.0 307.00 77.00 384.00 OK
r-patched-linux-x86_64 2.0.0 70.10 18.78 88.88 NOTE
r-patched-solaris-sparc 2.0.0 893.90 OK
r-patched-solaris-x86 2.0.0 173.30 OK
r-release-linux-x86_64 2.0.0 68.63 18.30 86.93 NOTE
r-release-windows-ix86+x86_64 2.0.0 339.00 62.00 401.00 OK
r-release-osx-x86_64 2.0.0 OK
r-oldrel-windows-ix86+x86_64 2.0.0 339.00 53.00 392.00 OK
r-oldrel-osx-x86_64 2.0.0 NOTE

Check Details

Version: 2.0.0
Check: compiled code
Result: NOTE
    File ‘cda/libs/cda.so’:
     Found no calls to: ‘R_registerRoutines’, ‘R_useDynamicSymbols’
    
    It is good practice to register native routines and to disable symbol
    search.
    
    See ‘Writing portable packages’ in the ‘Writing R Extensions’ manual.
Flavors: r-devel-linux-x86_64-debian-clang, r-devel-linux-x86_64-debian-gcc, r-devel-linux-x86_64-fedora-clang, r-devel-linux-x86_64-fedora-gcc, r-patched-linux-x86_64, r-release-linux-x86_64

Version: 2.0.0
Check: installed package size
Result: NOTE
     installed size is 5.1Mb
     sub-directories of 1Mb or more:
     libs 4.8Mb
Flavors: r-devel-linux-x86_64-fedora-clang, r-devel-linux-x86_64-fedora-gcc, r-oldrel-osx-x86_64