CRAN Package Check Results for Package cda

Last updated on 2017-02-19 18:47:26.

Flavor Version Tinstall Tcheck Ttotal Status Flags
r-devel-linux-x86_64-debian-clang 2.0.0 74.63 18.85 93.47 NOTE
r-devel-linux-x86_64-debian-gcc 2.0.0 85.44 19.11 104.55 NOTE
r-devel-linux-x86_64-fedora-clang 2.0.0 195.13 NOTE --no-stop-on-test-error
r-devel-linux-x86_64-fedora-gcc 2.0.0 197.90 NOTE --no-stop-on-test-error
r-devel-macos-x86_64-clang 2.0.0 124.21 NOTE --no-stop-on-test-error
r-devel-windows-ix86+x86_64 2.0.0 342.00 74.00 416.00 OK
r-patched-linux-x86_64 2.0.0 66.33 16.57 82.90 OK
r-patched-solaris-sparc 2.0.0 887.30 OK
r-patched-solaris-x86 2.0.0 166.80 OK
r-release-linux-x86_64 2.0.0 65.27 17.35 82.62 OK
r-release-osx-x86_64-mavericks 2.0.0 NOTE
r-release-windows-ix86+x86_64 2.0.0 218.00 48.00 266.00 OK
r-oldrel-windows-ix86+x86_64 2.0.0 151.00 2.00 153.00 ERROR

Check Details

Version: 2.0.0
Check: compiled code
Result: NOTE
    File ‘cda/libs/cda.so’:
     Found no calls to: ‘R_registerRoutines’, ‘R_useDynamicSymbols’
    
    It is good practice to register native routines and to disable symbol
    search.
    
    See ‘Writing portable packages’ in the ‘Writing R Extensions’ manual.
Flavors: r-devel-linux-x86_64-debian-clang, r-devel-linux-x86_64-debian-gcc

Version: 2.0.0
Flags: --no-stop-on-test-error
Check: installed package size
Result: NOTE
     installed size is 5.0Mb
     sub-directories of 1Mb or more:
     libs 4.7Mb
Flavors: r-devel-linux-x86_64-fedora-clang, r-devel-linux-x86_64-fedora-gcc

Version: 2.0.0
Flags: --no-stop-on-test-error
Check: compiled code
Result: NOTE
    File ‘cda/libs/cda.so’:
     Found no calls to: ‘R_registerRoutines’, ‘R_useDynamicSymbols’
    
    It is good practice to register native routines and to disable symbol
    search.
    
    See ‘Writing portable packages’ in the ‘Writing R Extensions’ manual.
Flavors: r-devel-linux-x86_64-fedora-clang, r-devel-linux-x86_64-fedora-gcc, r-devel-macos-x86_64-clang

Version: 2.0.0
Check: installed package size
Result: NOTE
     installed size is 5.8Mb
     sub-directories of 1Mb or more:
     libs 5.5Mb
Flavor: r-release-osx-x86_64-mavericks

Version: 2.0.0
Check: whether package can be installed
Result: ERROR
    Installation failed.
Flavor: r-oldrel-windows-ix86+x86_64