CRAN Package Check Results for Package cda

Last updated on 2014-12-21 07:48:19.

Flavor Version Tinstall Tcheck Ttotal Status Flags
r-devel-linux-x86_64-debian-clang 1.5.1 32.10 23.17 55.28 NOTE
r-devel-linux-x86_64-debian-gcc 1.5.1 38.72 22.49 61.22 NOTE
r-devel-linux-x86_64-fedora-clang 1.5.1 127.38 NOTE
r-devel-linux-x86_64-fedora-gcc 1.5.1 109.42 NOTE
r-devel-osx-x86_64-clang 1.5.1 75.46 NOTE
r-devel-windows-ix86+x86_64 1.5.1 113.00 51.00 164.00 NOTE
r-patched-linux-x86_64 1.5.1 39.78 23.40 63.18 NOTE
r-patched-solaris-sparc 1.5.1 795.20 NOTE
r-patched-solaris-x86 1.5.1 153.50 NOTE
r-release-linux-ix86 1.5.1 47.35 29.70 77.04 NOTE
r-release-linux-x86_64 1.5.1 38.33 23.30 61.63 NOTE
r-release-osx-x86_64-mavericks 1.5.1 NOTE
r-release-osx-x86_64-snowleopard 1.5.1 OK
r-release-windows-ix86+x86_64 1.5.1 119.00 57.00 176.00 NOTE
r-oldrel-windows-ix86+x86_64 1.5.1 114.00 59.00 173.00 OK

Check Details

Version: 1.5.1
Check: installed package size
Result: NOTE
     installed size is 5.6Mb
     sub-directories of 1Mb or more:
     libs 4.8Mb
Flavors: r-devel-linux-x86_64-debian-clang, r-devel-linux-x86_64-debian-gcc, r-devel-linux-x86_64-fedora-clang, r-devel-linux-x86_64-fedora-gcc, r-patched-linux-x86_64, r-patched-solaris-sparc, r-patched-solaris-x86, r-release-linux-ix86, r-release-linux-x86_64, r-release-osx-x86_64-mavericks

Version: 1.5.1
Check: R code for possible problems
Result: NOTE
    rgl.ellipsoid: no visible global function definition for ‘cube3d’
    rgl_annotate: no visible global function definition for ‘axes3d’
    rgl_annotate: no visible global function definition for ‘axis3d’
    rgl_annotate: no visible global function definition for ‘title3d’
Flavors: r-devel-linux-x86_64-debian-clang, r-devel-linux-x86_64-debian-gcc, r-devel-linux-x86_64-fedora-clang, r-devel-linux-x86_64-fedora-gcc, r-devel-osx-x86_64-clang, r-devel-windows-ix86+x86_64, r-patched-linux-x86_64, r-patched-solaris-sparc, r-patched-solaris-x86, r-release-linux-ix86, r-release-linux-x86_64, r-release-windows-ix86+x86_64