CRAN Package Check Results for Package cda

Last updated on 2015-01-26 17:47:36.

Flavor Version Tinstall Tcheck Ttotal Status Flags
r-devel-linux-x86_64-debian-clang 1.5.1 32.70 18.96 51.66 NOTE
r-devel-linux-x86_64-debian-gcc 1.5.1 38.37 18.41 56.78 NOTE
r-devel-linux-x86_64-fedora-clang 1.5.1 124.15 NOTE
r-devel-linux-x86_64-fedora-gcc 1.5.1 116.93 NOTE
r-devel-osx-x86_64-clang 1.5.1 69.21 NOTE
r-devel-windows-ix86+x86_64 1.5.1 145.00 52.00 197.00 NOTE
r-patched-linux-x86_64 1.5.1 40.29 22.82 63.11 NOTE
r-patched-solaris-sparc 1.5.1 795.00 NOTE
r-patched-solaris-x86 1.5.1 157.90 NOTE
r-release-linux-ix86 1.5.1 47.54 30.03 77.57 NOTE
r-release-linux-x86_64 1.5.1 40.29 23.00 63.29 NOTE
r-release-osx-x86_64-mavericks 1.5.1 NOTE
r-release-osx-x86_64-snowleopard 1.5.1 OK
r-release-windows-ix86+x86_64 1.5.1 114.00 61.00 175.00 NOTE
r-oldrel-windows-ix86+x86_64 1.5.1 163.00 85.00 248.00 OK

Check Details

Version: 1.5.1
Check: installed package size
Result: NOTE
     installed size is 5.6Mb
     sub-directories of 1Mb or more:
     libs 4.8Mb
Flavors: r-devel-linux-x86_64-debian-clang, r-devel-linux-x86_64-debian-gcc, r-devel-linux-x86_64-fedora-clang, r-devel-linux-x86_64-fedora-gcc, r-patched-linux-x86_64, r-patched-solaris-sparc, r-patched-solaris-x86, r-release-linux-ix86, r-release-linux-x86_64, r-release-osx-x86_64-mavericks

Version: 1.5.1
Check: R code for possible problems
Result: NOTE
    rgl.ellipsoid: no visible global function definition for ‘cube3d’
    rgl_annotate: no visible global function definition for ‘axes3d’
    rgl_annotate: no visible global function definition for ‘axis3d’
    rgl_annotate: no visible global function definition for ‘title3d’
Flavors: r-devel-linux-x86_64-debian-clang, r-devel-linux-x86_64-debian-gcc, r-devel-linux-x86_64-fedora-clang, r-devel-linux-x86_64-fedora-gcc, r-devel-osx-x86_64-clang, r-devel-windows-ix86+x86_64, r-patched-linux-x86_64, r-patched-solaris-sparc, r-patched-solaris-x86, r-release-linux-ix86, r-release-linux-x86_64, r-release-osx-x86_64-mavericks, r-release-windows-ix86+x86_64

Version: 1.5.1
Check: for GNU extensions in Makefiles
Result: NOTE
    GNU make is a SystemRequirements.
Flavors: r-devel-linux-x86_64-debian-clang, r-devel-linux-x86_64-debian-gcc, r-devel-linux-x86_64-fedora-clang, r-devel-linux-x86_64-fedora-gcc, r-devel-osx-x86_64-clang, r-devel-windows-ix86+x86_64, r-patched-linux-x86_64, r-patched-solaris-sparc, r-patched-solaris-x86, r-release-osx-x86_64-mavericks