CRAN Package Check Results for Package cda

Last updated on 2017-08-21 09:47:50.

Flavor Version Tinstall Tcheck Ttotal Status Flags
r-devel-linux-x86_64-debian-clang 2.0.0 80.86 18.37 99.23 NOTE
r-devel-linux-x86_64-debian-gcc 2.0.0 90.66 18.38 109.04 NOTE
r-devel-linux-x86_64-fedora-clang 2.0.0 208.71 NOTE
r-devel-linux-x86_64-fedora-gcc 2.0.0 215.77 NOTE
r-devel-windows-ix86+x86_64 2.0.0 243.00 56.00 299.00 OK
r-patched-linux-x86_64 2.0.0 88.28 18.79 107.07 NOTE
r-patched-solaris-x86 2.0.0 173.30 OK
r-release-linux-x86_64 2.0.0 88.11 18.39 106.50 NOTE
r-release-windows-ix86+x86_64 2.0.0 309.00 57.00 366.00 OK
r-release-osx-x86_64 2.0.0 OK
r-oldrel-windows-ix86+x86_64 2.0.0 225.00 51.00 276.00 OK
r-oldrel-osx-x86_64 2.0.0 NOTE

Check Details

Version: 2.0.0
Check: compiled code
Result: NOTE
    File ‘cda/libs/cda.so’:
     Found no calls to: ‘R_registerRoutines’, ‘R_useDynamicSymbols’
    
    It is good practice to register native routines and to disable symbol
    search.
    
    See ‘Writing portable packages’ in the ‘Writing R Extensions’ manual.
Flavors: r-devel-linux-x86_64-debian-clang, r-devel-linux-x86_64-debian-gcc, r-devel-linux-x86_64-fedora-clang, r-devel-linux-x86_64-fedora-gcc, r-patched-linux-x86_64, r-release-linux-x86_64

Version: 2.0.0
Check: installed package size
Result: NOTE
     installed size is 5.2Mb
     sub-directories of 1Mb or more:
     libs 4.9Mb
Flavors: r-devel-linux-x86_64-fedora-clang, r-devel-linux-x86_64-fedora-gcc, r-oldrel-osx-x86_64