CRAN Package Check Results for Package cda

Last updated on 2016-09-29 16:49:38.

Flavor Version Tinstall Tcheck Ttotal Status Flags
r-devel-linux-x86_64-debian-clang 2.0.0 78.16 16.76 94.92 OK
r-devel-linux-x86_64-debian-gcc 2.0.0 84.62 16.63 101.25 NOTE
r-devel-linux-x86_64-fedora-clang 2.0.0 185.91 OK
r-devel-linux-x86_64-fedora-gcc 2.0.0 188.31 NOTE
r-devel-macos-x86_64-clang 2.0.0 118.91 OK
r-devel-windows-ix86+x86_64 2.0.0 332.00 55.00 387.00 OK
r-patched-linux-x86_64 2.0.0 66.18 17.01 83.19 NOTE
r-patched-solaris-sparc 2.0.0 925.10 OK
r-patched-solaris-x86 2.0.0 157.60 OK
r-release-linux-x86_64 2.0.0 66.57 17.40 83.96 NOTE
r-release-osx-x86_64-mavericks 2.0.0 NOTE
r-release-windows-ix86+x86_64 2.0.0 303.00 50.00 353.00 OK
r-oldrel-windows-ix86+x86_64 2.0.0 147.00 2.00 149.00 ERROR

Check Details

Version: 2.0.0
Check: installed package size
Result: NOTE
     installed size is 8.1Mb
     sub-directories of 1Mb or more:
     libs 7.8Mb
Flavors: r-devel-linux-x86_64-debian-gcc, r-devel-linux-x86_64-fedora-gcc, r-patched-linux-x86_64, r-release-linux-x86_64, r-release-osx-x86_64-mavericks

Version: 2.0.0
Check: whether package can be installed
Result: ERROR
    Installation failed.
Flavor: r-oldrel-windows-ix86+x86_64