CRAN Package Check Results for Package cda

Last updated on 2017-03-23 15:48:17.

Flavor Version Tinstall Tcheck Ttotal Status Flags
r-devel-linux-x86_64-debian-clang 2.0.0 78.71 19.43 98.14 NOTE
r-devel-linux-x86_64-debian-gcc 2.0.0 85.57 18.44 104.01 NOTE
r-devel-linux-x86_64-fedora-clang 2.0.0 203.87 NOTE --no-stop-on-test-error
r-devel-linux-x86_64-fedora-gcc 2.0.0 200.51 NOTE --no-stop-on-test-error
r-devel-macos-x86_64-clang 2.0.0 123.18 NOTE --no-stop-on-test-error
r-devel-windows-ix86+x86_64 2.0.0 256.00 56.00 312.00 OK
r-patched-linux-x86_64 2.0.0 65.89 17.19 83.08 OK
r-patched-solaris-sparc 2.0.0 893.90 OK
r-patched-solaris-x86 2.0.0 184.80 OK
r-release-linux-x86_64 2.0.0 67.39 16.91 84.30 OK
r-release-osx-x86_64-mavericks 2.0.0 NOTE
r-release-windows-ix86+x86_64 2.0.0 307.00 69.00 376.00 OK
r-oldrel-windows-ix86+x86_64 2.0.0 133.00 2.00 135.00 ERROR

Check Details

Version: 2.0.0
Check: compiled code
Result: NOTE
    File ‘cda/libs/cda.so’:
     Found no calls to: ‘R_registerRoutines’, ‘R_useDynamicSymbols’
    
    It is good practice to register native routines and to disable symbol
    search.
    
    See ‘Writing portable packages’ in the ‘Writing R Extensions’ manual.
Flavors: r-devel-linux-x86_64-debian-clang, r-devel-linux-x86_64-debian-gcc

Version: 2.0.0
Flags: --no-stop-on-test-error
Check: installed package size
Result: NOTE
     installed size is 5.0Mb
     sub-directories of 1Mb or more:
     libs 4.7Mb
Flavors: r-devel-linux-x86_64-fedora-clang, r-devel-linux-x86_64-fedora-gcc

Version: 2.0.0
Flags: --no-stop-on-test-error
Check: compiled code
Result: NOTE
    File ‘cda/libs/cda.so’:
     Found no calls to: ‘R_registerRoutines’, ‘R_useDynamicSymbols’
    
    It is good practice to register native routines and to disable symbol
    search.
    
    See ‘Writing portable packages’ in the ‘Writing R Extensions’ manual.
Flavors: r-devel-linux-x86_64-fedora-clang, r-devel-linux-x86_64-fedora-gcc, r-devel-macos-x86_64-clang

Version: 2.0.0
Check: installed package size
Result: NOTE
     installed size is 5.8Mb
     sub-directories of 1Mb or more:
     libs 5.5Mb
Flavor: r-release-osx-x86_64-mavericks

Version: 2.0.0
Check: whether package can be installed
Result: ERROR
    Installation failed.
Flavor: r-oldrel-windows-ix86+x86_64