CRAN Package Check Results for Package cda

Last updated on 2017-01-19 11:47:47.

Flavor Version Tinstall Tcheck Ttotal Status Flags
r-devel-linux-x86_64-debian-clang 2.0.0 74.45 19.03 93.48 OK
r-devel-linux-x86_64-debian-gcc 2.0.0 86.24 18.36 104.60 OK
r-devel-linux-x86_64-fedora-clang 2.0.0 194.57 NOTE --no-stop-on-test-error
r-devel-linux-x86_64-fedora-gcc 2.0.0 197.40 NOTE --no-stop-on-test-error
r-devel-macos-x86_64-clang 2.0.0 122.37 OK --no-stop-on-test-error
r-devel-windows-ix86+x86_64 2.0.0 304.00 46.00 350.00 OK
r-patched-linux-x86_64 2.0.0 65.76 16.83 82.59 OK
r-patched-solaris-sparc 2.0.0 887.30 OK
r-patched-solaris-x86 2.0.0 176.10 OK
r-release-linux-x86_64 2.0.0 67.03 16.95 83.98 OK
r-release-osx-x86_64-mavericks 2.0.0 NOTE
r-release-windows-ix86+x86_64 2.0.0 225.00 43.00 268.00 OK
r-oldrel-windows-ix86+x86_64 2.0.0 97.00 2.00 99.00 ERROR

Check Details

Version: 2.0.0
Flags: --no-stop-on-test-error
Check: installed package size
Result: NOTE
     installed size is 5.0Mb
     sub-directories of 1Mb or more:
     libs 4.7Mb
Flavors: r-devel-linux-x86_64-fedora-clang, r-devel-linux-x86_64-fedora-gcc

Version: 2.0.0
Check: installed package size
Result: NOTE
     installed size is 5.8Mb
     sub-directories of 1Mb or more:
     libs 5.5Mb
Flavor: r-release-osx-x86_64-mavericks

Version: 2.0.0
Check: whether package can be installed
Result: ERROR
    Installation failed.
Flavor: r-oldrel-windows-ix86+x86_64