CRAN Package Check Results for Package cdb

Last updated on 2017-07-24 10:46:37.

Flavor Version Tinstall Tcheck Ttotal Status Flags
r-devel-linux-x86_64-debian-clang 0.0.1 0.64 16.41 17.05 NOTE
r-devel-linux-x86_64-debian-gcc 0.0.1 0.64 16.33 16.97 NOTE
r-devel-linux-x86_64-fedora-clang 0.0.1 17.38 NOTE
r-devel-linux-x86_64-fedora-gcc 0.0.1 17.70 NOTE
r-devel-windows-ix86+x86_64 0.0.1 3.00 36.00 39.00 NOTE
r-patched-linux-x86_64 0.0.1 0.60 16.59 17.19 NOTE
r-patched-solaris-x86 0.0.1 26.80 NOTE
r-release-linux-x86_64 0.0.1 0.60 16.06 16.66 NOTE
r-release-windows-ix86+x86_64 0.0.1 2.00 24.00 26.00 NOTE
r-release-osx-x86_64 0.0.1 NOTE
r-oldrel-windows-ix86+x86_64 0.0.1 2.00 24.00 26.00 NOTE
r-oldrel-osx-x86_64 0.0.1 NOTE

Check Details

Version: 0.0.1
Check: dependencies in R code
Result: NOTE
    'library' or 'require' call to ‘bitops’ which was already attached by Depends.
     Please remove these calls from your code.
Flavors: r-devel-linux-x86_64-debian-clang, r-devel-linux-x86_64-debian-gcc, r-devel-linux-x86_64-fedora-clang, r-devel-linux-x86_64-fedora-gcc, r-devel-windows-ix86+x86_64, r-patched-linux-x86_64, r-patched-solaris-x86, r-release-linux-x86_64, r-release-windows-ix86+x86_64, r-release-osx-x86_64, r-oldrel-windows-ix86+x86_64, r-oldrel-osx-x86_64