CRAN Package Check Results for Package cdb

Last updated on 2014-12-21 11:46:30.

Flavor Version Tinstall Tcheck Ttotal Status Flags
r-devel-linux-x86_64-debian-clang 0.0.1 0.60 9.79 10.39 NOTE
r-devel-linux-x86_64-debian-gcc 0.0.1 0.54 9.04 9.58 NOTE
r-devel-linux-x86_64-fedora-clang 0.0.1 20.87 NOTE
r-devel-linux-x86_64-fedora-gcc 0.0.1 18.91 NOTE
r-devel-osx-x86_64-clang 0.0.1 22.68 NOTE
r-devel-windows-ix86+x86_64 0.0.1 4.00 21.00 25.00 NOTE
r-patched-linux-x86_64 0.0.1 0.60 9.18 9.78 NOTE
r-patched-solaris-sparc 0.0.1 117.80 NOTE
r-patched-solaris-x86 0.0.1 29.30 NOTE
r-release-linux-ix86 0.0.1 0.82 13.90 14.72 NOTE
r-release-linux-x86_64 0.0.1 0.65 8.97 9.62 NOTE
r-release-osx-x86_64-mavericks 0.0.1 NOTE
r-release-windows-ix86+x86_64 0.0.1 2.00 18.00 20.00 NOTE
r-oldrel-windows-ix86+x86_64 0.0.1 2.00 19.00 21.00 NOTE

Check Details

Version: 0.0.1
Check: dependencies in R code
Result: NOTE
    'library' or 'require' call to ‘bitops’ which was already attached by Depends.
     Please remove these calls from your code.
    See the information on DESCRIPTION files in the chapter ‘Creating R
    packages’ of the ‘Writing R Extensions’ manual.
Flavors: r-devel-linux-x86_64-debian-clang, r-devel-linux-x86_64-debian-gcc, r-devel-linux-x86_64-fedora-clang, r-devel-linux-x86_64-fedora-gcc, r-devel-osx-x86_64-clang, r-devel-windows-ix86+x86_64, r-patched-linux-x86_64, r-patched-solaris-sparc, r-patched-solaris-x86, r-release-linux-ix86, r-release-linux-x86_64, r-release-osx-x86_64-mavericks, r-release-windows-ix86+x86_64, r-oldrel-windows-ix86+x86_64