CRAN Package Check Results for Package cdb

Last updated on 2018-04-22 00:46:26 CEST.

Flavor Version Tinstall Tcheck Ttotal Status Flags
r-devel-linux-x86_64-debian-clang 0.0.1 0.87 15.62 16.49 NOTE
r-devel-linux-x86_64-debian-gcc 0.0.1 0.73 12.54 13.27 NOTE
r-devel-linux-x86_64-fedora-clang 0.0.1 20.69 NOTE
r-devel-linux-x86_64-fedora-gcc 0.0.1 18.48 NOTE
r-devel-windows-ix86+x86_64 0.0.1 2.00 37.00 39.00 NOTE
r-devel-osx-x86_64 0.0.1 NOTE
r-patched-linux-x86_64 0.0.1 0.62 15.33 15.95 NOTE
r-patched-solaris-x86 0.0.1 31.00 NOTE
r-release-linux-x86_64 0.0.1 0.81 14.54 15.35 NOTE
r-release-windows-ix86+x86_64 0.0.1 2.00 25.00 27.00 NOTE
r-release-osx-x86_64 0.0.1 NOTE
r-oldrel-windows-ix86+x86_64 0.0.1 2.00 24.00 26.00 NOTE

Check Details

Version: 0.0.1
Check: dependencies in R code
Result: NOTE
    'library' or 'require' call to ‘bitops’ which was already attached by Depends.
     Please remove these calls from your code.
Flavors: r-devel-linux-x86_64-debian-clang, r-devel-linux-x86_64-debian-gcc, r-devel-linux-x86_64-fedora-clang, r-devel-linux-x86_64-fedora-gcc, r-devel-windows-ix86+x86_64, r-devel-osx-x86_64, r-patched-linux-x86_64, r-patched-solaris-x86, r-release-linux-x86_64, r-release-windows-ix86+x86_64, r-release-osx-x86_64, r-oldrel-windows-ix86+x86_64