CRAN Package Check Results for Package cdb

Last updated on 2016-12-07 08:47:45.

Flavor Version Tinstall Tcheck Ttotal Status Flags
r-devel-linux-x86_64-debian-clang 0.0.1 0.64 10.54 11.18 NOTE
r-devel-linux-x86_64-debian-gcc 0.0.1 0.68 10.56 11.24 NOTE
r-devel-linux-x86_64-fedora-clang 0.0.1 18.06 NOTE --no-stop-on-test-error
r-devel-linux-x86_64-fedora-gcc 0.0.1 16.77 NOTE --no-stop-on-test-error
r-devel-macos-x86_64-clang 0.0.1 16.17 NOTE
r-devel-windows-ix86+x86_64 0.0.1 4.00 33.00 37.00 NOTE
r-patched-linux-x86_64 0.0.1 0.50 8.70 9.20 NOTE
r-patched-solaris-sparc 0.0.1 93.30 NOTE
r-patched-solaris-x86 0.0.1 21.90 NOTE
r-release-linux-x86_64 0.0.1 0.59 8.85 9.44 NOTE
r-release-osx-x86_64-mavericks 0.0.1 NOTE
r-release-windows-ix86+x86_64 0.0.1 2.00 24.00 26.00 NOTE
r-oldrel-windows-ix86+x86_64 0.0.1 2.00 22.00 24.00 NOTE

Check Details

Version: 0.0.1
Check: dependencies in R code
Result: NOTE
    'library' or 'require' call to ‘bitops’ which was already attached by Depends.
     Please remove these calls from your code.
Flavors: r-devel-linux-x86_64-debian-clang, r-devel-linux-x86_64-debian-gcc, r-devel-macos-x86_64-clang, r-devel-windows-ix86+x86_64, r-patched-linux-x86_64, r-patched-solaris-sparc, r-patched-solaris-x86, r-release-linux-x86_64, r-release-osx-x86_64-mavericks, r-release-windows-ix86+x86_64, r-oldrel-windows-ix86+x86_64

Version: 0.0.1
Flags: --no-stop-on-test-error
Check: dependencies in R code
Result: NOTE
    'library' or 'require' call to ‘bitops’ which was already attached by Depends.
     Please remove these calls from your code.
Flavors: r-devel-linux-x86_64-fedora-clang, r-devel-linux-x86_64-fedora-gcc