CRAN Package Check Results for Package cdb

Last updated on 2016-06-25 09:47:07.

Flavor Version Tinstall Tcheck Ttotal Status Flags
r-devel-linux-x86_64-debian-gcc 0.0.1 0.58 8.99 9.57 NOTE
r-devel-linux-x86_64-fedora-clang 0.0.1 14.12 NOTE
r-devel-linux-x86_64-fedora-gcc 0.0.1 13.56 NOTE
r-devel-osx-x86_64-clang 0.0.1 13.52 NOTE
r-devel-windows-ix86+x86_64 0.0.1 2.00 23.00 25.00 NOTE
r-patched-linux-x86_64 0.0.1 0.52 9.42 9.94 NOTE
r-patched-solaris-sparc 0.0.1 93.30 NOTE
r-patched-solaris-x86 0.0.1 22.60 NOTE
r-release-linux-x86_64 0.0.1 0.60 9.59 10.19 NOTE
r-release-osx-x86_64-mavericks 0.0.1 NOTE
r-release-windows-ix86+x86_64 0.0.1 2.00 30.00 32.00 NOTE
r-oldrel-windows-ix86+x86_64 0.0.1 3.00 16.00 19.00 NOTE

Check Details

Version: 0.0.1
Check: dependencies in R code
Result: NOTE
    'library' or 'require' call to ‘bitops’ which was already attached by Depends.
     Please remove these calls from your code.
Flavors: r-devel-linux-x86_64-debian-gcc, r-devel-linux-x86_64-fedora-clang, r-devel-linux-x86_64-fedora-gcc, r-devel-osx-x86_64-clang, r-devel-windows-ix86+x86_64, r-patched-linux-x86_64, r-patched-solaris-sparc, r-patched-solaris-x86, r-release-linux-x86_64, r-release-osx-x86_64-mavericks, r-release-windows-ix86+x86_64, r-oldrel-windows-ix86+x86_64