CRAN Package Check Results for Package cdb

Last updated on 2018-02-23 22:47:49 CET.

Flavor Version Tinstall Tcheck Ttotal Status Flags
r-devel-linux-x86_64-debian-clang 0.0.1 0.85 15.38 16.23 NOTE
r-devel-linux-x86_64-debian-gcc 0.0.1 0.57 12.40 12.97 NOTE
r-devel-linux-x86_64-fedora-clang 0.0.1 19.68 NOTE
r-devel-linux-x86_64-fedora-gcc 0.0.1 18.70 NOTE
r-devel-windows-ix86+x86_64 0.0.1 4.00 26.00 30.00 NOTE
r-patched-linux-x86_64 0.0.1 0.71 14.49 15.20 NOTE
r-patched-solaris-x86 0.0.1 25.70 NOTE
r-release-linux-x86_64 0.0.1 0.71 14.50 15.21 NOTE
r-release-windows-ix86+x86_64 0.0.1 2.00 25.00 27.00 NOTE
r-release-osx-x86_64 0.0.1 NOTE
r-oldrel-windows-ix86+x86_64 0.0.1 2.00 24.00 26.00 NOTE
r-oldrel-osx-x86_64 0.0.1 NOTE

Check Details

Version: 0.0.1
Check: dependencies in R code
Result: NOTE
    'library' or 'require' call to ‘bitops’ which was already attached by Depends.
     Please remove these calls from your code.
Flavors: r-devel-linux-x86_64-debian-clang, r-devel-linux-x86_64-debian-gcc, r-devel-linux-x86_64-fedora-clang, r-devel-linux-x86_64-fedora-gcc, r-devel-windows-ix86+x86_64, r-patched-linux-x86_64, r-patched-solaris-x86, r-release-linux-x86_64, r-release-windows-ix86+x86_64, r-release-osx-x86_64, r-oldrel-windows-ix86+x86_64, r-oldrel-osx-x86_64