CRAN Package Check Results for Package cdb

Last updated on 2015-05-27 19:47:03.

Flavor Version Tinstall Tcheck Ttotal Status Flags
r-devel-linux-x86_64-debian-clang 0.0.1 0.53 8.84 9.37 NOTE
r-devel-linux-x86_64-debian-gcc 0.0.1 0.51 8.54 9.05 NOTE
r-devel-linux-x86_64-fedora-clang 0.0.1 17.28 NOTE
r-devel-linux-x86_64-fedora-gcc 0.0.1 16.35 NOTE
r-devel-osx-x86_64-clang 0.0.1 21.38 NOTE
r-devel-windows-ix86+x86_64 0.0.1 3.00 16.00 19.00 NOTE
r-patched-linux-x86_64 0.0.1 0.52 8.14 8.66 NOTE
r-patched-solaris-sparc 0.0.1 116.90 NOTE
r-patched-solaris-x86 0.0.1 25.40 NOTE
r-release-linux-x86_64 0.0.1 0.56 8.79 9.35 NOTE
r-release-osx-x86_64-mavericks 0.0.1 NOTE
r-release-osx-x86_64-snowleopard 0.0.1 NOTE
r-release-windows-ix86+x86_64 0.0.1 2.00 17.00 19.00 NOTE
r-oldrel-windows-ix86+x86_64 0.0.1 4.00 19.00 23.00 NOTE

Check Details

Version: 0.0.1
Check: dependencies in R code
Result: NOTE
    'library' or 'require' call to ‘bitops’ which was already attached by Depends.
     Please remove these calls from your code.
Flavors: r-devel-linux-x86_64-debian-clang, r-devel-linux-x86_64-debian-gcc, r-devel-linux-x86_64-fedora-clang, r-devel-linux-x86_64-fedora-gcc, r-devel-osx-x86_64-clang, r-devel-windows-ix86+x86_64, r-patched-linux-x86_64, r-patched-solaris-sparc, r-patched-solaris-x86, r-release-linux-x86_64, r-release-osx-x86_64-mavericks, r-release-osx-x86_64-snowleopard, r-release-windows-ix86+x86_64, r-oldrel-windows-ix86+x86_64