CRAN Package Check Results for Package cdb

Last updated on 2017-11-24 22:50:55 CET.

Flavor Version Tinstall Tcheck Ttotal Status Flags
r-devel-linux-x86_64-debian-clang 0.0.1 0.70 28.99 29.69 NOTE
r-devel-linux-x86_64-debian-gcc 0.0.1 0.63 28.58 29.22 NOTE
r-devel-linux-x86_64-fedora-clang 0.0.1 16.85 NOTE
r-devel-linux-x86_64-fedora-gcc 0.0.1 15.91 NOTE
r-devel-windows-ix86+x86_64 0.0.1 3.00 25.00 28.00 NOTE
r-patched-linux-x86_64 0.0.1 0.89 30.97 31.86 NOTE
r-patched-solaris-x86 0.0.1 27.10 NOTE
r-release-linux-x86_64 0.0.1 0.90 29.70 30.60 NOTE
r-release-windows-ix86+x86_64 0.0.1 2.00 25.00 27.00 NOTE
r-release-osx-x86_64 0.0.1 NOTE
r-oldrel-windows-ix86+x86_64 0.0.1 2.00 24.00 26.00 NOTE
r-oldrel-osx-x86_64 0.0.1 NOTE

Check Details

Version: 0.0.1
Check: dependencies in R code
Result: NOTE
    'library' or 'require' call to ‘bitops’ which was already attached by Depends.
     Please remove these calls from your code.
Flavors: r-devel-linux-x86_64-debian-clang, r-devel-linux-x86_64-debian-gcc, r-devel-linux-x86_64-fedora-clang, r-devel-linux-x86_64-fedora-gcc, r-devel-windows-ix86+x86_64, r-patched-linux-x86_64, r-patched-solaris-x86, r-release-linux-x86_64, r-release-windows-ix86+x86_64, r-release-osx-x86_64, r-oldrel-windows-ix86+x86_64, r-oldrel-osx-x86_64