CRAN Package Check Results for Package cdb

Last updated on 2015-04-01 08:50:00.

Flavor Version Tinstall Tcheck Ttotal Status Flags
r-devel-linux-x86_64-debian-clang 0.0.1 0.57 8.37 8.94 NOTE
r-devel-linux-x86_64-debian-gcc 0.0.1 0.58 8.72 9.30 NOTE
r-devel-linux-x86_64-fedora-clang 0.0.1 17.63 NOTE
r-devel-linux-x86_64-fedora-gcc 0.0.1 16.49 NOTE
r-devel-osx-x86_64-clang 0.0.1 23.22 NOTE
r-prerel-windows-ix86+x86_64 0.0.1 4.00 16.00 20.00 NOTE
r-prerel-linux-x86_64 0.0.1 0.53 8.38 8.90 NOTE
r-prerel-solaris-sparc 0.0.1 113.10 NOTE
r-prerel-solaris-x86 0.0.1 24.70 NOTE
r-release-linux-x86_64 0.0.1 0.56 9.62 10.17 NOTE
r-release-osx-x86_64-mavericks 0.0.1 NOTE
r-release-windows-ix86+x86_64 0.0.1 4.00 19.00 23.00 NOTE
r-oldrel-windows-ix86+x86_64 0.0.1 2.00 19.00 21.00 NOTE

Check Details

Version: 0.0.1
Check: dependencies in R code
Result: NOTE
    'library' or 'require' call to ‘bitops’ which was already attached by Depends.
     Please remove these calls from your code.
Flavors: r-devel-linux-x86_64-debian-clang, r-devel-linux-x86_64-debian-gcc, r-devel-linux-x86_64-fedora-clang, r-devel-linux-x86_64-fedora-gcc, r-devel-osx-x86_64-clang, r-prerel-windows-ix86+x86_64, r-prerel-linux-x86_64, r-prerel-solaris-sparc, r-prerel-solaris-x86, r-release-linux-x86_64, r-release-windows-ix86+x86_64

Version: 0.0.1
Check: dependencies in R code
Result: NOTE
    'library' or 'require' call to ‘bitops’ which was already attached by Depends.
     Please remove these calls from your code.
    See the information on DESCRIPTION files in the chapter ‘Creating R
    packages’ of the ‘Writing R Extensions’ manual.
Flavors: r-release-osx-x86_64-mavericks, r-oldrel-windows-ix86+x86_64