CRAN Package Check Results for Package cdb

Last updated on 2017-09-21 05:48:20.

Flavor Version Tinstall Tcheck Ttotal Status Flags
r-devel-linux-x86_64-debian-clang 0.0.1 0.65 10.47 11.12 NOTE
r-devel-linux-x86_64-debian-gcc 0.0.1 0.54 11.29 11.83 NOTE
r-devel-linux-x86_64-fedora-clang 0.0.1 18.06 NOTE
r-devel-linux-x86_64-fedora-gcc 0.0.1 17.41 NOTE
r-devel-windows-ix86+x86_64 0.0.1 3.00 28.00 31.00 NOTE
r-patched-linux-x86_64 0.0.1 0.62 10.77 11.39 NOTE
r-patched-solaris-x86 0.0.1 26.90 NOTE
r-release-linux-x86_64 0.0.1 0.57 10.73 11.30 NOTE
r-release-windows-ix86+x86_64 0.0.1 2.00 25.00 27.00 NOTE
r-release-osx-x86_64 0.0.1 NOTE
r-oldrel-windows-ix86+x86_64 0.0.1 2.00 24.00 26.00 NOTE
r-oldrel-osx-x86_64 0.0.1 NOTE

Check Details

Version: 0.0.1
Check: dependencies in R code
Result: NOTE
    'library' or 'require' call to ‘bitops’ which was already attached by Depends.
     Please remove these calls from your code.
Flavors: r-devel-linux-x86_64-debian-clang, r-devel-linux-x86_64-debian-gcc, r-devel-linux-x86_64-fedora-clang, r-devel-linux-x86_64-fedora-gcc, r-devel-windows-ix86+x86_64, r-patched-linux-x86_64, r-patched-solaris-x86, r-release-linux-x86_64, r-release-windows-ix86+x86_64, r-release-osx-x86_64, r-oldrel-windows-ix86+x86_64, r-oldrel-osx-x86_64