CRAN Package Check Results for Package cdb

Last updated on 2015-08-02 06:47:49.

Flavor Version Tinstall Tcheck Ttotal Status Flags
r-devel-linux-x86_64-debian-clang 0.0.1 0.48 8.05 8.53 NOTE
r-devel-linux-x86_64-debian-gcc 0.0.1 0.56 8.12 8.68 NOTE
r-devel-linux-x86_64-fedora-clang 0.0.1 16.20 NOTE
r-devel-linux-x86_64-fedora-gcc 0.0.1 15.51 NOTE
r-devel-osx-x86_64-clang 0.0.1 17.22 NOTE
r-devel-windows-ix86+x86_64 0.0.1 2.00 17.00 19.00 NOTE
r-patched-linux-x86_64 0.0.1 0.53 8.48 9.01 NOTE
r-patched-solaris-sparc 0.0.1 110.80 NOTE
r-patched-solaris-x86 0.0.1 25.40 NOTE
r-release-linux-x86_64 0.0.1 0.56 8.48 9.04 NOTE
r-release-osx-x86_64-mavericks 0.0.1 NOTE
r-release-windows-ix86+x86_64 0.0.1 2.00 15.00 17.00 NOTE
r-oldrel-windows-ix86+x86_64 0.0.1 4.00 19.00 23.00 NOTE

Check Details

Version: 0.0.1
Check: dependencies in R code
Result: NOTE
    'library' or 'require' call to ‘bitops’ which was already attached by Depends.
     Please remove these calls from your code.
Flavors: r-devel-linux-x86_64-debian-clang, r-devel-linux-x86_64-debian-gcc, r-devel-linux-x86_64-fedora-clang, r-devel-linux-x86_64-fedora-gcc, r-devel-osx-x86_64-clang, r-devel-windows-ix86+x86_64, r-patched-linux-x86_64, r-patched-solaris-sparc, r-patched-solaris-x86, r-release-linux-x86_64, r-release-osx-x86_64-mavericks, r-release-windows-ix86+x86_64, r-oldrel-windows-ix86+x86_64