CRAN Package Check Results for Package cdb

Last updated on 2015-03-05 17:49:00.

Flavor Version Tinstall Tcheck Ttotal Status Flags
r-devel-linux-x86_64-debian-clang 0.0.1 0.54 8.54 9.08 NOTE
r-devel-linux-x86_64-debian-gcc 0.0.1 0.52 8.16 8.67 NOTE
r-devel-linux-x86_64-fedora-clang 0.0.1 16.98 NOTE
r-devel-linux-x86_64-fedora-gcc 0.0.1 15.91 NOTE
r-devel-osx-x86_64-clang 0.0.1 21.63 NOTE
r-devel-windows-ix86+x86_64 0.0.1 3.00 16.00 19.00 NOTE
r-patched-linux-x86_64 0.0.1 0.56 9.38 9.94 NOTE
r-patched-solaris-sparc 0.0.1 109.60 NOTE
r-patched-solaris-x86 0.0.1 29.10 NOTE
r-release-linux-ix86 0.0.1 0.81 15.07 15.88 NOTE
r-release-linux-x86_64 0.0.1 0.56 9.26 9.82 NOTE
r-release-osx-x86_64-mavericks 0.0.1 NOTE
r-release-windows-ix86+x86_64 0.0.1 2.00 18.00 20.00 NOTE
r-oldrel-windows-ix86+x86_64 0.0.1 2.00 19.00 21.00 NOTE

Check Details

Version: 0.0.1
Check: dependencies in R code
Result: NOTE
    'library' or 'require' call to ‘bitops’ which was already attached by Depends.
     Please remove these calls from your code.
Flavors: r-devel-linux-x86_64-debian-clang, r-devel-linux-x86_64-debian-gcc, r-devel-linux-x86_64-fedora-clang, r-devel-linux-x86_64-fedora-gcc, r-devel-osx-x86_64-clang, r-devel-windows-ix86+x86_64, r-patched-linux-x86_64, r-patched-solaris-sparc, r-patched-solaris-x86

Version: 0.0.1
Check: dependencies in R code
Result: NOTE
    'library' or 'require' call to ‘bitops’ which was already attached by Depends.
     Please remove these calls from your code.
    See the information on DESCRIPTION files in the chapter ‘Creating R
    packages’ of the ‘Writing R Extensions’ manual.
Flavors: r-release-linux-ix86, r-release-linux-x86_64, r-release-osx-x86_64-mavericks, r-release-windows-ix86+x86_64, r-oldrel-windows-ix86+x86_64