CRAN Package Check Results for Package cdb

Last updated on 2015-02-01 19:49:58.

Flavor Version Tinstall Tcheck Ttotal Status Flags
r-devel-linux-x86_64-debian-clang 0.0.1 0.58 8.84 9.42 NOTE
r-devel-linux-x86_64-debian-gcc 0.0.1 0.52 8.23 8.76 NOTE
r-devel-linux-x86_64-fedora-clang 0.0.1 17.61 NOTE
r-devel-linux-x86_64-fedora-gcc 0.0.1 16.06 NOTE
r-devel-osx-x86_64-clang 0.0.1 25.57 NOTE
r-devel-windows-ix86+x86_64 0.0.1 3.00 18.00 21.00 NOTE
r-patched-linux-x86_64 0.0.1 0.58 10.00 10.58 NOTE
r-patched-solaris-sparc 0.0.1 117.60 NOTE
r-patched-solaris-x86 0.0.1 29.00 NOTE
r-release-linux-ix86 0.0.1 0.83 14.61 15.44 NOTE
r-release-linux-x86_64 0.0.1 0.56 9.57 10.14 NOTE
r-release-osx-x86_64-mavericks 0.0.1 NOTE
r-release-windows-ix86+x86_64 0.0.1 2.00 18.00 20.00 NOTE
r-oldrel-windows-ix86+x86_64 0.0.1 2.00 19.00 21.00 NOTE

Check Details

Version: 0.0.1
Check: dependencies in R code
Result: NOTE
    'library' or 'require' call to ‘bitops’ which was already attached by Depends.
     Please remove these calls from your code.
Flavors: r-devel-linux-x86_64-debian-clang, r-devel-linux-x86_64-debian-gcc, r-devel-linux-x86_64-fedora-clang, r-devel-linux-x86_64-fedora-gcc, r-devel-osx-x86_64-clang, r-devel-windows-ix86+x86_64

Version: 0.0.1
Check: dependencies in R code
Result: NOTE
    'library' or 'require' call to ‘bitops’ which was already attached by Depends.
     Please remove these calls from your code.
    See the information on DESCRIPTION files in the chapter ‘Creating R
    packages’ of the ‘Writing R Extensions’ manual.
Flavors: r-patched-linux-x86_64, r-patched-solaris-sparc, r-patched-solaris-x86, r-release-linux-ix86, r-release-linux-x86_64, r-release-osx-x86_64-mavericks, r-release-windows-ix86+x86_64, r-oldrel-windows-ix86+x86_64