CRAN Package Check Results for Package cdb

Last updated on 2015-07-01 16:47:15.

Flavor Version Tinstall Tcheck Ttotal Status Flags
r-devel-linux-x86_64-debian-clang 0.0.1 0.51 7.96 8.47 NOTE
r-devel-linux-x86_64-debian-gcc 0.0.1 0.52 7.72 8.24 NOTE
r-devel-linux-x86_64-fedora-clang 0.0.1 15.38 NOTE
r-devel-linux-x86_64-fedora-gcc 0.0.1 14.43 NOTE
r-devel-osx-x86_64-clang 0.0.1 18.22 NOTE
r-devel-windows-ix86+x86_64 0.0.1 4.00 15.00 19.00 NOTE
r-patched-linux-x86_64 0.0.1 0.52 8.26 8.78 NOTE
r-patched-solaris-sparc 0.0.1 116.90 NOTE
r-patched-solaris-x86 0.0.1 25.60 NOTE
r-release-linux-x86_64 0.0.1 0.52 8.79 9.31 NOTE
r-release-osx-x86_64-mavericks 0.0.1 NOTE
r-release-windows-ix86+x86_64 0.0.1 2.00 15.00 17.00 NOTE
r-oldrel-windows-ix86+x86_64 0.0.1 4.00 19.00 23.00 NOTE

Check Details

Version: 0.0.1
Check: dependencies in R code
Result: NOTE
    'library' or 'require' call to ‘bitops’ which was already attached by Depends.
     Please remove these calls from your code.
Flavors: r-devel-linux-x86_64-debian-clang, r-devel-linux-x86_64-debian-gcc, r-devel-linux-x86_64-fedora-clang, r-devel-linux-x86_64-fedora-gcc, r-devel-osx-x86_64-clang, r-devel-windows-ix86+x86_64, r-patched-linux-x86_64, r-patched-solaris-sparc, r-patched-solaris-x86, r-release-linux-x86_64, r-release-osx-x86_64-mavericks, r-release-windows-ix86+x86_64, r-oldrel-windows-ix86+x86_64