CRAN Package Check Results for Package cdb

Last updated on 2017-01-23 10:47:09.

Flavor Version Tinstall Tcheck Ttotal Status Flags
r-devel-linux-x86_64-debian-clang 0.0.1 0.61 11.03 11.64 NOTE
r-devel-linux-x86_64-debian-gcc 0.0.1 0.63 10.29 10.92 NOTE
r-devel-linux-x86_64-fedora-clang 0.0.1 17.07 NOTE --no-stop-on-test-error
r-devel-linux-x86_64-fedora-gcc 0.0.1 16.38 NOTE --no-stop-on-test-error
r-devel-macos-x86_64-clang 0.0.1 15.63 NOTE --no-stop-on-test-error
r-devel-windows-ix86+x86_64 0.0.1 2.00 24.00 26.00 NOTE
r-patched-linux-x86_64 0.0.1 0.67 9.09 9.76 NOTE
r-patched-solaris-sparc 0.0.1 97.20 NOTE
r-patched-solaris-x86 0.0.1 21.70 NOTE
r-release-linux-x86_64 0.0.1 0.52 8.72 9.24 NOTE
r-release-osx-x86_64-mavericks 0.0.1 NOTE
r-release-windows-ix86+x86_64 0.0.1 2.00 24.00 26.00 NOTE
r-oldrel-windows-ix86+x86_64 0.0.1 2.00 22.00 24.00 NOTE

Check Details

Version: 0.0.1
Check: dependencies in R code
Result: NOTE
    'library' or 'require' call to ‘bitops’ which was already attached by Depends.
     Please remove these calls from your code.
Flavors: r-devel-linux-x86_64-debian-clang, r-devel-linux-x86_64-debian-gcc, r-devel-windows-ix86+x86_64, r-patched-linux-x86_64, r-patched-solaris-sparc, r-patched-solaris-x86, r-release-linux-x86_64, r-release-osx-x86_64-mavericks, r-release-windows-ix86+x86_64, r-oldrel-windows-ix86+x86_64

Version: 0.0.1
Flags: --no-stop-on-test-error
Check: dependencies in R code
Result: NOTE
    'library' or 'require' call to ‘bitops’ which was already attached by Depends.
     Please remove these calls from your code.
Flavors: r-devel-linux-x86_64-fedora-clang, r-devel-linux-x86_64-fedora-gcc, r-devel-macos-x86_64-clang