CRAN Package Check Results for Package cdb

Last updated on 2014-04-19 05:47:42.

Flavor Version Tinstall Tcheck Ttotal Status Flags
r-devel-linux-x86_64-debian-clang 0.0.1 0.54 8.85 9.39 NOTE
r-devel-linux-x86_64-debian-gcc 0.0.1 0.56 8.78 9.33 NOTE
r-devel-linux-x86_64-fedora-clang 0.0.1 18.76 NOTE
r-devel-linux-x86_64-fedora-gcc 0.0.1 17.83 NOTE
r-devel-macosx-x86_64-clang 0.0.1 20.47 NOTE
r-devel-macosx-x86_64-gcc 0.0.1 NOTE
r-devel-windows-ix86+x86_64 0.0.1 2.00 21.00 23.00 NOTE
r-patched-linux-x86_64 0.0.1 0.56 8.87 9.42 NOTE
r-patched-solaris-sparc 0.0.1 106.90 NOTE
r-patched-solaris-x86 0.0.1 27.10 NOTE
r-release-linux-ix86 0.0.1 1.00 21.00 22.00 NOTE
r-release-linux-x86_64 0.0.1 0.53 8.87 9.40 NOTE
r-release-windows-ix86+x86_64 0.0.1 5.00 21.00 26.00 NOTE
r-oldrel-windows-ix86+x86_64 0.0.1 2.00 19.00 21.00 NOTE

Check Details

Version: 0.0.1
Check: dependencies in R code
Result: NOTE
    'library' or 'require' call to ‘bitops’ which was already attached by Depends.
     Please remove these calls from your code.
    See the information on DESCRIPTION files in the chapter ‘Creating R
    packages’ of the ‘Writing R Extensions’ manual.
Flavors: r-devel-linux-x86_64-debian-clang, r-devel-linux-x86_64-debian-gcc, r-devel-linux-x86_64-fedora-clang, r-devel-linux-x86_64-fedora-gcc, r-devel-macosx-x86_64-clang, r-devel-macosx-x86_64-gcc, r-devel-windows-ix86+x86_64, r-patched-linux-x86_64, r-patched-solaris-sparc, r-patched-solaris-x86, r-release-linux-ix86, r-release-linux-x86_64, r-release-windows-ix86+x86_64, r-oldrel-windows-ix86+x86_64