CRAN Package Check Results for Package cdb

Last updated on 2016-05-01 11:47:06.

Flavor Version Tinstall Tcheck Ttotal Status Flags
r-devel-linux-x86_64-debian-gcc 0.0.1 0.54 8.75 9.30 NOTE
r-devel-linux-x86_64-fedora-clang 0.0.1 14.23 NOTE
r-devel-linux-x86_64-fedora-gcc 0.0.1 13.29 NOTE
r-devel-osx-x86_64-clang 0.0.1 17.00 NOTE
r-devel-windows-ix86+x86_64 0.0.1 2.00 24.00 26.00 NOTE
r-patched-linux-x86_64 0.0.1 0.50 8.67 9.17 NOTE
r-patched-solaris-sparc 0.0.1 91.30 NOTE
r-patched-solaris-x86 0.0.1 22.50 NOTE
r-release-linux-x86_64 0.0.1 0.65 9.65 10.30 NOTE
r-release-osx-x86_64-mavericks 0.0.1 NOTE
r-release-windows-ix86+x86_64 0.0.1 3.00 16.00 19.00 NOTE
r-oldrel-windows-ix86+x86_64 0.0.1 4.00 19.00 23.00 NOTE

Check Details

Version: 0.0.1
Check: dependencies in R code
Result: NOTE
    'library' or 'require' call to ‘bitops’ which was already attached by Depends.
     Please remove these calls from your code.
Flavors: r-devel-linux-x86_64-debian-gcc, r-devel-linux-x86_64-fedora-clang, r-devel-linux-x86_64-fedora-gcc, r-devel-osx-x86_64-clang, r-devel-windows-ix86+x86_64, r-patched-linux-x86_64, r-patched-solaris-sparc, r-patched-solaris-x86, r-release-linux-x86_64, r-release-osx-x86_64-mavericks, r-release-windows-ix86+x86_64, r-oldrel-windows-ix86+x86_64