CRAN Package Check Results for Package cdb

Last updated on 2017-04-23 15:48:11.

Flavor Version Tinstall Tcheck Ttotal Status Flags
r-devel-linux-x86_64-debian-clang 0.0.1 0.63 10.77 11.40 NOTE
r-devel-linux-x86_64-debian-gcc 0.0.1 0.62 10.93 11.56 NOTE
r-devel-linux-x86_64-fedora-clang 0.0.1 17.14 NOTE --no-stop-on-test-error
r-devel-linux-x86_64-fedora-gcc 0.0.1 16.98 NOTE --no-stop-on-test-error
r-devel-windows-ix86+x86_64 0.0.1 2.00 25.00 27.00 NOTE
r-patched-linux-x86_64 0.0.1 0.60 10.71 11.31 NOTE
r-patched-solaris-sparc 0.0.1 105.40 NOTE
r-patched-solaris-x86 0.0.1 25.30 NOTE
r-release-linux-x86_64 0.0.1 0.58 10.65 11.24 NOTE
r-release-windows-ix86+x86_64 0.0.1 2.00 24.00 26.00 NOTE
r-release-osx-x86_64 0.0.1 NOTE
r-oldrel-windows-ix86+x86_64 0.0.1 2.00 24.00 26.00 NOTE
r-oldrel-osx-x86_64 0.0.1 NOTE

Check Details

Version: 0.0.1
Check: dependencies in R code
Result: NOTE
    'library' or 'require' call to ‘bitops’ which was already attached by Depends.
     Please remove these calls from your code.
Flavors: r-devel-linux-x86_64-debian-clang, r-devel-linux-x86_64-debian-gcc, r-devel-windows-ix86+x86_64, r-patched-linux-x86_64, r-patched-solaris-sparc, r-patched-solaris-x86, r-release-linux-x86_64, r-release-windows-ix86+x86_64, r-release-osx-x86_64, r-oldrel-windows-ix86+x86_64, r-oldrel-osx-x86_64

Version: 0.0.1
Flags: --no-stop-on-test-error
Check: dependencies in R code
Result: NOTE
    'library' or 'require' call to ‘bitops’ which was already attached by Depends.
     Please remove these calls from your code.
Flavors: r-devel-linux-x86_64-fedora-clang, r-devel-linux-x86_64-fedora-gcc