CRAN Package Check Results for Package cec2005benchmark

Last updated on 2018-07-23 06:46:31 CEST.

Flavor Version Tinstall Tcheck Ttotal Status Flags
r-devel-linux-x86_64-debian-clang 1.0.4 4.56 20.83 25.39 NOTE
r-devel-linux-x86_64-debian-gcc 1.0.4 3.48 17.86 21.34 NOTE
r-devel-linux-x86_64-fedora-clang 1.0.4 30.63 NOTE
r-devel-linux-x86_64-fedora-gcc 1.0.4 28.99 NOTE
r-devel-windows-ix86+x86_64 1.0.4 26.00 45.00 71.00 NOTE
r-patched-linux-x86_64 1.0.4 NOTE
r-patched-solaris-x86 1.0.4 54.30 NOTE
r-release-linux-x86_64 1.0.4 4.17 20.94 25.11 NOTE
r-release-windows-ix86+x86_64 1.0.4 26.00 45.00 71.00 NOTE
r-release-osx-x86_64 1.0.4 NOTE
r-oldrel-windows-ix86+x86_64 1.0.4 18.00 37.00 55.00 NOTE
r-oldrel-osx-x86_64 1.0.4 NOTE

Check Details

Version: 1.0.4
Check: compiled code
Result: NOTE
    File ‘cec2005benchmark/libs/cec2005benchmark.so’:
     Found no calls to: ‘R_registerRoutines’, ‘R_useDynamicSymbols’
    
    It is good practice to register native routines and to disable symbol
    search.
    
    See ‘Writing portable packages’ in the ‘Writing R Extensions’ manual.
Flavors: r-devel-linux-x86_64-debian-clang, r-devel-linux-x86_64-debian-gcc, r-devel-linux-x86_64-fedora-clang, r-devel-linux-x86_64-fedora-gcc, r-patched-linux-x86_64, r-release-linux-x86_64

Version: 1.0.4
Check: installed package size
Result: NOTE
     installed size is 6.2Mb
     sub-directories of 1Mb or more:
     extdata 5.8Mb
Flavors: r-devel-linux-x86_64-fedora-clang, r-devel-windows-ix86+x86_64, r-patched-solaris-x86, r-release-windows-ix86+x86_64, r-release-osx-x86_64, r-oldrel-windows-ix86+x86_64, r-oldrel-osx-x86_64