CRAN Package Check Results for Package cec2005benchmark

Last updated on 2017-10-18 10:46:43.

Flavor Version Tinstall Tcheck Ttotal Status Flags
r-devel-linux-x86_64-debian-clang 1.0.4 3.05 14.60 17.65 NOTE
r-devel-linux-x86_64-debian-gcc 1.0.4 3.35 15.42 18.77 NOTE
r-devel-linux-x86_64-fedora-clang 1.0.4 28.39 NOTE
r-devel-linux-x86_64-fedora-gcc 1.0.4 29.98 NOTE
r-devel-windows-ix86+x86_64 1.0.4 25.00 36.00 61.00 NOTE
r-patched-linux-x86_64 1.0.4 2.98 15.29 18.27 NOTE
r-patched-solaris-x86 1.0.4 45.10 NOTE
r-release-linux-x86_64 1.0.4 3.09 14.53 17.62 NOTE
r-release-windows-ix86+x86_64 1.0.4 18.00 37.00 55.00 NOTE
r-release-osx-x86_64 1.0.4 NOTE
r-oldrel-windows-ix86+x86_64 1.0.4 13.00 35.00 48.00 NOTE
r-oldrel-osx-x86_64 1.0.4 NOTE

Check Details

Version: 1.0.4
Check: compiled code
Result: NOTE
    File ‘cec2005benchmark/libs/cec2005benchmark.so’:
     Found no calls to: ‘R_registerRoutines’, ‘R_useDynamicSymbols’
    
    It is good practice to register native routines and to disable symbol
    search.
    
    See ‘Writing portable packages’ in the ‘Writing R Extensions’ manual.
Flavors: r-devel-linux-x86_64-debian-clang, r-devel-linux-x86_64-debian-gcc, r-devel-linux-x86_64-fedora-clang, r-devel-linux-x86_64-fedora-gcc, r-patched-linux-x86_64, r-release-linux-x86_64

Version: 1.0.4
Check: installed package size
Result: NOTE
     installed size is 6.1Mb
     sub-directories of 1Mb or more:
     extdata 5.8Mb
Flavors: r-devel-linux-x86_64-fedora-clang, r-devel-linux-x86_64-fedora-gcc, r-devel-windows-ix86+x86_64, r-patched-solaris-x86, r-release-windows-ix86+x86_64, r-release-osx-x86_64, r-oldrel-windows-ix86+x86_64, r-oldrel-osx-x86_64