CRAN Package Check Results for Package celestial

Last updated on 2017-03-31 01:48:52.

Flavor Version Tinstall Tcheck Ttotal Status Flags
r-devel-linux-x86_64-debian-clang 1.3 0.72 19.08 19.80 NOTE
r-devel-linux-x86_64-debian-gcc 1.3 0.99 18.22 19.21 NOTE
r-devel-linux-x86_64-fedora-clang 1.3 32.37 NOTE --no-stop-on-test-error
r-devel-linux-x86_64-fedora-gcc 1.3 30.87 NOTE --no-stop-on-test-error
r-devel-macos-x86_64-clang 1.3 26.84 NOTE --no-stop-on-test-error
r-devel-windows-ix86+x86_64 1.3 3.00 36.00 39.00 NOTE
r-patched-linux-x86_64 1.3 0.82 18.66 19.48 NOTE
r-patched-solaris-sparc 1.3 200.50 NOTE
r-patched-solaris-x86 1.3 40.90 NOTE
r-release-linux-x86_64 1.3 0.69 15.67 16.37 NOTE
r-release-osx-x86_64-mavericks 1.3 NOTE
r-release-windows-ix86+x86_64 1.3 4.00 68.00 72.00 NOTE
r-oldrel-windows-ix86+x86_64 1.3 6.00 64.00 70.00 OK

Check Details

Version: 1.3
Check: R code for possible problems
Result: NOTE
    .getcos: no visible global function definition for ‘data’
    cosdist : temp: no visible global function definition for ‘integrate’
    cosdistAngDist : temp: no visible global function definition for
     ‘integrate’
    cosdistAngSize : temp: no visible global function definition for
     ‘integrate’
    cosdistCoDist : temp: no visible global function definition for
     ‘integrate’
    cosdistCoDistTran : temp: no visible global function definition for
     ‘integrate’
    cosdistCoVol : temp: no visible global function definition for
     ‘integrate’
    cosdistDistMod : temp: no visible global function definition for
     ‘integrate’
    cosdistLumDist : temp: no visible global function definition for
     ‘integrate’
    cosdistRelError : temp: no visible global function definition for
     ‘integrate’
    cosdistTravelTime : temp: no visible global function definition for
     ‘integrate’
    cosdistUniAgeAtz : temp: no visible global function definition for
     ‘integrate’
    cosdistUniAgeNow : temp: no visible global function definition for
     ‘integrate’
    cosgrow : temp: no visible global function definition for ‘integrate’
    cosgrowFactor : temp: no visible global function definition for
     ‘integrate’
    cosmapfunc: no visible global function definition for ‘approxfun’
    Undefined global functions or variables:
     approxfun data integrate
    Consider adding
     importFrom("stats", "approxfun", "integrate")
     importFrom("utils", "data")
    to your NAMESPACE file.
Flavors: r-devel-linux-x86_64-debian-clang, r-devel-linux-x86_64-debian-gcc, r-devel-windows-ix86+x86_64, r-patched-linux-x86_64, r-patched-solaris-sparc, r-patched-solaris-x86, r-release-linux-x86_64, r-release-osx-x86_64-mavericks, r-release-windows-ix86+x86_64

Version: 1.3
Flags: --no-stop-on-test-error
Check: R code for possible problems
Result: NOTE
    .getcos: no visible global function definition for ‘data’
    cosdist : temp: no visible global function definition for ‘integrate’
    cosdistAngDist : temp: no visible global function definition for
     ‘integrate’
    cosdistAngSize : temp: no visible global function definition for
     ‘integrate’
    cosdistCoDist : temp: no visible global function definition for
     ‘integrate’
    cosdistCoDistTran : temp: no visible global function definition for
     ‘integrate’
    cosdistCoVol : temp: no visible global function definition for
     ‘integrate’
    cosdistDistMod : temp: no visible global function definition for
     ‘integrate’
    cosdistLumDist : temp: no visible global function definition for
     ‘integrate’
    cosdistRelError : temp: no visible global function definition for
     ‘integrate’
    cosdistTravelTime : temp: no visible global function definition for
     ‘integrate’
    cosdistUniAgeAtz : temp: no visible global function definition for
     ‘integrate’
    cosdistUniAgeNow : temp: no visible global function definition for
     ‘integrate’
    cosgrow : temp: no visible global function definition for ‘integrate’
    cosgrowFactor : temp: no visible global function definition for
     ‘integrate’
    cosmapfunc: no visible global function definition for ‘approxfun’
    Undefined global functions or variables:
     approxfun data integrate
    Consider adding
     importFrom("stats", "approxfun", "integrate")
     importFrom("utils", "data")
    to your NAMESPACE file.
Flavors: r-devel-linux-x86_64-fedora-clang, r-devel-linux-x86_64-fedora-gcc, r-devel-macos-x86_64-clang