CRAN Package Check Results for Package celestial

Last updated on 2016-09-27 10:47:25.

Flavor Version Tinstall Tcheck Ttotal Status Flags
r-devel-linux-x86_64-debian-clang 1.3 0.72 16.03 16.75 NOTE
r-devel-linux-x86_64-debian-gcc 1.3 0.72 16.99 17.70 NOTE
r-devel-linux-x86_64-fedora-clang 1.3 28.49 NOTE
r-devel-linux-x86_64-fedora-gcc 1.3 25.83 NOTE
r-devel-macos-x86_64-clang 1.3 24.20 NOTE
r-devel-windows-ix86+x86_64 1.3 5.00 43.00 48.00 NOTE
r-patched-linux-x86_64 1.3 0.66 16.06 16.72 NOTE
r-patched-solaris-sparc 1.3 178.80 NOTE
r-patched-solaris-x86 1.3 35.40 NOTE
r-release-linux-x86_64 1.3 0.78 16.53 17.31 NOTE
r-release-osx-x86_64-mavericks 1.3 NOTE
r-release-windows-ix86+x86_64 1.3 5.00 45.00 50.00 NOTE
r-oldrel-windows-ix86+x86_64 1.3 5.00 42.00 47.00 OK

Check Details

Version: 1.3
Check: R code for possible problems
Result: NOTE
    .getcos: no visible global function definition for ‘data’
    cosdist : temp: no visible global function definition for ‘integrate’
    cosdistAngDist : temp: no visible global function definition for
     ‘integrate’
    cosdistAngSize : temp: no visible global function definition for
     ‘integrate’
    cosdistCoDist : temp: no visible global function definition for
     ‘integrate’
    cosdistCoDistTran : temp: no visible global function definition for
     ‘integrate’
    cosdistCoVol : temp: no visible global function definition for
     ‘integrate’
    cosdistDistMod : temp: no visible global function definition for
     ‘integrate’
    cosdistLumDist : temp: no visible global function definition for
     ‘integrate’
    cosdistRelError : temp: no visible global function definition for
     ‘integrate’
    cosdistTravelTime : temp: no visible global function definition for
     ‘integrate’
    cosdistUniAgeAtz : temp: no visible global function definition for
     ‘integrate’
    cosdistUniAgeNow : temp: no visible global function definition for
     ‘integrate’
    cosgrow : temp: no visible global function definition for ‘integrate’
    cosgrowFactor : temp: no visible global function definition for
     ‘integrate’
    cosmapfunc: no visible global function definition for ‘approxfun’
    Undefined global functions or variables:
     approxfun data integrate
    Consider adding
     importFrom("stats", "approxfun", "integrate")
     importFrom("utils", "data")
    to your NAMESPACE file.
Flavors: r-devel-linux-x86_64-debian-clang, r-devel-linux-x86_64-debian-gcc, r-devel-linux-x86_64-fedora-clang, r-devel-linux-x86_64-fedora-gcc, r-devel-macos-x86_64-clang, r-devel-windows-ix86+x86_64, r-patched-linux-x86_64, r-patched-solaris-sparc, r-patched-solaris-x86, r-release-linux-x86_64, r-release-osx-x86_64-mavericks, r-release-windows-ix86+x86_64