CRAN Package Check Results for Package celestial

Last updated on 2016-08-26 23:48:46.

Flavor Version Tinstall Tcheck Ttotal Status Flags
r-devel-linux-x86_64-debian-clang 1.3 0.73 15.65 16.38 NOTE
r-devel-linux-x86_64-debian-gcc 1.3 0.98 21.32 22.30 NOTE
r-devel-linux-x86_64-fedora-clang 1.3 27.91 NOTE
r-devel-linux-x86_64-fedora-gcc 1.3 26.89 NOTE
r-devel-osx-x86_64-clang 1.3 24.31 NOTE
r-devel-windows-ix86+x86_64 1.3 3.00 32.00 35.00 NOTE
r-patched-linux-x86_64 1.3 0.70 15.31 16.01 NOTE
r-patched-solaris-sparc 1.3 178.80 NOTE
r-patched-solaris-x86 1.3 36.60 NOTE
r-release-linux-x86_64 1.3 1.05 17.08 18.13 NOTE
r-release-osx-x86_64-mavericks 1.3 NOTE
r-release-windows-ix86+x86_64 1.3 3.00 32.00 35.00 NOTE
r-oldrel-windows-ix86+x86_64 1.3 2.00 43.00 45.00 OK

Check Details

Version: 1.3
Check: R code for possible problems
Result: NOTE
    .getcos: no visible global function definition for ‘data’
    cosdist : temp: no visible global function definition for ‘integrate’
    cosdistAngDist : temp: no visible global function definition for
     ‘integrate’
    cosdistAngSize : temp: no visible global function definition for
     ‘integrate’
    cosdistCoDist : temp: no visible global function definition for
     ‘integrate’
    cosdistCoDistTran : temp: no visible global function definition for
     ‘integrate’
    cosdistCoVol : temp: no visible global function definition for
     ‘integrate’
    cosdistDistMod : temp: no visible global function definition for
     ‘integrate’
    cosdistLumDist : temp: no visible global function definition for
     ‘integrate’
    cosdistRelError : temp: no visible global function definition for
     ‘integrate’
    cosdistTravelTime : temp: no visible global function definition for
     ‘integrate’
    cosdistUniAgeAtz : temp: no visible global function definition for
     ‘integrate’
    cosdistUniAgeNow : temp: no visible global function definition for
     ‘integrate’
    cosgrow : temp: no visible global function definition for ‘integrate’
    cosgrowFactor : temp: no visible global function definition for
     ‘integrate’
    cosmapfunc: no visible global function definition for ‘approxfun’
    Undefined global functions or variables:
     approxfun data integrate
    Consider adding
     importFrom("stats", "approxfun", "integrate")
     importFrom("utils", "data")
    to your NAMESPACE file.
Flavors: r-devel-linux-x86_64-debian-clang, r-devel-linux-x86_64-debian-gcc, r-devel-linux-x86_64-fedora-clang, r-devel-linux-x86_64-fedora-gcc, r-devel-osx-x86_64-clang, r-devel-windows-ix86+x86_64, r-patched-linux-x86_64, r-patched-solaris-sparc, r-patched-solaris-x86, r-release-linux-x86_64, r-release-osx-x86_64-mavericks, r-release-windows-ix86+x86_64