CRAN Package Check Results for Package celestial

Last updated on 2015-07-07 03:47:32.

Flavor Version Tinstall Tcheck Ttotal Status Flags
r-devel-linux-x86_64-debian-clang 1.3 0.67 14.71 15.38 NOTE
r-devel-linux-x86_64-debian-gcc 1.3 0.70 14.42 15.12 NOTE
r-devel-linux-x86_64-fedora-clang 1.3 29.24 NOTE
r-devel-linux-x86_64-fedora-gcc 1.3 27.29 NOTE
r-devel-osx-x86_64-clang 1.3 27.36 OK
r-devel-windows-ix86+x86_64 1.3 5.00 26.00 31.00 NOTE
r-patched-linux-x86_64 1.3 0.69 15.25 15.94 OK
r-patched-solaris-sparc 1.3 210.00 OK
r-patched-solaris-x86 1.3 40.40 OK
r-release-linux-x86_64 1.3 0.92 15.21 16.13 OK
r-release-osx-x86_64-mavericks 1.3 OK
r-release-windows-ix86+x86_64 1.3 4.00 26.00 30.00 OK
r-oldrel-windows-ix86+x86_64 1.3 6.00 30.00 36.00 OK

Check Details

Version: 1.3
Check: R code for possible problems
Result: NOTE
    .getcos: Error while checking: invalid ‘envir’ argument
    cosdist : temp: no visible global function definition for ‘integrate’
    cosdistAngDist : temp: no visible global function definition for
     ‘integrate’
    cosdistAngSize : temp: no visible global function definition for
     ‘integrate’
    cosdistCoDist : temp: no visible global function definition for
     ‘integrate’
    cosdistCoDistTran : temp: no visible global function definition for
     ‘integrate’
    cosdistCoVol : temp: no visible global function definition for
     ‘integrate’
    cosdistDistMod : temp: no visible global function definition for
     ‘integrate’
    cosdistLumDist : temp: no visible global function definition for
     ‘integrate’
    cosdistRelError : temp: no visible global function definition for
     ‘integrate’
    cosdistTravelTime : temp: no visible global function definition for
     ‘integrate’
    cosdistUniAgeAtz : temp: no visible global function definition for
     ‘integrate’
    cosdistUniAgeNow : temp: no visible global function definition for
     ‘integrate’
    cosgrow : temp: no visible global function definition for ‘integrate’
    cosgrowFactor : temp: no visible global function definition for
     ‘integrate’
    cosmapfunc: no visible global function definition for ‘approxfun’
    Undefined global functions or variables:
     approxfun integrate
Flavors: r-devel-linux-x86_64-debian-clang, r-devel-linux-x86_64-debian-gcc, r-devel-linux-x86_64-fedora-clang, r-devel-linux-x86_64-fedora-gcc

Version: 1.3
Check: R code for possible problems
Result: NOTE
    .getcos: no visible global function definition for 'data'
    cosdist : temp: no visible global function definition for 'integrate'
    cosdistAngDist : temp: no visible global function definition for
     'integrate'
    cosdistAngSize : temp: no visible global function definition for
     'integrate'
    cosdistCoDist : temp: no visible global function definition for
     'integrate'
    cosdistCoDistTran : temp: no visible global function definition for
     'integrate'
    cosdistCoVol : temp: no visible global function definition for
     'integrate'
    cosdistDistMod : temp: no visible global function definition for
     'integrate'
    cosdistLumDist : temp: no visible global function definition for
     'integrate'
    cosdistRelError : temp: no visible global function definition for
     'integrate'
    cosdistTravelTime : temp: no visible global function definition for
     'integrate'
    cosdistUniAgeAtz : temp: no visible global function definition for
     'integrate'
    cosdistUniAgeNow : temp: no visible global function definition for
     'integrate'
    cosgrow : temp: no visible global function definition for 'integrate'
    cosgrowFactor : temp: no visible global function definition for
     'integrate'
    cosmapfunc: no visible global function definition for 'approxfun'
    Undefined global functions or variables:
     approxfun data integrate
Flavor: r-devel-windows-ix86+x86_64