CRAN Package Check Results for Package celestial

Last updated on 2017-07-25 03:49:16.

Flavor Version Tinstall Tcheck Ttotal Status Flags
r-devel-linux-x86_64-debian-clang 1.3 0.72 25.82 26.54 NOTE
r-devel-linux-x86_64-debian-gcc 1.3 0.80 25.56 26.36 NOTE
r-devel-linux-x86_64-fedora-clang 1.3 32.24 NOTE
r-devel-linux-x86_64-fedora-gcc 1.3 31.36 NOTE
r-devel-windows-ix86+x86_64 1.3 4.00 38.00 42.00 NOTE
r-patched-linux-x86_64 1.3 0.82 25.90 26.72 NOTE
r-patched-solaris-x86 1.3 43.20 NOTE
r-release-linux-x86_64 1.3 0.71 26.13 26.84 NOTE
r-release-windows-ix86+x86_64 1.3 3.00 54.00 57.00 NOTE
r-release-osx-x86_64 1.3 NOTE
r-oldrel-windows-ix86+x86_64 1.3 3.00 35.00 38.00 NOTE
r-oldrel-osx-x86_64 1.3 NOTE

Check Details

Version: 1.3
Check: R code for possible problems
Result: NOTE
    .getcos: no visible global function definition for ‘data’
    cosdist : temp: no visible global function definition for ‘integrate’
    cosdistAngDist : temp: no visible global function definition for
     ‘integrate’
    cosdistAngSize : temp: no visible global function definition for
     ‘integrate’
    cosdistCoDist : temp: no visible global function definition for
     ‘integrate’
    cosdistCoDistTran : temp: no visible global function definition for
     ‘integrate’
    cosdistCoVol : temp: no visible global function definition for
     ‘integrate’
    cosdistDistMod : temp: no visible global function definition for
     ‘integrate’
    cosdistLumDist : temp: no visible global function definition for
     ‘integrate’
    cosdistRelError : temp: no visible global function definition for
     ‘integrate’
    cosdistTravelTime : temp: no visible global function definition for
     ‘integrate’
    cosdistUniAgeAtz : temp: no visible global function definition for
     ‘integrate’
    cosdistUniAgeNow : temp: no visible global function definition for
     ‘integrate’
    cosgrow : temp: no visible global function definition for ‘integrate’
    cosgrowFactor : temp: no visible global function definition for
     ‘integrate’
    cosmapfunc: no visible global function definition for ‘approxfun’
    Undefined global functions or variables:
     approxfun data integrate
    Consider adding
     importFrom("stats", "approxfun", "integrate")
     importFrom("utils", "data")
    to your NAMESPACE file.
Flavors: r-devel-linux-x86_64-debian-clang, r-devel-linux-x86_64-debian-gcc, r-devel-linux-x86_64-fedora-clang, r-devel-linux-x86_64-fedora-gcc, r-devel-windows-ix86+x86_64, r-patched-linux-x86_64, r-patched-solaris-x86, r-release-linux-x86_64, r-release-windows-ix86+x86_64, r-release-osx-x86_64, r-oldrel-windows-ix86+x86_64, r-oldrel-osx-x86_64