CRAN Package Check Results for Package celestial

Last updated on 2015-08-02 19:47:17.

Flavor Version Tinstall Tcheck Ttotal Status Flags
r-devel-linux-x86_64-debian-clang 1.3 0.70 14.98 15.68 NOTE
r-devel-linux-x86_64-debian-gcc 1.3 0.97 15.16 16.14 NOTE
r-devel-linux-x86_64-fedora-clang 1.3 29.06 NOTE
r-devel-linux-x86_64-fedora-gcc 1.3 27.31 NOTE
r-devel-osx-x86_64-clang 1.3 28.32 OK
r-devel-windows-ix86+x86_64 1.3 3.00 25.00 28.00 NOTE
r-patched-linux-x86_64 1.3 1.04 15.20 16.24 OK
r-patched-solaris-sparc 1.3 191.00 OK
r-patched-solaris-x86 1.3 39.40 OK
r-release-linux-x86_64 1.3 1.03 15.15 16.18 OK
r-release-osx-x86_64-mavericks 1.3 OK
r-release-windows-ix86+x86_64 1.3 5.00 27.00 32.00 OK
r-oldrel-windows-ix86+x86_64 1.3 5.00 27.00 32.00 OK

Check Details

Version: 1.3
Check: R code for possible problems
Result: NOTE
    .getcos: no visible global function definition for ‘data’
    cosdist : temp: no visible global function definition for ‘integrate’
    cosdistAngDist : temp: no visible global function definition for
     ‘integrate’
    cosdistAngSize : temp: no visible global function definition for
     ‘integrate’
    cosdistCoDist : temp: no visible global function definition for
     ‘integrate’
    cosdistCoDistTran : temp: no visible global function definition for
     ‘integrate’
    cosdistCoVol : temp: no visible global function definition for
     ‘integrate’
    cosdistDistMod : temp: no visible global function definition for
     ‘integrate’
    cosdistLumDist : temp: no visible global function definition for
     ‘integrate’
    cosdistRelError : temp: no visible global function definition for
     ‘integrate’
    cosdistTravelTime : temp: no visible global function definition for
     ‘integrate’
    cosdistUniAgeAtz : temp: no visible global function definition for
     ‘integrate’
    cosdistUniAgeNow : temp: no visible global function definition for
     ‘integrate’
    cosgrow : temp: no visible global function definition for ‘integrate’
    cosgrowFactor : temp: no visible global function definition for
     ‘integrate’
    cosmapfunc: no visible global function definition for ‘approxfun’
    Undefined global functions or variables:
     approxfun data integrate
    Consider adding
     importFrom("stats", "approxfun", "integrate")
     importFrom("utils", "data")
    to your NAMESPACE.
Flavors: r-devel-linux-x86_64-debian-clang, r-devel-linux-x86_64-debian-gcc, r-devel-linux-x86_64-fedora-clang, r-devel-linux-x86_64-fedora-gcc, r-devel-windows-ix86+x86_64