CRAN Package Check Results for Package cellVolumeDist

Last updated on 2015-07-04 17:47:14.

Flavor Version Tinstall Tcheck Ttotal Status Flags
r-devel-linux-x86_64-debian-clang 1.3 0.68 11.98 12.66 NOTE
r-devel-linux-x86_64-debian-gcc 1.3 0.77 11.65 12.42 NOTE
r-devel-linux-x86_64-fedora-clang 1.3 23.61 NOTE
r-devel-linux-x86_64-fedora-gcc 1.3 22.20 NOTE
r-devel-osx-x86_64-clang 1.3 23.24 NOTE
r-devel-windows-ix86+x86_64 1.3 5.00 23.00 28.00 NOTE
r-patched-linux-x86_64 1.3 0.61 12.06 12.66 NOTE
r-patched-solaris-sparc 1.3 160.80 NOTE
r-patched-solaris-x86 1.3 35.40 NOTE
r-release-linux-x86_64 1.3 0.61 11.90 12.51 NOTE
r-release-osx-x86_64-mavericks 1.3 NOTE
r-release-windows-ix86+x86_64 1.3 5.00 24.00 29.00 NOTE
r-oldrel-windows-ix86+x86_64 1.3 6.00 46.00 52.00 NOTE

Check Details

Version: 1.3
Check: dependencies in R code
Result: NOTE
    Packages in Depends field not imported from:
     ‘gplots’ ‘minpack.lm’
     These packages need to be imported from (in the NAMESPACE file)
     for when this namespace is loaded but not attached.
Flavors: r-devel-linux-x86_64-debian-clang, r-devel-linux-x86_64-debian-gcc, r-devel-linux-x86_64-fedora-clang, r-devel-linux-x86_64-fedora-gcc, r-devel-osx-x86_64-clang, r-devel-windows-ix86+x86_64, r-patched-linux-x86_64, r-patched-solaris-sparc, r-patched-solaris-x86, r-release-linux-x86_64, r-release-osx-x86_64-mavericks, r-release-windows-ix86+x86_64, r-oldrel-windows-ix86+x86_64

Version: 1.3
Check: R code for possible problems
Result: NOTE
    erf: no visible global function definition for ‘pnorm’
    fitVolDist: no visible global function definition for ‘nls.lm’
    fitVolDist: no visible global function definition for ‘nls.lm.control’
    fitVolDist: no visible global function definition for ‘optim’
    fitVolDist: no visible global function definition for ‘relist’
    print.fitVolDist: no visible global function definition for ‘coef’
    print.fitVolDist: no visible global function definition for ‘deviance’
    print.fitVolDist: no visible global function definition for ‘pt’
    print.fitVolDist: no visible global function definition for
     ‘printCoefmat’
    resFunChiSq: no visible global function definition for ‘relist’
    volEq7: no visible global function definition for ‘integrate’
    Undefined global functions or variables:
     coef deviance integrate nls.lm nls.lm.control optim pnorm
     printCoefmat pt relist
Flavors: r-devel-linux-x86_64-debian-clang, r-devel-linux-x86_64-debian-gcc, r-devel-linux-x86_64-fedora-clang, r-devel-linux-x86_64-fedora-gcc, r-devel-windows-ix86+x86_64

Version: 1.3
Check: R code for possible problems
Result: NOTE
    fitVolDist: no visible global function definition for ‘nls.lm’
    fitVolDist: no visible global function definition for ‘nls.lm.control’
    Undefined global functions or variables:
     nls.lm nls.lm.control
Flavor: r-devel-osx-x86_64-clang

Version: 1.3
Check: R code for possible problems
Result: NOTE
    fitVolDist: no visible global function definition for ‘nls.lm’
    fitVolDist: no visible global function definition for ‘nls.lm.control’
Flavors: r-patched-linux-x86_64, r-patched-solaris-sparc, r-patched-solaris-x86, r-release-linux-x86_64, r-release-osx-x86_64-mavericks, r-release-windows-ix86+x86_64, r-oldrel-windows-ix86+x86_64