CRAN Package Check Results for Package cellVolumeDist

Last updated on 2014-07-22 19:47:48.

Flavor Version Tinstall Tcheck Ttotal Status Flags
r-devel-linux-x86_64-debian-clang 1.3 0.73 14.66 15.38 NOTE
r-devel-linux-x86_64-debian-gcc 1.3 0.88 14.67 15.56 NOTE
r-devel-linux-x86_64-fedora-clang 1.3 31.80 NOTE
r-devel-linux-x86_64-fedora-gcc 1.3 30.47 NOTE
r-devel-osx-x86_64-clang 1.3 31.65 NOTE
r-devel-windows-ix86+x86_64 1.3 3.00 30.00 33.00 NOTE
r-patched-linux-x86_64 1.3 0.72 15.00 15.72 NOTE
r-patched-solaris-sparc 1.3 180.00 NOTE
r-patched-solaris-x86 1.3 40.90 NOTE
r-release-linux-ix86 1.3 1.09 21.79 22.88 NOTE
r-release-linux-x86_64 1.3 0.74 15.64 16.38 NOTE
r-release-osx-x86_64-mavericks 1.3 NOTE
r-release-osx-x86_64-snowleopard 1.3 OK
r-release-windows-ix86+x86_64 1.3 4.00 27.00 31.00 NOTE
r-oldrel-windows-ix86+x86_64 1.3 5.00 32.00 37.00 NOTE

Check Details

Version: 1.3
Check: dependencies in R code
Result: NOTE
    Packages in Depends field not imported from:
     ‘gplots’ ‘minpack.lm’
     These packages need to be imported from (in the NAMESPACE file)
     for when this namespace is loaded but not attached.
    See the information on DESCRIPTION files in the chapter ‘Creating R
    packages’ of the ‘Writing R Extensions’ manual.
Flavors: r-devel-linux-x86_64-debian-clang, r-devel-linux-x86_64-debian-gcc, r-devel-linux-x86_64-fedora-clang, r-devel-linux-x86_64-fedora-gcc, r-devel-osx-x86_64-clang, r-devel-windows-ix86+x86_64, r-patched-linux-x86_64, r-patched-solaris-sparc, r-patched-solaris-x86, r-release-linux-ix86, r-release-linux-x86_64, r-release-osx-x86_64-mavericks, r-release-windows-ix86+x86_64, r-oldrel-windows-ix86+x86_64