CRAN Package Check Results for Package cellVolumeDist

Last updated on 2018-02-21 13:50:35 CET.

Flavor Version Tinstall Tcheck Ttotal Status Flags
r-devel-linux-x86_64-debian-clang 1.3 0.97 22.88 23.85 NOTE
r-devel-linux-x86_64-debian-gcc 1.3 0.96 17.91 18.87 NOTE
r-devel-linux-x86_64-fedora-clang 1.3 28.64 NOTE
r-devel-linux-x86_64-fedora-gcc 1.3 26.69 NOTE
r-devel-windows-ix86+x86_64 1.3 3.00 33.00 36.00 NOTE
r-patched-linux-x86_64 1.3 0.98 22.83 23.81 NOTE
r-patched-solaris-x86 1.3 37.50 NOTE
r-release-linux-x86_64 1.3 0.97 22.00 22.97 NOTE
r-release-windows-ix86+x86_64 1.3 3.00 45.00 48.00 NOTE
r-release-osx-x86_64 1.3 NOTE
r-oldrel-windows-ix86+x86_64 1.3 3.00 47.00 50.00 NOTE
r-oldrel-osx-x86_64 1.3 NOTE

Check Details

Version: 1.3
Check: dependencies in R code
Result: NOTE
    Packages in Depends field not imported from:
     ‘gplots’ ‘minpack.lm’
     These packages need to be imported from (in the NAMESPACE file)
     for when this namespace is loaded but not attached.
Flavors: r-devel-linux-x86_64-debian-clang, r-devel-linux-x86_64-debian-gcc, r-devel-linux-x86_64-fedora-clang, r-devel-linux-x86_64-fedora-gcc, r-devel-windows-ix86+x86_64, r-patched-linux-x86_64, r-patched-solaris-x86, r-release-linux-x86_64, r-release-windows-ix86+x86_64, r-release-osx-x86_64, r-oldrel-windows-ix86+x86_64, r-oldrel-osx-x86_64

Version: 1.3
Check: R code for possible problems
Result: NOTE
    erf: no visible global function definition for ‘pnorm’
    fitVolDist: no visible global function definition for ‘nls.lm’
    fitVolDist: no visible global function definition for ‘nls.lm.control’
    fitVolDist: no visible global function definition for ‘optim’
    fitVolDist: no visible global function definition for ‘relist’
    print.fitVolDist: no visible global function definition for ‘coef’
    print.fitVolDist: no visible global function definition for ‘deviance’
    print.fitVolDist: no visible global function definition for ‘pt’
    print.fitVolDist: no visible global function definition for
     ‘printCoefmat’
    resFunChiSq: no visible global function definition for ‘relist’
    volEq7: no visible global function definition for ‘integrate’
    Undefined global functions or variables:
     coef deviance integrate nls.lm nls.lm.control optim pnorm
     printCoefmat pt relist
    Consider adding
     importFrom("stats", "coef", "deviance", "integrate", "optim", "pnorm",
     "printCoefmat", "pt")
     importFrom("utils", "relist")
    to your NAMESPACE file.
Flavors: r-devel-linux-x86_64-debian-clang, r-devel-linux-x86_64-debian-gcc, r-devel-linux-x86_64-fedora-clang, r-devel-linux-x86_64-fedora-gcc, r-devel-windows-ix86+x86_64, r-patched-linux-x86_64, r-patched-solaris-x86, r-release-linux-x86_64, r-release-windows-ix86+x86_64, r-release-osx-x86_64, r-oldrel-windows-ix86+x86_64, r-oldrel-osx-x86_64