CRAN Package Check Results for Package cellVolumeDist

Last updated on 2015-01-29 10:48:06.

Flavor Version Tinstall Tcheck Ttotal Status Flags
r-devel-linux-x86_64-debian-clang 1.3 0.66 12.92 13.58 NOTE
r-devel-linux-x86_64-debian-gcc 1.3 0.66 12.76 13.43 NOTE
r-devel-linux-x86_64-fedora-clang 1.3 32.43 NOTE
r-devel-linux-x86_64-fedora-gcc 1.3 26.26 NOTE
r-devel-osx-x86_64-clang 1.3 32.05 NOTE
r-devel-windows-ix86+x86_64 1.3 4.00 22.00 26.00 NOTE
r-patched-linux-x86_64 1.3 0.81 15.22 16.02 NOTE
r-patched-solaris-sparc 1.3 183.60 NOTE
r-patched-solaris-x86 1.3 42.20 NOTE
r-release-linux-ix86 1.3 1.14 21.22 22.36 NOTE
r-release-linux-x86_64 1.3 1.02 15.32 16.34 NOTE
r-release-osx-x86_64-mavericks 1.3 NOTE
r-release-osx-x86_64-snowleopard 1.3 OK
r-release-windows-ix86+x86_64 1.3 5.00 29.00 34.00 NOTE
r-oldrel-windows-ix86+x86_64 1.3 4.00 51.00 55.00 NOTE

Check Details

Version: 1.3
Check: dependencies in R code
Result: NOTE
    Packages in Depends field not imported from:
     ‘gplots’ ‘minpack.lm’
     These packages need to be imported from (in the NAMESPACE file)
     for when this namespace is loaded but not attached.
Flavors: r-devel-linux-x86_64-debian-clang, r-devel-linux-x86_64-debian-gcc, r-devel-linux-x86_64-fedora-clang, r-devel-linux-x86_64-fedora-gcc, r-devel-osx-x86_64-clang, r-devel-windows-ix86+x86_64

Version: 1.3
Check: R code for possible problems
Result: NOTE
    fitVolDist: no visible global function definition for ‘nls.lm’
    fitVolDist: no visible global function definition for ‘nls.lm.control’
Flavors: r-devel-linux-x86_64-debian-clang, r-devel-linux-x86_64-debian-gcc, r-devel-linux-x86_64-fedora-clang, r-devel-linux-x86_64-fedora-gcc, r-devel-osx-x86_64-clang, r-devel-windows-ix86+x86_64, r-patched-linux-x86_64, r-patched-solaris-sparc, r-patched-solaris-x86, r-release-linux-ix86, r-release-linux-x86_64, r-release-osx-x86_64-mavericks, r-release-windows-ix86+x86_64

Version: 1.3
Check: dependencies in R code
Result: NOTE
    Packages in Depends field not imported from:
     ‘gplots’ ‘minpack.lm’
     These packages need to be imported from (in the NAMESPACE file)
     for when this namespace is loaded but not attached.
    See the information on DESCRIPTION files in the chapter ‘Creating R
    packages’ of the ‘Writing R Extensions’ manual.
Flavors: r-patched-linux-x86_64, r-patched-solaris-sparc, r-patched-solaris-x86, r-release-linux-ix86, r-release-linux-x86_64, r-release-osx-x86_64-mavericks, r-release-windows-ix86+x86_64, r-oldrel-windows-ix86+x86_64