CRAN Package Check Results for Package cellVolumeDist

Last updated on 2015-04-27 10:48:40.

Flavor Version Tinstall Tcheck Ttotal Status Flags
r-devel-linux-x86_64-debian-clang 1.3 0.63 12.74 13.37 NOTE
r-devel-linux-x86_64-debian-gcc 1.3 0.61 12.12 12.73 NOTE
r-devel-linux-x86_64-fedora-clang 1.3 25.60 NOTE
r-devel-linux-x86_64-fedora-gcc 1.3 24.14 NOTE
r-devel-osx-x86_64-clang 1.3 26.51 NOTE
r-devel-windows-ix86+x86_64 1.3 4.00 37.00 41.00 NOTE
r-patched-linux-x86_64 1.3 0.60 12.11 12.71 NOTE
r-patched-solaris-sparc 1.3 172.30 NOTE
r-patched-solaris-x86 1.3 35.50 NOTE
r-release-linux-x86_64 1.3 0.61 12.02 12.62 NOTE
r-release-osx-x86_64-mavericks 1.3 NOTE
r-release-osx-x86_64-snowleopard 1.3 NOTE
r-release-windows-ix86+x86_64 1.3 4.00 28.00 32.00 NOTE
r-oldrel-windows-ix86+x86_64 1.3 4.00 29.00 33.00 NOTE

Check Details

Version: 1.3
Check: dependencies in R code
Result: NOTE
    Packages in Depends field not imported from:
     ‘gplots’ ‘minpack.lm’
     These packages need to be imported from (in the NAMESPACE file)
     for when this namespace is loaded but not attached.
Flavors: r-devel-linux-x86_64-debian-clang, r-devel-linux-x86_64-debian-gcc, r-devel-linux-x86_64-fedora-clang, r-devel-linux-x86_64-fedora-gcc, r-devel-osx-x86_64-clang, r-devel-windows-ix86+x86_64, r-patched-solaris-sparc, r-patched-solaris-x86, r-release-osx-x86_64-mavericks, r-release-osx-x86_64-snowleopard, r-release-windows-ix86+x86_64, r-oldrel-windows-ix86+x86_64

Version: 1.3
Check: R code for possible problems
Result: NOTE
    fitVolDist: no visible global function definition for ‘nls.lm’
    fitVolDist: no visible global function definition for ‘nls.lm.control’
Flavors: r-devel-linux-x86_64-debian-clang, r-devel-linux-x86_64-debian-gcc, r-devel-linux-x86_64-fedora-clang, r-devel-linux-x86_64-fedora-gcc, r-devel-osx-x86_64-clang, r-devel-windows-ix86+x86_64, r-patched-solaris-sparc, r-patched-solaris-x86, r-release-osx-x86_64-mavericks, r-release-osx-x86_64-snowleopard, r-release-windows-ix86+x86_64, r-oldrel-windows-ix86+x86_64