CRAN Package Check Results for Package cellVolumeDist

Last updated on 2016-05-03 03:51:27.

Flavor Version Tinstall Tcheck Ttotal Status Flags
r-devel-linux-x86_64-debian-gcc 1.3 0.71 13.69 14.40 NOTE
r-devel-linux-x86_64-fedora-clang 1.3 24.01 NOTE
r-devel-linux-x86_64-fedora-gcc 1.3 22.43 NOTE
r-devel-osx-x86_64-clang 1.3 28.46 NOTE
r-devel-windows-ix86+x86_64 1.3 3.00 32.00 35.00 NOTE
r-patched-linux-x86_64 1.3 0.58 13.20 13.79 NOTE
r-patched-solaris-sparc 1.3 153.30 NOTE
r-patched-solaris-x86 1.3 34.50 NOTE
r-release-linux-x86_64 1.3 0.70 14.04 14.74 NOTE
r-release-osx-x86_64-mavericks 1.3 NOTE
r-release-windows-ix86+x86_64 1.3 2.00 39.00 41.00 NOTE
r-oldrel-windows-ix86+x86_64 1.3 7.00 37.00 44.00 NOTE

Check Details

Version: 1.3
Check: dependencies in R code
Result: NOTE
    Packages in Depends field not imported from:
     ‘gplots’ ‘minpack.lm’
     These packages need to be imported from (in the NAMESPACE file)
     for when this namespace is loaded but not attached.
Flavors: r-devel-linux-x86_64-debian-gcc, r-devel-linux-x86_64-fedora-clang, r-devel-linux-x86_64-fedora-gcc, r-devel-osx-x86_64-clang, r-devel-windows-ix86+x86_64, r-patched-linux-x86_64, r-patched-solaris-sparc, r-patched-solaris-x86, r-release-linux-x86_64, r-release-osx-x86_64-mavericks, r-release-windows-ix86+x86_64, r-oldrel-windows-ix86+x86_64

Version: 1.3
Check: R code for possible problems
Result: NOTE
    erf: no visible global function definition for ‘pnorm’
    fitVolDist: no visible global function definition for ‘nls.lm’
    fitVolDist: no visible global function definition for ‘nls.lm.control’
    fitVolDist: no visible global function definition for ‘optim’
    fitVolDist: no visible global function definition for ‘relist’
    print.fitVolDist: no visible global function definition for ‘coef’
    print.fitVolDist: no visible global function definition for ‘deviance’
    print.fitVolDist: no visible global function definition for ‘pt’
    print.fitVolDist: no visible global function definition for
     ‘printCoefmat’
    resFunChiSq: no visible global function definition for ‘relist’
    volEq7: no visible global function definition for ‘integrate’
    Undefined global functions or variables:
     coef deviance integrate nls.lm nls.lm.control optim pnorm
     printCoefmat pt relist
    Consider adding
     importFrom("stats", "coef", "deviance", "integrate", "optim", "pnorm",
     "printCoefmat", "pt")
     importFrom("utils", "relist")
    to your NAMESPACE file.
Flavors: r-devel-linux-x86_64-debian-gcc, r-devel-linux-x86_64-fedora-clang, r-devel-linux-x86_64-fedora-gcc, r-devel-osx-x86_64-clang, r-devel-windows-ix86+x86_64, r-patched-linux-x86_64, r-patched-solaris-sparc, r-patched-solaris-x86

Version: 1.3
Check: R code for possible problems
Result: NOTE
    fitVolDist: no visible global function definition for ‘nls.lm’
    fitVolDist: no visible global function definition for ‘nls.lm.control’
Flavors: r-release-linux-x86_64, r-release-osx-x86_64-mavericks, r-release-windows-ix86+x86_64, r-oldrel-windows-ix86+x86_64