CRAN Package Check Results for Package cellVolumeDist

Last updated on 2014-10-24 14:47:18.

Flavor Version Tinstall Tcheck Ttotal Status Flags
r-devel-linux-x86_64-debian-clang 1.3 0.77 16.02 16.78 NOTE
r-devel-linux-x86_64-debian-gcc 1.3 0.78 15.08 15.86 NOTE
r-devel-linux-x86_64-fedora-clang 1.3 32.14 NOTE
r-devel-linux-x86_64-fedora-gcc 1.3 33.02 NOTE
r-devel-osx-x86_64-clang 1.3 32.00 NOTE
r-devel-windows-ix86+x86_64 1.3 4.00 28.00 32.00 NOTE
r-patched-linux-x86_64 1.3 0.80 15.11 15.91 NOTE
r-patched-solaris-sparc 1.3 180.20 NOTE
r-patched-solaris-x86 1.3 41.70 NOTE
r-release-linux-ix86 1.3 1.10 22.09 23.19 NOTE
r-release-linux-x86_64 1.3 0.77 15.23 16.00 NOTE
r-release-osx-x86_64-mavericks 1.3 NOTE
r-release-osx-x86_64-snowleopard 1.3 OK
r-release-windows-ix86+x86_64 1.3 4.00 30.00 34.00 NOTE
r-oldrel-windows-ix86+x86_64 1.3 4.00 32.00 36.00 NOTE

Check Details

Version: 1.3
Check: dependencies in R code
Result: NOTE
    Packages in Depends field not imported from:
     ‘gplots’ ‘minpack.lm’
     These packages need to be imported from (in the NAMESPACE file)
     for when this namespace is loaded but not attached.
    See the information on DESCRIPTION files in the chapter ‘Creating R
    packages’ of the ‘Writing R Extensions’ manual.
Flavors: r-devel-linux-x86_64-debian-clang, r-devel-linux-x86_64-debian-gcc, r-devel-linux-x86_64-fedora-clang, r-devel-linux-x86_64-fedora-gcc, r-devel-osx-x86_64-clang, r-devel-windows-ix86+x86_64, r-patched-linux-x86_64, r-patched-solaris-sparc, r-patched-solaris-x86, r-release-linux-ix86, r-release-linux-x86_64, r-release-osx-x86_64-mavericks, r-release-windows-ix86+x86_64, r-oldrel-windows-ix86+x86_64

Version: 1.3
Check: R code for possible problems
Result: NOTE
    fitVolDist: no visible global function definition for ‘nls.lm’
    fitVolDist: no visible global function definition for ‘nls.lm.control’
Flavors: r-devel-linux-x86_64-debian-clang, r-devel-linux-x86_64-debian-gcc, r-devel-linux-x86_64-fedora-clang, r-devel-linux-x86_64-fedora-gcc, r-devel-osx-x86_64-clang, r-devel-windows-ix86+x86_64, r-patched-linux-x86_64, r-patched-solaris-sparc, r-patched-solaris-x86