CRAN Package Check Results for Package cellVolumeDist

Last updated on 2014-12-22 16:49:38.

Flavor Version Tinstall Tcheck Ttotal Status Flags
r-devel-linux-x86_64-debian-clang 1.3 0.78 14.95 15.72 NOTE
r-devel-linux-x86_64-debian-gcc 1.3 0.74 15.59 16.32 NOTE
r-devel-linux-x86_64-fedora-clang 1.3 32.61 NOTE
r-devel-linux-x86_64-fedora-gcc 1.3 30.96 NOTE
r-devel-osx-x86_64-clang 1.3 32.00 NOTE
r-devel-windows-ix86+x86_64 1.3 4.00 28.00 32.00 NOTE
r-patched-linux-x86_64 1.3 0.79 15.10 15.90 NOTE
r-patched-solaris-sparc 1.3 183.30 NOTE
r-patched-solaris-x86 1.3 43.50 NOTE
r-release-linux-ix86 1.3 1.12 20.94 22.06 NOTE
r-release-linux-x86_64 1.3 0.80 15.18 15.99 NOTE
r-release-osx-x86_64-mavericks 1.3 NOTE
r-release-osx-x86_64-snowleopard 1.3 OK
r-release-windows-ix86+x86_64 1.3 5.00 30.00 35.00 NOTE
r-oldrel-windows-ix86+x86_64 1.3 4.00 32.00 36.00 NOTE

Check Details

Version: 1.3
Check: dependencies in R code
Result: NOTE
    Packages in Depends field not imported from:
     ‘gplots’ ‘minpack.lm’
     These packages need to be imported from (in the NAMESPACE file)
     for when this namespace is loaded but not attached.
    See the information on DESCRIPTION files in the chapter ‘Creating R
    packages’ of the ‘Writing R Extensions’ manual.
Flavors: r-devel-linux-x86_64-debian-clang, r-devel-linux-x86_64-debian-gcc, r-devel-linux-x86_64-fedora-clang, r-devel-linux-x86_64-fedora-gcc, r-devel-osx-x86_64-clang, r-devel-windows-ix86+x86_64, r-patched-linux-x86_64, r-patched-solaris-sparc, r-patched-solaris-x86, r-release-linux-ix86, r-release-linux-x86_64, r-release-osx-x86_64-mavericks, r-release-windows-ix86+x86_64, r-oldrel-windows-ix86+x86_64

Version: 1.3
Check: R code for possible problems
Result: NOTE
    fitVolDist: no visible global function definition for ‘nls.lm’
    fitVolDist: no visible global function definition for ‘nls.lm.control’
Flavors: r-devel-linux-x86_64-debian-clang, r-devel-linux-x86_64-debian-gcc, r-devel-linux-x86_64-fedora-clang, r-devel-linux-x86_64-fedora-gcc, r-devel-osx-x86_64-clang, r-devel-windows-ix86+x86_64, r-patched-linux-x86_64, r-patched-solaris-sparc, r-patched-solaris-x86, r-release-linux-ix86, r-release-linux-x86_64, r-release-windows-ix86+x86_64