CRAN Package Check Results for Package cellWise

Last updated on 2019-11-19 15:48:43 CET.

Flavor Version Tinstall Tcheck Ttotal Status Flags
r-devel-linux-x86_64-debian-clang 2.1.0 94.85 240.48 335.33 OK
r-devel-linux-x86_64-debian-gcc 2.1.0 68.12 187.57 255.69 OK
r-devel-linux-x86_64-fedora-clang 2.1.0 442.63 NOTE
r-devel-linux-x86_64-fedora-gcc 2.1.0 432.42 OK
r-devel-windows-ix86+x86_64 2.1.0 238.00 252.00 490.00 NOTE
r-devel-windows-ix86+x86_64-gcc8 2.1.0 188.00 215.00 403.00 NOTE
r-patched-linux-x86_64 2.1.0 72.12 227.03 299.15 OK
r-patched-solaris-x86 2.1.0 407.30 NOTE
r-release-linux-x86_64 2.1.0 73.30 228.76 302.06 OK
r-release-windows-ix86+x86_64 2.1.0 186.00 275.00 461.00 NOTE
r-release-osx-x86_64 2.1.0 NOTE
r-oldrel-windows-ix86+x86_64 2.1.0 155.00 188.00 343.00 WARN
r-oldrel-osx-x86_64 2.1.0 NOTE

Check Details

Version: 2.1.0
Check: installed package size
Result: NOTE
     installed size is 11.5Mb
     sub-directories of 1Mb or more:
     data 3.2Mb
     doc 1.7Mb
     libs 6.3Mb
Flavors: r-devel-linux-x86_64-fedora-clang, r-devel-windows-ix86+x86_64, r-devel-windows-ix86+x86_64-gcc8, r-patched-solaris-x86, r-release-windows-ix86+x86_64, r-release-osx-x86_64, r-oldrel-windows-ix86+x86_64, r-oldrel-osx-x86_64

Version: 2.1.0
Check: whether package can be installed
Result: WARN
    Found the following significant warnings:
     Warning: S3 methods '[.fun_list', '[.grouped_df', 'all.equal.tbl_df', 'anti_join.data.frame', 'anti_join.tbl_df', 'arrange.data.frame', 'arrange.default', 'arrange.grouped_df', 'arrange.tbl_df', 'arrange_.data.frame', 'arrange_.tbl_df', 'as.data.frame.grouped_df', 'as.data.frame.rowwise_df', 'as.data.frame.tbl_cube', 'as.table.tbl_cube', 'as.tbl.data.frame', 'as.tbl.tbl', 'as.tbl_cube.array', 'as.tbl_cube.data.frame', 'as.tbl_cube.matrix', 'as.tbl_cube.table', 'as_tibble.grouped_df', 'as_tibble.tbl_cube', 'auto_copy.tbl_cube', 'auto_copy.tbl_df', 'cbind.grouped_df', 'collapse.data.frame', 'collect.data.frame', 'common_by.NULL', 'common_by.character', 'common_by.default', 'common_by.list', 'compute.data.frame', 'copy_to.DBIConnection', 'copy_to.src_local', 'default_missing.data.frame', 'default_missing.default', 'dim.tbl_cube', 'distinct.data.frame', 'distinct.default', 'distinct.grouped_df', 'distinct.tbl_df', 'distinct_.data.frame', 'distinct_.grouped_df', 'distinct_.tbl_df', 'do.NULL', 'do.da [... truncated]
Flavor: r-oldrel-windows-ix86+x86_64