CRAN Package Check Results for Package cellWise

Last updated on 2020-07-12 00:46:39 CEST.

Flavor Version Tinstall Tcheck Ttotal Status Flags
r-devel-linux-x86_64-debian-clang 2.1.1 103.78 187.40 291.18 OK
r-devel-linux-x86_64-debian-gcc 2.1.1 81.74 134.93 216.67 OK
r-devel-linux-x86_64-fedora-gcc 2.1.1 464.60 OK
r-devel-windows-ix86+x86_64 2.1.1 212.00 276.00 488.00 NOTE
r-patched-linux-x86_64 2.1.1 81.05 163.34 244.39 OK
r-patched-solaris-x86 2.1.1 419.80 NOTE
r-release-linux-x86_64 2.1.1 79.78 163.53 243.31 OK
r-release-macos-x86_64 2.1.1 NOTE
r-release-windows-ix86+x86_64 2.1.1 254.00 276.00 530.00 NOTE
r-oldrel-macos-x86_64 2.1.1 NOTE
r-oldrel-windows-ix86+x86_64 2.1.1 221.00 205.00 426.00 NOTE

Check Details

Version: 2.1.1
Check: installed package size
Result: NOTE
     installed size is 8.0Mb
     sub-directories of 1Mb or more:
     data 3.2Mb
     doc 1.7Mb
     libs 2.9Mb
Flavors: r-devel-windows-ix86+x86_64, r-patched-solaris-x86, r-release-macos-x86_64, r-release-windows-ix86+x86_64, r-oldrel-macos-x86_64, r-oldrel-windows-ix86+x86_64