Last updated on 2023-09-26 03:13:06 CEST.
Flavor | Version | Tinstall | Tcheck | Ttotal | Status | Flags |
---|---|---|---|---|---|---|
r-devel-linux-x86_64-debian-clang | 2.5.2 | 159.29 | 314.91 | 474.20 | OK | |
r-devel-linux-x86_64-debian-gcc | 2.5.2 | 109.34 | 229.81 | 339.15 | OK | |
r-devel-linux-x86_64-fedora-clang | 2.5.2 | 622.51 | NOTE | |||
r-devel-linux-x86_64-fedora-gcc | 2.5.2 | 629.48 | OK | |||
r-devel-windows-x86_64 | 2.5.2 | 119.00 | 287.00 | 406.00 | NOTE | |
r-patched-linux-x86_64 | 2.5.2 | 156.13 | 298.82 | 454.95 | OK | |
r-release-linux-x86_64 | 2.5.2 | 155.93 | 303.96 | 459.89 | OK | |
r-release-macos-arm64 | 2.5.2 | 167.00 | NOTE | |||
r-release-macos-x86_64 | 2.5.2 | 296.00 | NOTE | |||
r-release-windows-x86_64 | 2.5.2 | 156.00 | 339.00 | 495.00 | NOTE | |
r-oldrel-macos-arm64 | 2.5.2 | 175.00 | NOTE | |||
r-oldrel-macos-x86_64 | 2.5.2 | 225.00 | NOTE | |||
r-oldrel-windows-x86_64 | 2.5.2 | 141.00 | 335.00 | 476.00 | NOTE |
Version: 2.5.2
Check: installed package size
Result: NOTE
installed size is 6.8Mb
sub-directories of 1Mb or more:
data 3.2Mb
doc 2.2Mb
Flavors: r-devel-linux-x86_64-fedora-clang, r-devel-windows-x86_64, r-release-macos-arm64, r-release-macos-x86_64, r-release-windows-x86_64, r-oldrel-macos-arm64, r-oldrel-macos-x86_64, r-oldrel-windows-x86_64