CRAN Package Check Results for Package cellranger

Last updated on 2025-01-21 04:48:22 CET.

Flavor Version Tinstall Tcheck Ttotal Status Flags
r-devel-linux-x86_64-debian-clang 1.1.0 2.34 28.03 30.37 OK
r-devel-linux-x86_64-debian-gcc 1.1.0 1.82 21.33 23.15 OK
r-devel-linux-x86_64-fedora-clang 1.1.0 51.59 OK
r-devel-linux-x86_64-fedora-gcc 1.1.0 61.91 OK
r-devel-windows-x86_64 1.1.0 4.00 54.00 58.00 OK
r-patched-linux-x86_64 1.1.0 2.80 26.67 29.47 NOTE
r-release-linux-x86_64 1.1.0 2.35 26.82 29.17 NOTE
r-release-macos-arm64 1.1.0 25.00 NOTE
r-release-macos-x86_64 1.1.0 36.00 NOTE
r-release-windows-x86_64 1.1.0 4.00 54.00 58.00 NOTE
r-oldrel-macos-arm64 1.1.0 26.00 NOTE
r-oldrel-macos-x86_64 1.1.0 36.00 NOTE
r-oldrel-windows-x86_64 1.1.0 6.00 55.00 61.00 NOTE

Check Details

Version: 1.1.0
Check: LazyData
Result: NOTE 'LazyData' is specified without a 'data' directory Flavors: r-patched-linux-x86_64, r-release-linux-x86_64, r-release-macos-arm64, r-release-macos-x86_64, r-release-windows-x86_64, r-oldrel-macos-arm64, r-oldrel-macos-x86_64, r-oldrel-windows-x86_64